{"id":70000,"date":"2025-05-05T11:25:29","date_gmt":"2025-05-05T09:25:29","guid":{"rendered":"https:\/\/expoflamenco.com\/espacio\/?post_type=mec-events&#038;p=70000"},"modified":"2025-05-05T12:06:19","modified_gmt":"2025-05-05T10:06:19","slug":"presentacion-disco-santiago-lara","status":"publish","type":"mec-events","link":"https:\/\/expoflamenco.com\/espacio\/events\/presentacion-disco-santiago-lara\/","title":{"rendered":"Presentaci\u00f3n del disco \u2018Concierto N\u00ba1 para guitarra espa\u00f1ola y orquesta\u2019\u00a0del guitarrista\u00a0Santiago Lara"},"content":{"rendered":"\n<blockquote class=\"wp-block-quote is-layout-flow wp-block-quote-is-layout-flow\">\n<h2 class=\"wp-block-heading\">Martes 13 de mayo, a las 12.00 horas.-<\/h2>\n\n\n\n<p>Presentaci\u00f3n del disco \u2018<strong>Concierto N\u00ba1 para guitarra espa\u00f1ola y orquesta\u2019<\/strong>\u00a0del guitarrista\u00a0<strong>Santiago Lara<\/strong>. La obra, en cuyo estreno colabor\u00f3 expoflamenco, se configura como un puente entre la tradici\u00f3n flamenca y la m\u00fasica cl\u00e1sica donde la guitarra de Santiago dialoga con la orquesta de una forma in\u00e9dita.<\/p>\n<\/blockquote>\n\n\n\n<p><\/p>\n\n\n\n<p><\/p>\n","protected":false},"excerpt":{"rendered":"<p>Martes 13 de mayo, a las 12.00 horas.- Presentaci\u00f3n del disco \u2018Concierto N\u00ba1 para guitarra espa\u00f1ola y orquesta\u2019\u00a0del guitarrista\u00a0Santiago Lara. La obra, en cuyo estreno colabor\u00f3 expoflamenco, se configura como un puente entre la tradici\u00f3n flamenca y la m\u00fasica cl\u00e1sica donde la guitarra de Santiago dialoga con la orquesta de una forma in\u00e9dita.<\/p>\n","protected":false},"author":56,"featured_media":0,"comment_status":"open","ping_status":"closed","template":"","tags":[1026,525,7,2315,11,773,521,2542],"mec_category":[509,517],"class_list":["post-70000","mec-events","type-mec-events","status-publish","hentry","tag-disco","tag-encuentro","tag-expoflamenco","tag-festival-de-jerez-3","tag-jerez-de-la-frontera","tag-libro","tag-presencial","tag-santiago-lara-2","mec_category-encuentros","mec_category-presencial","pmpro-has-access"],"acf":[],"aioseo_notices":[],"_links":{"self":[{"href":"https:\/\/expoflamenco.com\/espacio\/wp-json\/wp\/v2\/mec-events\/70000","targetHints":{"allow":["GET"]}}],"collection":[{"href":"https:\/\/expoflamenco.com\/espacio\/wp-json\/wp\/v2\/mec-events"}],"about":[{"href":"https:\/\/expoflamenco.com\/espacio\/wp-json\/wp\/v2\/types\/mec-events"}],"author":[{"embeddable":true,"href":"https:\/\/expoflamenco.com\/espacio\/wp-json\/wp\/v2\/users\/56"}],"replies":[{"embeddable":true,"href":"https:\/\/expoflamenco.com\/espacio\/wp-json\/wp\/v2\/comments?post=70000"}],"wp:attachment":[{"href":"https:\/\/expoflamenco.com\/espacio\/wp-json\/wp\/v2\/media?parent=70000"}],"wp:term":[{"taxonomy":"post_tag","embeddable":true,"href":"https:\/\/expoflamenco.com\/espacio\/wp-json\/wp\/v2\/tags?post=70000"},{"taxonomy":"mec_category","embeddable":true,"href":"https:\/\/expoflamenco.com\/espacio\/wp-json\/wp\/v2\/mec_category?post=70000"}],"curies":[{"name":"wp","href":"https:\/\/api.w.org\/{rel}","templated":true}]}}

Presentación del disco ‘Concierto Nº1 para guitarra española y orquesta’ del guitarrista Santiago Lara

<blockquote class="wp-block-quote is-layout-flow wp-block-quote-is-layout-flow">
<h2 class="wp-block-heading">Martes 13 de mayo, a las 12.00 horas.-</h2>



<p>Presentación del disco ‘<strong>Concierto Nº1 para guitarra española y orquesta’</strong> del guitarrista <strong>Santiago Lara</strong>. La obra, en cuyo estreno colaboró expoflamenco, se configura como un puente entre la tradición flamenca y la música clásica donde la guitarra de Santiago dialoga con la orquesta de una forma inédita.</p>
</blockquote>



<p></p>



<p></p>

<p>Martes 13 de mayo, a las 12.00 horas.- Presentación del disco ‘Concierto Nº1 para guitarra española y orquesta’ del guitarrista Santiago Lara. La obra, en cuyo estreno colaboró expoflamenco, se configura como un puente entre la tradición flamenca y la música clásica donde la guitarra de Santiago dialoga con la orquesta de una forma inédita.</p>
