{"id":64279,"date":"2024-11-18T13:20:13","date_gmt":"2024-11-18T12:20:13","guid":{"rendered":"https:\/\/expoflamenco.com\/espacio\/?post_type=mec-events&#038;p=64279"},"modified":"2024-11-18T13:20:19","modified_gmt":"2024-11-18T12:20:19","slug":"conferencia-del-companero-faustino-nunez-con-el-titulo-antonio-gades-disciplina-y-libertad","status":"publish","type":"mec-events","link":"https:\/\/expoflamenco.com\/espacio\/events\/conferencia-del-companero-faustino-nunez-con-el-titulo-antonio-gades-disciplina-y-libertad\/","title":{"rendered":"Conferencia del compa\u00f1ero\u00a0Faustino N\u00fa\u00f1ez\u00a0con el t\u00edtulo Antonio Gades, disciplina y libertad"},"content":{"rendered":"\n<h2 class=\"wp-block-heading\"><strong>S\u00e1bado 23 de noviembre.- 12.30 horas.\u00a0<\/strong><\/h2>\n\n\n\n<p>Dedicada al Festival de Jerez. Conferencia del compa\u00f1ero<strong>\u00a0Faustino N\u00fa\u00f1ez<\/strong>\u00a0con el t\u00edtulo Antonio Gades, disciplina y libertad. Cuando se cumplen veinte a\u00f1os del fallecimiento del gran core\u00f3grafo y bailar\u00edn<strong>\u00a0Antonio Gades.<\/strong>\u00a0Recordemos que Faustino fue autor de la m\u00fasica de su \u00faltimo ballet, \u201cFuenteovejuna\u2019. Entrada libre y gratuita hasta completar aforo.<\/p>\n\n\n\n<p><\/p>\n","protected":false},"excerpt":{"rendered":"<p>Encuentro con la bailaora Mercedes Ruiz tras la gira por Estados Unidos con su espect\u00e1culo Dual en compa\u00f1\u00eda del guitarrista Santiago Lara.<\/p>\n","protected":false},"author":56,"featured_media":0,"comment_status":"open","ping_status":"closed","template":"","tags":[2221,1349,525,7,2220,11,521],"mec_category":[511,509,517],"class_list":["post-64279","mec-events","type-mec-events","status-publish","hentry","tag-antonio-gades-2","tag-conferencia","tag-encuentro","tag-expoflamenco","tag-faustino-nunez","tag-jerez-de-la-frontera","tag-presencial","mec_category-clases","mec_category-encuentros","mec_category-presencial","pmpro-has-access"],"acf":[],"aioseo_notices":[],"_links":{"self":[{"href":"https:\/\/expoflamenco.com\/espacio\/wp-json\/wp\/v2\/mec-events\/64279","targetHints":{"allow":["GET"]}}],"collection":[{"href":"https:\/\/expoflamenco.com\/espacio\/wp-json\/wp\/v2\/mec-events"}],"about":[{"href":"https:\/\/expoflamenco.com\/espacio\/wp-json\/wp\/v2\/types\/mec-events"}],"author":[{"embeddable":true,"href":"https:\/\/expoflamenco.com\/espacio\/wp-json\/wp\/v2\/users\/56"}],"replies":[{"embeddable":true,"href":"https:\/\/expoflamenco.com\/espacio\/wp-json\/wp\/v2\/comments?post=64279"}],"wp:attachment":[{"href":"https:\/\/expoflamenco.com\/espacio\/wp-json\/wp\/v2\/media?parent=64279"}],"wp:term":[{"taxonomy":"post_tag","embeddable":true,"href":"https:\/\/expoflamenco.com\/espacio\/wp-json\/wp\/v2\/tags?post=64279"},{"taxonomy":"mec_category","embeddable":true,"href":"https:\/\/expoflamenco.com\/espacio\/wp-json\/wp\/v2\/mec_category?post=64279"}],"curies":[{"name":"wp","href":"https:\/\/api.w.org\/{rel}","templated":true}]}}

Conferencia del compañero Faustino Núñez con el título Antonio Gades, disciplina y libertad

<h2 class="wp-block-heading"><strong>Sábado 23 de noviembre.- 12.30 horas. </strong></h2>



<p>Dedicada al Festival de Jerez. Conferencia del compañero<strong> Faustino Núñez</strong> con el título Antonio Gades, disciplina y libertad. Cuando se cumplen veinte años del fallecimiento del gran coreógrafo y bailarín<strong> Antonio Gades.</strong> Recordemos que Faustino fue autor de la música de su último ballet, “Fuenteovejuna’. Entrada libre y gratuita hasta completar aforo.</p>



<p></p>

<p>Encuentro con la bailaora Mercedes Ruiz tras la gira por Estados Unidos con su espectáculo Dual en compañía del guitarrista Santiago Lara.</p>
