{"version":"1.0","provider_name":"Archivo Expoflamenco","provider_url":"https:\/\/expoflamenco.com\/archivo","title":"El abuelo y el mairenismo (3) - Archivo Expoflamenco","type":"rich","width":600,"height":338,"html":"<blockquote class=\"wp-embedded-content\" data-secret=\"Py7p9ZF6n5\"><a href=\"https:\/\/expoflamenco.com\/archivo\/bordonazo\/el-abuelo-y-el-mairenismo-3\/\">El abuelo y el mairenismo (3)<\/a><\/blockquote><iframe sandbox=\"allow-scripts\" security=\"restricted\" src=\"https:\/\/expoflamenco.com\/archivo\/bordonazo\/el-abuelo-y-el-mairenismo-3\/embed\/#?secret=Py7p9ZF6n5\" width=\"600\" height=\"338\" title=\"\u00abEl abuelo y el mairenismo (3)\u00bb \u2014 Archivo Expoflamenco\" data-secret=\"Py7p9ZF6n5\" frameborder=\"0\" marginwidth=\"0\" marginheight=\"0\" scrolling=\"no\" class=\"wp-embedded-content\"><\/iframe><script type=\"text\/javascript\">\n\/* <![CDATA[ *\/\n\/*! This file is auto-generated *\/\n!function(d,l){\"use strict\";l.querySelector&&d.addEventListener&&\"undefined\"!=typeof URL&&(d.wp=d.wp||{},d.wp.receiveEmbedMessage||(d.wp.receiveEmbedMessage=function(e){var t=e.data;if((t||t.secret||t.message||t.value)&&!\/[^a-zA-Z0-9]\/.test(t.secret)){for(var s,r,n,a=l.querySelectorAll('iframe[data-secret=\"'+t.secret+'\"]'),o=l.querySelectorAll('blockquote[data-secret=\"'+t.secret+'\"]'),c=new RegExp(\"^https?:$\",\"i\"),i=0;i<o.length;i++)o[i].style.display=\"none\";for(i=0;i<a.length;i++)s=a[i],e.source===s.contentWindow&&(s.removeAttribute(\"style\"),\"height\"===t.message?(1e3<(r=parseInt(t.value,10))?r=1e3:~~r<200&&(r=200),s.height=r):\"link\"===t.message&&(r=new URL(s.getAttribute(\"src\")),n=new URL(t.value),c.test(n.protocol))&&n.host===r.host&&l.activeElement===s&&(d.top.location.href=t.value))}},d.addEventListener(\"message\",d.wp.receiveEmbedMessage,!1),l.addEventListener(\"DOMContentLoaded\",function(){for(var e,t,s=l.querySelectorAll(\"iframe.wp-embedded-content\"),r=0;r<s.length;r++)(t=(e=s[r]).getAttribute(\"data-secret\"))||(t=Math.random().toString(36).substring(2,12),e.src+=\"#?secret=\"+t,e.setAttribute(\"data-secret\",t)),e.contentWindow.postMessage({message:\"ready\",secret:t},\"*\")},!1)))}(window,document);\n\/\/# sourceURL=https:\/\/expoflamenco.com\/archivo\/wp-includes\/js\/wp-embed.min.js\n\/* ]]> *\/\n<\/script>\n","thumbnail_url":"https:\/\/expoflamenco.com\/archivo\/wp-content\/uploads\/2021\/08\/expoflamenco-antonio-mairena-rito.jpg","thumbnail_width":1300,"thumbnail_height":800,"description":"Abuelo, no te olvides de los tangos trianeros de Antonio, que ah\u00ed tambi\u00e9n fue un genio. Sin duda, Manolillo. Cuando llevas la raz\u00f3n no me importa hablar bien de Mairena, que ya sabes que me gusta. Otra cosa es el mairenismo, que en paz descanse."}

Abuelo, no te olvides de los tangos trianeros de Antonio, que ahí también fue un genio. Sin duda, Manolillo. Cuando llevas la razón no me importa hablar bien de Mairena, que ya sabes que me gusta. Otra cosa es el mairenismo, que en paz descanse.
