{"version":"1.0","provider_name":"Archivo Expoflamenco","provider_url":"https:\/\/expoflamenco.com\/archivo","title":"We Love Flamenco 2020, pasarela de moda flamenca - Archivo Expoflamenco","type":"rich","width":600,"height":338,"html":"<blockquote class=\"wp-embedded-content\" data-secret=\"QkLhAcVxUo\"><a href=\"https:\/\/expoflamenco.com\/archivo\/actualidad\/we-love-flamenco-2020-pasarela-de-moda-flamenca\/\">We Love Flamenco 2020, pasarela de moda flamenca<\/a><\/blockquote><iframe sandbox=\"allow-scripts\" security=\"restricted\" src=\"https:\/\/expoflamenco.com\/archivo\/actualidad\/we-love-flamenco-2020-pasarela-de-moda-flamenca\/embed\/#?secret=QkLhAcVxUo\" width=\"600\" height=\"338\" title=\"\u00abWe Love Flamenco 2020, pasarela de moda flamenca\u00bb \u2014 Archivo Expoflamenco\" data-secret=\"QkLhAcVxUo\" frameborder=\"0\" marginwidth=\"0\" marginheight=\"0\" scrolling=\"no\" class=\"wp-embedded-content\"><\/iframe><script type=\"text\/javascript\">\n\/* <![CDATA[ *\/\n\/*! This file is auto-generated *\/\n!function(d,l){\"use strict\";l.querySelector&&d.addEventListener&&\"undefined\"!=typeof URL&&(d.wp=d.wp||{},d.wp.receiveEmbedMessage||(d.wp.receiveEmbedMessage=function(e){var t=e.data;if((t||t.secret||t.message||t.value)&&!\/[^a-zA-Z0-9]\/.test(t.secret)){for(var s,r,n,a=l.querySelectorAll('iframe[data-secret=\"'+t.secret+'\"]'),o=l.querySelectorAll('blockquote[data-secret=\"'+t.secret+'\"]'),c=new RegExp(\"^https?:$\",\"i\"),i=0;i<o.length;i++)o[i].style.display=\"none\";for(i=0;i<a.length;i++)s=a[i],e.source===s.contentWindow&&(s.removeAttribute(\"style\"),\"height\"===t.message?(1e3<(r=parseInt(t.value,10))?r=1e3:~~r<200&&(r=200),s.height=r):\"link\"===t.message&&(r=new URL(s.getAttribute(\"src\")),n=new URL(t.value),c.test(n.protocol))&&n.host===r.host&&l.activeElement===s&&(d.top.location.href=t.value))}},d.addEventListener(\"message\",d.wp.receiveEmbedMessage,!1),l.addEventListener(\"DOMContentLoaded\",function(){for(var e,t,s=l.querySelectorAll(\"iframe.wp-embedded-content\"),r=0;r<s.length;r++)(t=(e=s[r]).getAttribute(\"data-secret\"))||(t=Math.random().toString(36).substring(2,12),e.src+=\"#?secret=\"+t,e.setAttribute(\"data-secret\",t)),e.contentWindow.postMessage({message:\"ready\",secret:t},\"*\")},!1)))}(window,document);\n\/\/# sourceURL=https:\/\/expoflamenco.com\/archivo\/wp-includes\/js\/wp-embed.min.js\n\/* ]]> *\/\n<\/script>\n","thumbnail_url":"https:\/\/expoflamenco.com\/archivo\/wp-content\/uploads\/2020\/01\/expoflamenco-we-love-flamenco-moda.jpg","thumbnail_width":1300,"thumbnail_height":800,"description":"La VIII edici\u00f3n de la pasarela de moda We Love Flamenco 2020 tiene lugar en el Sal\u00f3n Real del Hotel Alfonso XIII (Sevilla) del 14 al 19 de enero. Unos cuarenta desfiles ense\u00f1ar\u00e1n las tendencias m\u00e1s flamencas para el 2020."}

La VIII edición de la pasarela de moda We Love Flamenco 2020 tiene lugar en el Salón Real del Hotel Alfonso XIII (Sevilla) del 14 al 19 de enero. Unos cuarenta desfiles enseñarán las tendencias más flamencas para el 2020.
