{"id":83578,"date":"2026-09-04T11:15:22","date_gmt":"2026-09-04T09:15:22","guid":{"rendered":"https:\/\/expoflamenco.com\/agenda\/?post_type=mec-events&#038;p=83578"},"modified":"2026-09-04T11:15:22","modified_gmt":"2026-09-04T09:15:22","slug":"circuito-de-pena-2026-cordoba","status":"publish","type":"mec-events","link":"https:\/\/expoflamenco.com\/agenda\/eventos\/circuito-de-pena-2026-cordoba\/","title":{"rendered":"C\u00d3RDOBA, Circuito de Pe\u00f1a 2026"},"content":{"rendered":"<hr \/>\n<h3 style=\"text-align: center\">Noviembre 2026<\/h3>\n<hr \/>\n<p>&nbsp;<\/p>\n<h4 style=\"text-align: left\"><strong>El programa, que rinde homenaje a\u00a0Antonio Gonz\u00e1lez del Moral,\u00a0es el siguiente (sujeto a cambios):<\/strong><\/h4>\n<p style=\"text-align: left\">6 de noviembre, a las 21:00 horas. Pe\u00f1a Flamenca Calpurniana, en Ca\u00f1ete de las Torres. Actuaci\u00f3n del cantaor Moren\u00edn con la guitarra de Antonio Cont\u00ed\u00f1ez.<\/p>\n<p style=\"text-align: left\">\n<strong>7 de noviembre,<\/strong> a las 14:00 horas. Pe\u00f1a Flamenca La Buler\u00eda, en La Rambla. Actuaci\u00f3n del cantaor Isco Heredia con la guitarra de Julio Romero.<\/p>\n<p style=\"text-align: left\">\n<strong>7 de noviembre<\/strong>, a las 14:00 horas. Pe\u00f1a Flamenca Baenense, en Baena. Actuaci\u00f3n del cantaor Marcelo Sousa, con la guitarra de Antonio Centenera.<\/p>\n<p style=\"text-align: left\">\n<strong>7 de noviembre<\/strong>, a las 14:00 horas. Pe\u00f1a El Rinc\u00f3n Flamenco, en C\u00f3rdoba. Actuaci\u00f3n del cantaor El Calabr\u00e9s, con la guitarra de Javi Navarro.<\/p>\n<p style=\"text-align: left\">\n<strong>7 de noviembre,<\/strong> a las 21:00 horas. Pe\u00f1a Flamenca Joselito T\u00e9llez, en Fuente Palmera. Actuaci\u00f3n del guitarrista Alberto Lucena. Con el grupo flamenco \u201cIda y vuelta\u201d, junto a la percusi\u00f3n de Manuel Montilla.<\/p>\n<p style=\"text-align: left\">\n<strong>8 de noviembre,<\/strong> a las 13:30 horas. Pe\u00f1a Flamenca Espeje\u00f1a La Albuhera, en Espejo. Actuaci\u00f3n de la cantaora Esperanza Garrido, con la guitarra de Miguel \u00c1ngel Cort\u00e9s.<\/p>\n<p style=\"text-align: left\">\n<strong>8 de noviembre,<\/strong> a las 14:00 horas. Pe\u00f1a Flamenca de Do\u00f1a Menc\u00eda. Actuaci\u00f3n de la cantaora Laura Heredia, con el guitarrista Ni\u00f1o Selu.<\/p>\n<p style=\"text-align: left\">\n<strong>13 de noviembre<\/strong>, a las 21:00 horas. Pe\u00f1a Flamenca El Lucero, en Montilla. Actuaci\u00f3n del cantaor Juan Pinilla, con el guitarrista Antonio de La Luz.<\/p>\n<p style=\"text-align: left\">\n<strong>13 de noviembre,<\/strong> a las 22:00 horas. Pe\u00f1a Flamenca Fuente del Rey, en Priego de C\u00f3rdoba. Actuaci\u00f3n del cantaor El Jaro, con el guitarrista Ni\u00f1o Selu.<\/p>\n<p style=\"text-align: left\">\n<strong>14 de noviembre,<\/strong> a las 21:00 horas. Pe\u00f1a Flamenca La Pajarona, en Bujalance. Actuaci\u00f3n de la cantaora Roc\u00edo de Dios, con el guitarrista Rafael Ruz.<\/p>\n<p style=\"text-align: left\">\n<strong>14 de noviembre,<\/strong> a las 21:00 horas. Pe\u00f1a Flamenca Antonio Porras, en Montemayor. Actuaci\u00f3n del cantaor Ricardo Fern\u00e1ndez del Moral.<\/p>\n<p style=\"text-align: left\">\n<strong>14 de noviembre,<\/strong> a las 14:00 horas. Pe\u00f1a Flamenca Egabrense Cayetano Muriel \u201cNi\u00f1o de C\u00f3rdoba\u201d, en Cabra. Actuaci\u00f3n del cantaor El Califa, con el guitarrista Antonio Migueles.<\/p>\n<p style=\"text-align: left\">\n<strong>14 de noviembre,<\/strong> a las 14:00 horas. Pe\u00f1a Flamenca La Serrana, en Villaharta. Actuaci\u00f3n del cantaor Bernardo Miranda, con el guitarrista David Caro.<\/p>\n<p style=\"text-align: left\"><strong>14 de noviembre,<\/strong> a las 14:00 horas. Pe\u00f1a Flamenca de C\u00f3rdoba. Actuaci\u00f3n del cantaor Luis Heredia \u201cEl Polaco\u201d, con el guitarrista Antonio Centenera.<\/p>\n<p style=\"text-align: left\">\n<strong>14 de noviembre,<\/strong> a las 21:00 horas. Pe\u00f1a Flamenca Curro de Utrera, en La Guijarrosa. Actuaci\u00f3n de la cantaora Ana Jim\u00e9nez, con el guitarrista Juanjo Le\u00f3n.<\/p>\n<p style=\"text-align: left\">\n<strong>15 de noviembre<\/strong>, a las 13:00 horas. Pe\u00f1a Flamenca de El Carpio. Actuaci\u00f3n de la cantaora Anabel Castillo, con el guitarrista Javi Navarro.<\/p>\n<p style=\"text-align: left\">\n<strong>15 de noviembre,<\/strong> a las 14:00 horas. Pe\u00f1a Flamenca El Yunque, en La Carlota. Actuaci\u00f3n del cantaor Caracolillo de C\u00e1diz, con el guitarrista Manuel Jero.<\/p>\n<p style=\"text-align: left\">\n<strong>20 de noviembre<\/strong>, a las 22:00 horas. Pe\u00f1a Flamenca Diego Ayll\u00f3n, en Montoro. Actuaci\u00f3n de la cantaora Filo de los Patios, con el guitarrista Julio Romero.<\/p>\n<p style=\"text-align: left\">\n<strong>20 de noviembre<\/strong>, a las 21:00 horas. Pe\u00f1a Flamenca Agust\u00edn Fern\u00e1ndez, en Pozoblanco. Actuaci\u00f3n de la bailaora Lorena Doblas.<\/p>\n<p style=\"text-align: left\">\n<strong>20 de noviembre,<\/strong> a las 21:30 horas. Pe\u00f1a Flamenca La Sole\u00e1, en Palma del R\u00edo. Actuaci\u00f3n del guitarrista Antonio Conti\u00f1ez. Contar\u00e1 con el acompa\u00f1amiento al cante de Moren\u00edn.<\/p>\n<p style=\"text-align: left\">\n<strong>22 de noviembre<\/strong>, a las 14:00 horas. Pe\u00f1a Flamenca El Mirabr\u00e1s, en Fern\u00e1n N\u00fa\u00f1ez. Actuaci\u00f3n de la cantaora Mari \u00c1ngeles Fern\u00e1ndez, con el guitarrista Juan Moreno.<\/p>\n<p style=\"text-align: left\">\n<strong>27 de noviembre<\/strong>, a las 21:30 horas. Pe\u00f1a Flamenca Fosforito, en C\u00f3rdoba. Actuaci\u00f3n de la cantaora Gema Jim\u00e9nez, con el guitarrista Juanjo El Calao.<\/p>\n<p style=\"text-align: left\">\n<strong>27 de noviembre<\/strong>, a las 14;00 horas. Pe\u00f1a Flamenca La Tarumba, en Albend\u00edn. Actuaci\u00f3n del guitarrista Chaparro de M\u00e1laga. Contar\u00e1 con el acompa\u00f1amiento al cante de Jos\u00e9 del Chaparro.<\/p>\n<p style=\"text-align: left\">\n<strong>28 de noviembre<\/strong>, a las 21:00 horas. Pe\u00f1a Flamenca Curro Malena, en Aguilar de la Frontera. Actuaci\u00f3n de la cantaora Manuela Cordero, con el guitarrista Ni\u00f1o Seve.<\/p>\n<p style=\"text-align: left\">\n<strong>28 de noviembre,<\/strong> a las 14:00 horas. Pe\u00f1a Flamenca Los Lagares de Moriles, en Moriles. Actuaci\u00f3n de la cantaora Emi \u00c1lvarez, con el guitarrista Manolo Baena.<\/p>\n<p style=\"text-align: left\">\n<strong>28 de noviembre<\/strong>,\u00a0a las 22:00 horas. Pe\u00f1a Flamenca El Aljibe, en Carcabuey. Actaci\u00f3n del cantaor Rafa del Calli, con el guitarrista Luis Medina.<\/p>\n<p style=\"text-align: left\">\n<strong>28 de noviembre<\/strong>, a las 21:00 horas. Pe\u00f1a Flamenca Mina Aurora, en B\u00e9lmez. Actuaci\u00f3n del cantaor El Toto, con el guitarrista Juanjo Le\u00f3n.<\/p>\n<p style=\"text-align: left\">\n<strong>28 de noviembre<\/strong>, a las 14:00 horas. Pe\u00f1a Flamenca y Literaria Pe\u00f1arriblense, en Pe\u00f1arroya. Actuaci\u00f3n de la cantaora Cristina Pedrosa, con el guitarrista Alberto Lucena.<\/p>\n<p style=\"text-align: left\">\n<strong>A estas se suman otras dos, las que tendr\u00e1n lugar en la C\u00e1tedra de Flamencolog\u00eda de C\u00f3rdoba el d\u00eda\u00a021 de noviembre, a las 11:00 horas, en la\u00a0IV Gala\u00a0organizada con la Federaci\u00f3n cordobesa, con la presencia de Roc\u00edo Segura y Rafael Mesa \u201cEl Guerra\u201d.<\/strong><\/p>\n","protected":false},"excerpt":{"rendered":"<p>Noviembre 2026 &nbsp; El programa, que rinde homenaje a\u00a0Antonio Gonz\u00e1lez del Moral,\u00a0es el siguiente (sujeto a cambios): 6 de noviembre, a las 21:00 horas. Pe\u00f1a Flamenca Calpurniana, en Ca\u00f1ete de las Torres. Actuaci\u00f3n del cantaor Moren\u00edn con la guitarra de Antonio Cont\u00ed\u00f1ez. 7 de noviembre, a las 14:00 horas. Pe\u00f1a Flamenca La Buler\u00eda, en La [&hellip;]<\/p>\n","protected":false},"author":56,"featured_media":83564,"comment_status":"open","ping_status":"closed","template":"","tags":[2243,808,1213],"mec_category":[477,478,476,479,758],"mec_sponsor":[],"class_list":["post-83578","mec-events","type-mec-events","status-publish","has-post-thumbnail","hentry","tag-circuito","tag-cordoba","tag-penas","mec_category-baile","mec_category-cante","mec_category-concierto","mec_category-guitarra","mec_category-pena","pmpro-has-access"],"acf":[],"_links":{"self":[{"href":"https:\/\/expoflamenco.com\/agenda\/wp-json\/wp\/v2\/mec-events\/83578","targetHints":{"allow":["GET"]}}],"collection":[{"href":"https:\/\/expoflamenco.com\/agenda\/wp-json\/wp\/v2\/mec-events"}],"about":[{"href":"https:\/\/expoflamenco.com\/agenda\/wp-json\/wp\/v2\/types\/mec-events"}],"author":[{"embeddable":true,"href":"https:\/\/expoflamenco.com\/agenda\/wp-json\/wp\/v2\/users\/56"}],"replies":[{"embeddable":true,"href":"https:\/\/expoflamenco.com\/agenda\/wp-json\/wp\/v2\/comments?post=83578"}],"wp:featuredmedia":[{"embeddable":true,"href":"https:\/\/expoflamenco.com\/agenda\/wp-json\/wp\/v2\/media\/83564"}],"wp:attachment":[{"href":"https:\/\/expoflamenco.com\/agenda\/wp-json\/wp\/v2\/media?parent=83578"}],"wp:term":[{"taxonomy":"post_tag","embeddable":true,"href":"https:\/\/expoflamenco.com\/agenda\/wp-json\/wp\/v2\/tags?post=83578"},{"taxonomy":"mec_category","embeddable":true,"href":"https:\/\/expoflamenco.com\/agenda\/wp-json\/wp\/v2\/mec_category?post=83578"},{"taxonomy":"mec_sponsor","embeddable":true,"href":"https:\/\/expoflamenco.com\/agenda\/wp-json\/wp\/v2\/mec_sponsor?post=83578"}],"curies":[{"name":"wp","href":"https:\/\/api.w.org\/{rel}","templated":true}]}}

CÓRDOBA, Circuito de Peña 2026

<hr />
<h3 style="text-align: center">Noviembre 2026</h3>
<hr />
<p>&nbsp;</p>
<h4 style="text-align: left"><strong>El programa, que rinde homenaje a Antonio González del Moral, es el siguiente (sujeto a cambios):</strong></h4>
<p style="text-align: left">6 de noviembre, a las 21:00 horas. Peña Flamenca Calpurniana, en Cañete de las Torres. Actuación del cantaor Morenín con la guitarra de Antonio Contíñez.</p>
<p style="text-align: left">
<strong>7 de noviembre,</strong> a las 14:00 horas. Peña Flamenca La Bulería, en La Rambla. Actuación del cantaor Isco Heredia con la guitarra de Julio Romero.</p>
<p style="text-align: left">
<strong>7 de noviembre</strong>, a las 14:00 horas. Peña Flamenca Baenense, en Baena. Actuación del cantaor Marcelo Sousa, con la guitarra de Antonio Centenera.</p>
<p style="text-align: left">
<strong>7 de noviembre</strong>, a las 14:00 horas. Peña El Rincón Flamenco, en Córdoba. Actuación del cantaor El Calabrés, con la guitarra de Javi Navarro.</p>
<p style="text-align: left">
<strong>7 de noviembre,</strong> a las 21:00 horas. Peña Flamenca Joselito Téllez, en Fuente Palmera. Actuación del guitarrista Alberto Lucena. Con el grupo flamenco “Ida y vuelta”, junto a la percusión de Manuel Montilla.</p>
<p style="text-align: left">
<strong>8 de noviembre,</strong> a las 13:30 horas. Peña Flamenca Espejeña La Albuhera, en Espejo. Actuación de la cantaora Esperanza Garrido, con la guitarra de Miguel Ángel Cortés.</p>
<p style="text-align: left">
<strong>8 de noviembre,</strong> a las 14:00 horas. Peña Flamenca de Doña Mencía. Actuación de la cantaora Laura Heredia, con el guitarrista Niño Selu.</p>
<p style="text-align: left">
<strong>13 de noviembre</strong>, a las 21:00 horas. Peña Flamenca El Lucero, en Montilla. Actuación del cantaor Juan Pinilla, con el guitarrista Antonio de La Luz.</p>
<p style="text-align: left">
<strong>13 de noviembre,</strong> a las 22:00 horas. Peña Flamenca Fuente del Rey, en Priego de Córdoba. Actuación del cantaor El Jaro, con el guitarrista Niño Selu.</p>
<p style="text-align: left">
<strong>14 de noviembre,</strong> a las 21:00 horas. Peña Flamenca La Pajarona, en Bujalance. Actuación de la cantaora Rocío de Dios, con el guitarrista Rafael Ruz.</p>
<p style="text-align: left">
<strong>14 de noviembre,</strong> a las 21:00 horas. Peña Flamenca Antonio Porras, en Montemayor. Actuación del cantaor Ricardo Fernández del Moral.</p>
<p style="text-align: left">
<strong>14 de noviembre,</strong> a las 14:00 horas. Peña Flamenca Egabrense Cayetano Muriel “Niño de Córdoba”, en Cabra. Actuación del cantaor El Califa, con el guitarrista Antonio Migueles.</p>
<p style="text-align: left">
<strong>14 de noviembre,</strong> a las 14:00 horas. Peña Flamenca La Serrana, en Villaharta. Actuación del cantaor Bernardo Miranda, con el guitarrista David Caro.</p>
<p style="text-align: left"><strong>14 de noviembre,</strong> a las 14:00 horas. Peña Flamenca de Córdoba. Actuación del cantaor Luis Heredia “El Polaco”, con el guitarrista Antonio Centenera.</p>
<p style="text-align: left">
<strong>14 de noviembre,</strong> a las 21:00 horas. Peña Flamenca Curro de Utrera, en La Guijarrosa. Actuación de la cantaora Ana Jiménez, con el guitarrista Juanjo León.</p>
<p style="text-align: left">
<strong>15 de noviembre</strong>, a las 13:00 horas. Peña Flamenca de El Carpio. Actuación de la cantaora Anabel Castillo, con el guitarrista Javi Navarro.</p>
<p style="text-align: left">
<strong>15 de noviembre,</strong> a las 14:00 horas. Peña Flamenca El Yunque, en La Carlota. Actuación del cantaor Caracolillo de Cádiz, con el guitarrista Manuel Jero.</p>
<p style="text-align: left">
<strong>20 de noviembre</strong>, a las 22:00 horas. Peña Flamenca Diego Ayllón, en Montoro. Actuación de la cantaora Filo de los Patios, con el guitarrista Julio Romero.</p>
<p style="text-align: left">
<strong>20 de noviembre</strong>, a las 21:00 horas. Peña Flamenca Agustín Fernández, en Pozoblanco. Actuación de la bailaora Lorena Doblas.</p>
<p style="text-align: left">
<strong>20 de noviembre,</strong> a las 21:30 horas. Peña Flamenca La Soleá, en Palma del Río. Actuación del guitarrista Antonio Contiñez. Contará con el acompañamiento al cante de Morenín.</p>
<p style="text-align: left">
<strong>22 de noviembre</strong>, a las 14:00 horas. Peña Flamenca El Mirabrás, en Fernán Núñez. Actuación de la cantaora Mari Ángeles Fernández, con el guitarrista Juan Moreno.</p>
<p style="text-align: left">
<strong>27 de noviembre</strong>, a las 21:30 horas. Peña Flamenca Fosforito, en Córdoba. Actuación de la cantaora Gema Jiménez, con el guitarrista Juanjo El Calao.</p>
<p style="text-align: left">
<strong>27 de noviembre</strong>, a las 14;00 horas. Peña Flamenca La Tarumba, en Albendín. Actuación del guitarrista Chaparro de Málaga. Contará con el acompañamiento al cante de José del Chaparro.</p>
<p style="text-align: left">
<strong>28 de noviembre</strong>, a las 21:00 horas. Peña Flamenca Curro Malena, en Aguilar de la Frontera. Actuación de la cantaora Manuela Cordero, con el guitarrista Niño Seve.</p>
<p style="text-align: left">
<strong>28 de noviembre,</strong> a las 14:00 horas. Peña Flamenca Los Lagares de Moriles, en Moriles. Actuación de la cantaora Emi Álvarez, con el guitarrista Manolo Baena.</p>
<p style="text-align: left">
<strong>28 de noviembre</strong>, a las 22:00 horas. Peña Flamenca El Aljibe, en Carcabuey. Actación del cantaor Rafa del Calli, con el guitarrista Luis Medina.</p>
<p style="text-align: left">
<strong>28 de noviembre</strong>, a las 21:00 horas. Peña Flamenca Mina Aurora, en Bélmez. Actuación del cantaor El Toto, con el guitarrista Juanjo León.</p>
<p style="text-align: left">
<strong>28 de noviembre</strong>, a las 14:00 horas. Peña Flamenca y Literaria Peñarriblense, en Peñarroya. Actuación de la cantaora Cristina Pedrosa, con el guitarrista Alberto Lucena.</p>
<p style="text-align: left">
<strong>A estas se suman otras dos, las que tendrán lugar en la Cátedra de Flamencología de Córdoba el día 21 de noviembre, a las 11:00 horas, en la IV Gala organizada con la Federación cordobesa, con la presencia de Rocío Segura y Rafael Mesa “El Guerra”.</strong></p>

<p>Noviembre 2026 &nbsp; El programa, que rinde homenaje a Antonio González del Moral, es el siguiente (sujeto a cambios): 6 de noviembre, a las 21:00 horas. Peña Flamenca Calpurniana, en Cañete de las Torres. Actuación del cantaor Morenín con la guitarra de Antonio Contíñez. 7 de noviembre, a las 14:00 horas. Peña Flamenca La Bulería, en La [&hellip;]</p>
