{"id":83526,"date":"2026-08-31T13:07:36","date_gmt":"2026-08-31T11:07:36","guid":{"rendered":"https:\/\/expoflamenco.com\/agenda\/?post_type=mec-events&#038;p=83526"},"modified":"2026-08-31T13:08:23","modified_gmt":"2026-08-31T11:08:23","slug":"nascencia-ballet-espanol-de-madrid","status":"publish","type":"mec-events","link":"https:\/\/expoflamenco.com\/agenda\/eventos\/nascencia-ballet-espanol-de-madrid\/","title":{"rendered":"Nascencia &#8211; Ballet Espa\u00f1ol de Madrid"},"content":{"rendered":"<hr \/>\n<h3 style=\"text-align: center\">3 de septiembre. 20:00h<br \/>\nTeatro Auditorio San Lorenzo de El Escorial<\/h3>\n<hr \/>\n<p style=\"text-align: left\"><strong>Ficha art\u00edstica<\/strong><\/p>\n<p style=\"text-align: left\">Compa\u00f1\u00eda:\u00a0Ballet Espa\u00f1ol de la Comunidad de Madrid<br \/>\nDirecci\u00f3n art\u00edstica:\u00a0M\u00f3nica Fern\u00e1ndez<br \/>\nCoreograf\u00eda:\u00a0M\u00f3nica Fern\u00e1ndez, coreograf\u00edas cedidas por Rub\u00e9n Olmo<br \/>\nAyudante de coreograf\u00eda:\u00a0Mariano Bernal<br \/>\nMaestra especialista:\u00a0Cristina G\u00f3mez<br \/>\nDirecci\u00f3n musical:\u00a0Lucky Losada<br \/>\nM\u00fasica:\u00a0Agust\u00edn Diassera, Jes\u00fas Calluela, Padre Soler, Lucky Losada, Vaqui Losada, Iv\u00e1n Losada y David Cerreduela<br \/>\nAdaptaci\u00f3n musical sonata:\u00a0Lucky Losada, Bato Hangonyi<br \/>\nDirecci\u00f3n esc\u00e9nica:\u00a0M\u00f3nica Fern\u00e1ndez y Ra\u00fal Alonso<br \/>\nDise\u00f1o de iluminaci\u00f3n:\u00a0Pedro Yag\u00fce<br \/>\nDise\u00f1o de vestuario:\u00a0M\u00f3nica Fern\u00e1ndez y Jasanzo<br \/>\nFigurines:\u00a0Jasanzo<br \/>\nDise\u00f1o de im\u00e1genes:\u00a0Manel Pujol Balada<\/p>\n<p style=\"text-align: left\"><strong>Escena Escorial<\/strong><br \/>\n<strong>Fecha:\u00a03 de septiembre de 2026<\/strong><br \/>\n<strong>Lugar:\u00a0Teatro Auditorio San Lorenzo de El Escorial<\/strong><br \/>\n<strong>Duraci\u00f3n:\u00a065 minutos<\/strong><\/p>\n<p style=\"text-align: left\">\n<p><img decoding=\"async\" class=\"size-full wp-image-83531 alignleft\" src=\"https:\/\/expoflamenco.com\/agenda\/wp-content\/uploads\/sites\/22\/2026\/08\/ballet-flamenco-de-c-madrid-nascencia.webp\" alt=\"\" width=\"510\" height=\"733\" srcset=\"https:\/\/expoflamenco.com\/agenda\/wp-content\/uploads\/sites\/22\/2026\/08\/ballet-flamenco-de-c-madrid-nascencia.webp 510w, https:\/\/expoflamenco.com\/agenda\/wp-content\/uploads\/sites\/22\/2026\/08\/ballet-flamenco-de-c-madrid-nascencia-264x380.webp 264w, https:\/\/expoflamenco.com\/agenda\/wp-content\/uploads\/sites\/22\/2026\/08\/ballet-flamenco-de-c-madrid-nascencia-397x570.webp 397w\" sizes=\"(max-width: 510px) 100vw, 510px\" \/> <img decoding=\"async\" class=\"size-full wp-image-83529 alignleft\" src=\"https:\/\/expoflamenco.com\/agenda\/wp-content\/uploads\/sites\/22\/2026\/08\/ballet-flamenco-de-c-madrid-01.webp\" alt=\"\" width=\"1140\" height=\"760\" srcset=\"https:\/\/expoflamenco.com\/agenda\/wp-content\/uploads\/sites\/22\/2026\/08\/ballet-flamenco-de-c-madrid-01.webp 1140w, https:\/\/expoflamenco.com\/agenda\/wp-content\/uploads\/sites\/22\/2026\/08\/ballet-flamenco-de-c-madrid-01-570x380.webp 570w, https:\/\/expoflamenco.com\/agenda\/wp-content\/uploads\/sites\/22\/2026\/08\/ballet-flamenco-de-c-madrid-01-855x570.webp 855w, https:\/\/expoflamenco.com\/agenda\/wp-content\/uploads\/sites\/22\/2026\/08\/ballet-flamenco-de-c-madrid-01-768x512.webp 768w, https:\/\/expoflamenco.com\/agenda\/wp-content\/uploads\/sites\/22\/2026\/08\/ballet-flamenco-de-c-madrid-01-391x260.webp 391w, https:\/\/expoflamenco.com\/agenda\/wp-content\/uploads\/sites\/22\/2026\/08\/ballet-flamenco-de-c-madrid-01-750x500.webp 750w\" sizes=\"(max-width: 1140px) 100vw, 1140px\" \/><\/p>\n","protected":false},"excerpt":{"rendered":"<p>3 de septiembre. 20:00h Teatro Auditorio San Lorenzo de El Escorial Ficha art\u00edstica Compa\u00f1\u00eda:\u00a0Ballet Espa\u00f1ol de la Comunidad de Madrid Direcci\u00f3n art\u00edstica:\u00a0M\u00f3nica Fern\u00e1ndez Coreograf\u00eda:\u00a0M\u00f3nica Fern\u00e1ndez, coreograf\u00edas cedidas por Rub\u00e9n Olmo Ayudante de coreograf\u00eda:\u00a0Mariano Bernal Maestra especialista:\u00a0Cristina G\u00f3mez Direcci\u00f3n musical:\u00a0Lucky Losada M\u00fasica:\u00a0Agust\u00edn Diassera, Jes\u00fas Calluela, Padre Soler, Lucky Losada, Vaqui Losada, Iv\u00e1n Losada y David Cerreduela [&hellip;]<\/p>\n","protected":false},"author":56,"featured_media":83532,"comment_status":"open","ping_status":"closed","template":"","tags":[1845,541],"mec_category":[477,475],"mec_sponsor":[],"class_list":["post-83526","mec-events","type-mec-events","status-publish","has-post-thumbnail","hentry","tag-ballet-flamenco-de-madrid","tag-el-escorial","mec_category-baile","mec_category-espectaculo","pmpro-has-access"],"acf":[],"_links":{"self":[{"href":"https:\/\/expoflamenco.com\/agenda\/wp-json\/wp\/v2\/mec-events\/83526","targetHints":{"allow":["GET"]}}],"collection":[{"href":"https:\/\/expoflamenco.com\/agenda\/wp-json\/wp\/v2\/mec-events"}],"about":[{"href":"https:\/\/expoflamenco.com\/agenda\/wp-json\/wp\/v2\/types\/mec-events"}],"author":[{"embeddable":true,"href":"https:\/\/expoflamenco.com\/agenda\/wp-json\/wp\/v2\/users\/56"}],"replies":[{"embeddable":true,"href":"https:\/\/expoflamenco.com\/agenda\/wp-json\/wp\/v2\/comments?post=83526"}],"wp:featuredmedia":[{"embeddable":true,"href":"https:\/\/expoflamenco.com\/agenda\/wp-json\/wp\/v2\/media\/83532"}],"wp:attachment":[{"href":"https:\/\/expoflamenco.com\/agenda\/wp-json\/wp\/v2\/media?parent=83526"}],"wp:term":[{"taxonomy":"post_tag","embeddable":true,"href":"https:\/\/expoflamenco.com\/agenda\/wp-json\/wp\/v2\/tags?post=83526"},{"taxonomy":"mec_category","embeddable":true,"href":"https:\/\/expoflamenco.com\/agenda\/wp-json\/wp\/v2\/mec_category?post=83526"},{"taxonomy":"mec_sponsor","embeddable":true,"href":"https:\/\/expoflamenco.com\/agenda\/wp-json\/wp\/v2\/mec_sponsor?post=83526"}],"curies":[{"name":"wp","href":"https:\/\/api.w.org\/{rel}","templated":true}]}}

Nascencia &#8211; Ballet Español de Madrid

<hr />
<h3 style="text-align: center">3 de septiembre. 20:00h<br />
Teatro Auditorio San Lorenzo de El Escorial</h3>
<hr />
<p style="text-align: left"><strong>Ficha artística</strong></p>
<p style="text-align: left">Compañía: Ballet Español de la Comunidad de Madrid<br />
Dirección artística: Mónica Fernández<br />
Coreografía: Mónica Fernández, coreografías cedidas por Rubén Olmo<br />
Ayudante de coreografía: Mariano Bernal<br />
Maestra especialista: Cristina Gómez<br />
Dirección musical: Lucky Losada<br />
Música: Agustín Diassera, Jesús Calluela, Padre Soler, Lucky Losada, Vaqui Losada, Iván Losada y David Cerreduela<br />
Adaptación musical sonata: Lucky Losada, Bato Hangonyi<br />
Dirección escénica: Mónica Fernández y Raúl Alonso<br />
Diseño de iluminación: Pedro Yagüe<br />
Diseño de vestuario: Mónica Fernández y Jasanzo<br />
Figurines: Jasanzo<br />
Diseño de imágenes: Manel Pujol Balada</p>
<p style="text-align: left"><strong>Escena Escorial</strong><br />
<strong>Fecha: 3 de septiembre de 2026</strong><br />
<strong>Lugar: Teatro Auditorio San Lorenzo de El Escorial</strong><br />
<strong>Duración: 65 minutos</strong></p>
<p style="text-align: left">
<p><img decoding="async" class="size-full wp-image-83531 alignleft" src="https://expoflamenco.com/agenda/wp-content/uploads/sites/22/2026/08/ballet-flamenco-de-c-madrid-nascencia.webp" alt="" width="510" height="733" srcset="https://expoflamenco.com/agenda/wp-content/uploads/sites/22/2026/08/ballet-flamenco-de-c-madrid-nascencia.webp 510w, https://expoflamenco.com/agenda/wp-content/uploads/sites/22/2026/08/ballet-flamenco-de-c-madrid-nascencia-264x380.webp 264w, https://expoflamenco.com/agenda/wp-content/uploads/sites/22/2026/08/ballet-flamenco-de-c-madrid-nascencia-397x570.webp 397w" sizes="(max-width: 510px) 100vw, 510px" /> <img decoding="async" class="size-full wp-image-83529 alignleft" src="https://expoflamenco.com/agenda/wp-content/uploads/sites/22/2026/08/ballet-flamenco-de-c-madrid-01.webp" alt="" width="1140" height="760" srcset="https://expoflamenco.com/agenda/wp-content/uploads/sites/22/2026/08/ballet-flamenco-de-c-madrid-01.webp 1140w, https://expoflamenco.com/agenda/wp-content/uploads/sites/22/2026/08/ballet-flamenco-de-c-madrid-01-570x380.webp 570w, https://expoflamenco.com/agenda/wp-content/uploads/sites/22/2026/08/ballet-flamenco-de-c-madrid-01-855x570.webp 855w, https://expoflamenco.com/agenda/wp-content/uploads/sites/22/2026/08/ballet-flamenco-de-c-madrid-01-768x512.webp 768w, https://expoflamenco.com/agenda/wp-content/uploads/sites/22/2026/08/ballet-flamenco-de-c-madrid-01-391x260.webp 391w, https://expoflamenco.com/agenda/wp-content/uploads/sites/22/2026/08/ballet-flamenco-de-c-madrid-01-750x500.webp 750w" sizes="(max-width: 1140px) 100vw, 1140px" /></p>

<p>3 de septiembre. 20:00h Teatro Auditorio San Lorenzo de El Escorial Ficha artística Compañía: Ballet Español de la Comunidad de Madrid Dirección artística: Mónica Fernández Coreografía: Mónica Fernández, coreografías cedidas por Rubén Olmo Ayudante de coreografía: Mariano Bernal Maestra especialista: Cristina Gómez Dirección musical: Lucky Losada Música: Agustín Diassera, Jesús Calluela, Padre Soler, Lucky Losada, Vaqui Losada, Iván Losada y David Cerreduela [&hellip;]</p>
