{"id":83510,"date":"2026-08-14T13:20:34","date_gmt":"2026-08-14T11:20:34","guid":{"rendered":"https:\/\/expoflamenco.com\/agenda\/?post_type=mec-events&#038;p=83510"},"modified":"2026-08-14T13:21:23","modified_gmt":"2026-08-14T11:21:23","slug":"inscripcion-curso-de-guitarra-manolo-sanlucar-2026","status":"publish","type":"mec-events","link":"https:\/\/expoflamenco.com\/agenda\/eventos\/inscripcion-curso-de-guitarra-manolo-sanlucar-2026\/","title":{"rendered":"Inscripci\u00f3n Curso de Guitarra Manolo Sanl\u00facar 2026"},"content":{"rendered":"<hr \/>\n<h3 style=\"text-align: center\">Inscripciones abiertas<\/h3>\n<hr \/>\n<p style=\"text-align: left\">\u00daltimas plazas para inscribirse al Instituto Internacional de Guitarra Flamenca Manolo Sanl\u00facar.<\/p>\n<p style=\"text-align: left\">El Instituto Manolo Sanl\u00facar abre la preinscripci\u00f3n para su primera convocatoria, el curso 2026\/2027. Una oportunidad \u00fanica de formarte con el m\u00e9todo del M\u00e9todo Sanl\u00facar, un sistema \u00fanico al que el Maestro dedic\u00f3 una gran parte de su vida a desarrollar.<\/p>\n<p style=\"text-align: left\">Plazas limitadas y un m\u00e1ximo de 5 alumnos por grupo para garantizar una atenci\u00f3n dedicada al alumno.<br \/>\nLas clases comienzan en septiembre<\/p>\n<p style=\"text-align: left\"><strong>Solicita tu plaza: <a href=\"https:\/\/www.institutomanolosanlucar.es\/admision\" target=\"_blank\" rel=\"noopener\">institutomanolosanlucar.es\/admision<\/a><\/strong><\/p>\n<p>&nbsp;<\/p>\n<p><img decoding=\"async\" class=\"aligncenter size-full wp-image-83512\" src=\"https:\/\/expoflamenco.com\/agenda\/wp-content\/uploads\/sites\/22\/2026\/08\/creatividades_FEED_2.png\" alt=\"\" width=\"1080\" height=\"1350\" srcset=\"https:\/\/expoflamenco.com\/agenda\/wp-content\/uploads\/sites\/22\/2026\/08\/creatividades_FEED_2.png 1080w, https:\/\/expoflamenco.com\/agenda\/wp-content\/uploads\/sites\/22\/2026\/08\/creatividades_FEED_2-304x380.png 304w, https:\/\/expoflamenco.com\/agenda\/wp-content\/uploads\/sites\/22\/2026\/08\/creatividades_FEED_2-456x570.png 456w, https:\/\/expoflamenco.com\/agenda\/wp-content\/uploads\/sites\/22\/2026\/08\/creatividades_FEED_2-768x960.png 768w, https:\/\/expoflamenco.com\/agenda\/wp-content\/uploads\/sites\/22\/2026\/08\/creatividades_FEED_2-750x938.png 750w\" sizes=\"(max-width: 1080px) 100vw, 1080px\" \/><\/p>\n<p>&nbsp;<\/p>\n<p>&nbsp;<\/p>\n","protected":false},"excerpt":{"rendered":"<p>Inscripciones abiertas \u00daltimas plazas para inscribirse al Instituto Internacional de Guitarra Flamenca Manolo Sanl\u00facar. El Instituto Manolo Sanl\u00facar abre la preinscripci\u00f3n para su primera convocatoria, el curso 2026\/2027. Una oportunidad \u00fanica de formarte con el m\u00e9todo del M\u00e9todo Sanl\u00facar, un sistema \u00fanico al que el Maestro dedic\u00f3 una gran parte de su vida a desarrollar. [&hellip;]<\/p>\n","protected":false},"author":56,"featured_media":83513,"comment_status":"open","ping_status":"closed","template":"","tags":[2235,2236,412,1602],"mec_category":[1449,479],"mec_sponsor":[],"class_list":["post-83510","mec-events","type-mec-events","status-publish","has-post-thumbnail","hentry","tag-curso","tag-fundacion","tag-guitarra","tag-manolo-sanlucar","mec_category-curso","mec_category-guitarra","pmpro-has-access"],"acf":[],"_links":{"self":[{"href":"https:\/\/expoflamenco.com\/agenda\/wp-json\/wp\/v2\/mec-events\/83510","targetHints":{"allow":["GET"]}}],"collection":[{"href":"https:\/\/expoflamenco.com\/agenda\/wp-json\/wp\/v2\/mec-events"}],"about":[{"href":"https:\/\/expoflamenco.com\/agenda\/wp-json\/wp\/v2\/types\/mec-events"}],"author":[{"embeddable":true,"href":"https:\/\/expoflamenco.com\/agenda\/wp-json\/wp\/v2\/users\/56"}],"replies":[{"embeddable":true,"href":"https:\/\/expoflamenco.com\/agenda\/wp-json\/wp\/v2\/comments?post=83510"}],"wp:featuredmedia":[{"embeddable":true,"href":"https:\/\/expoflamenco.com\/agenda\/wp-json\/wp\/v2\/media\/83513"}],"wp:attachment":[{"href":"https:\/\/expoflamenco.com\/agenda\/wp-json\/wp\/v2\/media?parent=83510"}],"wp:term":[{"taxonomy":"post_tag","embeddable":true,"href":"https:\/\/expoflamenco.com\/agenda\/wp-json\/wp\/v2\/tags?post=83510"},{"taxonomy":"mec_category","embeddable":true,"href":"https:\/\/expoflamenco.com\/agenda\/wp-json\/wp\/v2\/mec_category?post=83510"},{"taxonomy":"mec_sponsor","embeddable":true,"href":"https:\/\/expoflamenco.com\/agenda\/wp-json\/wp\/v2\/mec_sponsor?post=83510"}],"curies":[{"name":"wp","href":"https:\/\/api.w.org\/{rel}","templated":true}]}}

Inscripción Curso de Guitarra Manolo Sanlúcar 2026

<hr />
<h3 style="text-align: center">Inscripciones abiertas</h3>
<hr />
<p style="text-align: left">Últimas plazas para inscribirse al Instituto Internacional de Guitarra Flamenca Manolo Sanlúcar.</p>
<p style="text-align: left">El Instituto Manolo Sanlúcar abre la preinscripción para su primera convocatoria, el curso 2026/2027. Una oportunidad única de formarte con el método del Método Sanlúcar, un sistema único al que el Maestro dedicó una gran parte de su vida a desarrollar.</p>
<p style="text-align: left">Plazas limitadas y un máximo de 5 alumnos por grupo para garantizar una atención dedicada al alumno.<br />
Las clases comienzan en septiembre</p>
<p style="text-align: left"><strong>Solicita tu plaza: <a href="https://www.institutomanolosanlucar.es/admision" target="_blank" rel="noopener">institutomanolosanlucar.es/admision</a></strong></p>
<p>&nbsp;</p>
<p><img decoding="async" class="aligncenter size-full wp-image-83512" src="https://expoflamenco.com/agenda/wp-content/uploads/sites/22/2026/08/creatividades_FEED_2.png" alt="" width="1080" height="1350" srcset="https://expoflamenco.com/agenda/wp-content/uploads/sites/22/2026/08/creatividades_FEED_2.png 1080w, https://expoflamenco.com/agenda/wp-content/uploads/sites/22/2026/08/creatividades_FEED_2-304x380.png 304w, https://expoflamenco.com/agenda/wp-content/uploads/sites/22/2026/08/creatividades_FEED_2-456x570.png 456w, https://expoflamenco.com/agenda/wp-content/uploads/sites/22/2026/08/creatividades_FEED_2-768x960.png 768w, https://expoflamenco.com/agenda/wp-content/uploads/sites/22/2026/08/creatividades_FEED_2-750x938.png 750w" sizes="(max-width: 1080px) 100vw, 1080px" /></p>
<p>&nbsp;</p>
<p>&nbsp;</p>

<p>Inscripciones abiertas Últimas plazas para inscribirse al Instituto Internacional de Guitarra Flamenca Manolo Sanlúcar. El Instituto Manolo Sanlúcar abre la preinscripción para su primera convocatoria, el curso 2026/2027. Una oportunidad única de formarte con el método del Método Sanlúcar, un sistema único al que el Maestro dedicó una gran parte de su vida a desarrollar. [&hellip;]</p>
