{"id":82896,"date":"2026-06-12T11:32:34","date_gmt":"2026-06-12T09:32:34","guid":{"rendered":"https:\/\/expoflamenco.com\/agenda\/?post_type=mec-events&#038;p=82896"},"modified":"2026-06-12T11:02:09","modified_gmt":"2026-06-12T09:02:09","slug":"9o-cabildo-flamenco-de-archidona","status":"publish","type":"mec-events","link":"https:\/\/expoflamenco.com\/agenda\/eventos\/9o-cabildo-flamenco-de-archidona\/","title":{"rendered":"9\u00ba Cabildo Flamenco de Archidona"},"content":{"rendered":"<hr \/>\n<h2 class=\"wp-block-heading\" style=\"text-align: center\">3 y 4 de julio<\/h2>\n<hr \/>\n<p style=\"text-align: left\">El Cabildo Flamenco, \u00abArchidona tiene nombre de mujer\u00bb, es un evento anual, que organiza la Asociaci\u00f3n Flamenca de Archidona \u00abJos\u00e9 Luis Ortiz Nuevo\u00bb, en el que se aborda esta disciplina art\u00edstica desde vertientes diversas: conciertos y espect\u00e1culos, coloquios, exposiciones y conferencias. Su primera edici\u00f3n se celebr\u00f3 en 2018, y hasta hoy han pasado por \u00e9l artistas, investigadores\/as y divulgadoras\/es como Carmen Linares, Roc\u00edo M\u00e1rquez, Rosario La Tremendita, Isabel Bay\u00f3n, Israel Fern\u00e1ndez, Diego del Morao, \u00c1ngeles Cruzado, Cristina Cruces, G\u00e9nesis Garc\u00eda, Jos\u00e9 Javier Le\u00f3n y Faustino N\u00fa\u00f1ez, por citar s\u00f3lo algunos de los reconocidos nombres.<\/p>\n<h4 style=\"text-align: left\">PROGRAMACI\u00d3N<\/h4>\n<p id=\"h-viernes-3-de-julio\" class=\"wp-block-heading\" style=\"text-align: left\"><strong>Viernes, 3 de julio<\/strong><\/p>\n<ul class=\"wp-block-list\" style=\"text-align: left\">\n<li><strong>21:30 h \u00b7 Electroverdiales<\/strong>\u00a0con Alejandro L\u00e9var &amp; Roc\u00edo Boterita<\/li>\n<li><strong>23:00 h \u00b7 Kiki Morente &amp; Davideana<\/strong><\/li>\n<li><strong>24:00 h \u00b7 Carlos Emblem\u00e1tika<\/strong>\u00a0<em>Recuerdo a Alicia Acu\u00f1a<\/em><\/li>\n<\/ul>\n<hr \/>\n<p id=\"h-sabado-4-de-julio\" class=\"wp-block-heading\" style=\"text-align: left\"><strong>S\u00e1bado, 4 de julio<\/strong><\/p>\n<p style=\"text-align: left\"><strong>16:30 h \u00b7 Preg\u00f3n de apertura<\/strong>\u00a0Antonio Campos &amp; Jos\u00e9 Luis Ortiz Nuevo<\/p>\n<p style=\"text-align: left\"><strong>17:30 h \u00b7 Encuentro de aficionados<\/strong><\/p>\n<p style=\"text-align: left\"><strong>18:30 h \u00b7 Mesa redonda:\u00a0<em>\u00abDe Alegato y de pureza\u00bb<\/em><\/strong><\/p>\n<p style=\"text-align: left\"><strong>19:30 h \u00b7 Chiveca<\/strong><\/p>\n<p style=\"text-align: left\"><strong>20:30 h \u00b7 Ra\u00fal Cantizano<\/strong><\/p>\n<p style=\"text-align: left\"><strong>21:30 h \u00b7 Gualberto &amp; Ana Pastrana<\/strong><\/p>\n<p style=\"text-align: left\"><strong>23:00 h \u00b7 Kiko Veneno<\/strong><\/p>\n<p style=\"text-align: left\"><strong>24:00 h \u00b7 Rave Cal\u00e9 &amp; Sole\u00e1 Gatica<\/strong><\/p>\n<hr \/>\n<p><img decoding=\"async\" class=\"aligncenter size-full wp-image-82897\" src=\"https:\/\/expoflamenco.com\/agenda\/wp-content\/uploads\/sites\/22\/2026\/06\/cabildo-archidona.webp\" alt=\"\" width=\"1200\" height=\"1697\" srcset=\"https:\/\/expoflamenco.com\/agenda\/wp-content\/uploads\/sites\/22\/2026\/06\/cabildo-archidona.webp 1200w, https:\/\/expoflamenco.com\/agenda\/wp-content\/uploads\/sites\/22\/2026\/06\/cabildo-archidona-269x380.webp 269w, https:\/\/expoflamenco.com\/agenda\/wp-content\/uploads\/sites\/22\/2026\/06\/cabildo-archidona-403x570.webp 403w, https:\/\/expoflamenco.com\/agenda\/wp-content\/uploads\/sites\/22\/2026\/06\/cabildo-archidona-768x1086.webp 768w, https:\/\/expoflamenco.com\/agenda\/wp-content\/uploads\/sites\/22\/2026\/06\/cabildo-archidona-1086x1536.webp 1086w, https:\/\/expoflamenco.com\/agenda\/wp-content\/uploads\/sites\/22\/2026\/06\/cabildo-archidona-750x1061.webp 750w, https:\/\/expoflamenco.com\/agenda\/wp-content\/uploads\/sites\/22\/2026\/06\/cabildo-archidona-1140x1612.webp 1140w\" sizes=\"(max-width: 1200px) 100vw, 1200px\" \/><\/p>\n<hr \/>\n<hr \/>\n<figure id=\"attachment_82737\" aria-describedby=\"caption-attachment-82737\" style=\"width: 1140px\" class=\"wp-caption aligncenter\"><img decoding=\"async\" class=\"size-full wp-image-82737\" src=\"https:\/\/expoflamenco.com\/agenda\/wp-content\/uploads\/sites\/22\/2026\/05\/aparece-aagenda.webp\" alt=\"Banner en rojo y negro que invita a aparecer en nuestra agenda; incluye un calendario y el correo agenda@expoflamenco.com.\" width=\"1140\" height=\"380\" srcset=\"https:\/\/expoflamenco.com\/agenda\/wp-content\/uploads\/sites\/22\/2026\/05\/aparece-aagenda.webp 1140w, https:\/\/expoflamenco.com\/agenda\/wp-content\/uploads\/sites\/22\/2026\/05\/aparece-aagenda-760x253.webp 760w, https:\/\/expoflamenco.com\/agenda\/wp-content\/uploads\/sites\/22\/2026\/05\/aparece-aagenda-768x256.webp 768w, https:\/\/expoflamenco.com\/agenda\/wp-content\/uploads\/sites\/22\/2026\/05\/aparece-aagenda-750x250.webp 750w\" sizes=\"(max-width: 1140px) 100vw, 1140px\" \/><figcaption id=\"caption-attachment-82737\" class=\"wp-caption-text\">Env\u00edanos la informaci\u00f3n lo m\u00e1s completa posible y subiremos conforme relevancia y nuestra disponibilidad. Y si quieres ANUNCIARTE con nosotros, tenemos muchas opciones: publicidad@expoflamenco.com<\/figcaption><\/figure>\n","protected":false},"excerpt":{"rendered":"<p>3 y 4 de julio El Cabildo Flamenco, \u00abArchidona tiene nombre de mujer\u00bb, es un evento anual, que organiza la Asociaci\u00f3n Flamenca de Archidona \u00abJos\u00e9 Luis Ortiz Nuevo\u00bb, en el que se aborda esta disciplina art\u00edstica desde vertientes diversas: conciertos y espect\u00e1culos, coloquios, exposiciones y conferencias. Su primera edici\u00f3n se celebr\u00f3 en 2018, y hasta [&hellip;]<\/p>\n","protected":false},"author":56,"featured_media":82898,"comment_status":"open","ping_status":"closed","template":"","tags":[1805,2138],"mec_category":[477,478,1370,479],"mec_sponsor":[],"class_list":["post-82896","mec-events","type-mec-events","status-publish","has-post-thumbnail","hentry","tag-1805","tag-cabildo-archidona","mec_category-baile","mec_category-cante","mec_category-conferencia","mec_category-guitarra","pmpro-has-access"],"acf":[],"_links":{"self":[{"href":"https:\/\/expoflamenco.com\/agenda\/wp-json\/wp\/v2\/mec-events\/82896","targetHints":{"allow":["GET"]}}],"collection":[{"href":"https:\/\/expoflamenco.com\/agenda\/wp-json\/wp\/v2\/mec-events"}],"about":[{"href":"https:\/\/expoflamenco.com\/agenda\/wp-json\/wp\/v2\/types\/mec-events"}],"author":[{"embeddable":true,"href":"https:\/\/expoflamenco.com\/agenda\/wp-json\/wp\/v2\/users\/56"}],"replies":[{"embeddable":true,"href":"https:\/\/expoflamenco.com\/agenda\/wp-json\/wp\/v2\/comments?post=82896"}],"wp:featuredmedia":[{"embeddable":true,"href":"https:\/\/expoflamenco.com\/agenda\/wp-json\/wp\/v2\/media\/82898"}],"wp:attachment":[{"href":"https:\/\/expoflamenco.com\/agenda\/wp-json\/wp\/v2\/media?parent=82896"}],"wp:term":[{"taxonomy":"post_tag","embeddable":true,"href":"https:\/\/expoflamenco.com\/agenda\/wp-json\/wp\/v2\/tags?post=82896"},{"taxonomy":"mec_category","embeddable":true,"href":"https:\/\/expoflamenco.com\/agenda\/wp-json\/wp\/v2\/mec_category?post=82896"},{"taxonomy":"mec_sponsor","embeddable":true,"href":"https:\/\/expoflamenco.com\/agenda\/wp-json\/wp\/v2\/mec_sponsor?post=82896"}],"curies":[{"name":"wp","href":"https:\/\/api.w.org\/{rel}","templated":true}]}}

9º Cabildo Flamenco de Archidona

<hr />
<h2 class="wp-block-heading" style="text-align: center">3 y 4 de julio</h2>
<hr />
<p style="text-align: left">El Cabildo Flamenco, «Archidona tiene nombre de mujer», es un evento anual, que organiza la Asociación Flamenca de Archidona «José Luis Ortiz Nuevo», en el que se aborda esta disciplina artística desde vertientes diversas: conciertos y espectáculos, coloquios, exposiciones y conferencias. Su primera edición se celebró en 2018, y hasta hoy han pasado por él artistas, investigadores/as y divulgadoras/es como Carmen Linares, Rocío Márquez, Rosario La Tremendita, Isabel Bayón, Israel Fernández, Diego del Morao, Ángeles Cruzado, Cristina Cruces, Génesis García, José Javier León y Faustino Núñez, por citar sólo algunos de los reconocidos nombres.</p>
<h4 style="text-align: left">PROGRAMACIÓN</h4>
<p id="h-viernes-3-de-julio" class="wp-block-heading" style="text-align: left"><strong>Viernes, 3 de julio</strong></p>
<ul class="wp-block-list" style="text-align: left">
<li><strong>21:30 h · Electroverdiales</strong> con Alejandro Lévar &amp; Rocío Boterita</li>
<li><strong>23:00 h · Kiki Morente &amp; Davideana</strong></li>
<li><strong>24:00 h · Carlos Emblemátika</strong> <em>Recuerdo a Alicia Acuña</em></li>
</ul>
<hr />
<p id="h-sabado-4-de-julio" class="wp-block-heading" style="text-align: left"><strong>Sábado, 4 de julio</strong></p>
<p style="text-align: left"><strong>16:30 h · Pregón de apertura</strong> Antonio Campos &amp; José Luis Ortiz Nuevo</p>
<p style="text-align: left"><strong>17:30 h · Encuentro de aficionados</strong></p>
<p style="text-align: left"><strong>18:30 h · Mesa redonda: <em>«De Alegato y de pureza»</em></strong></p>
<p style="text-align: left"><strong>19:30 h · Chiveca</strong></p>
<p style="text-align: left"><strong>20:30 h · Raúl Cantizano</strong></p>
<p style="text-align: left"><strong>21:30 h · Gualberto &amp; Ana Pastrana</strong></p>
<p style="text-align: left"><strong>23:00 h · Kiko Veneno</strong></p>
<p style="text-align: left"><strong>24:00 h · Rave Calé &amp; Soleá Gatica</strong></p>
<hr />
<p><img decoding="async" class="aligncenter size-full wp-image-82897" src="https://expoflamenco.com/agenda/wp-content/uploads/sites/22/2026/06/cabildo-archidona.webp" alt="" width="1200" height="1697" srcset="https://expoflamenco.com/agenda/wp-content/uploads/sites/22/2026/06/cabildo-archidona.webp 1200w, https://expoflamenco.com/agenda/wp-content/uploads/sites/22/2026/06/cabildo-archidona-269x380.webp 269w, https://expoflamenco.com/agenda/wp-content/uploads/sites/22/2026/06/cabildo-archidona-403x570.webp 403w, https://expoflamenco.com/agenda/wp-content/uploads/sites/22/2026/06/cabildo-archidona-768x1086.webp 768w, https://expoflamenco.com/agenda/wp-content/uploads/sites/22/2026/06/cabildo-archidona-1086x1536.webp 1086w, https://expoflamenco.com/agenda/wp-content/uploads/sites/22/2026/06/cabildo-archidona-750x1061.webp 750w, https://expoflamenco.com/agenda/wp-content/uploads/sites/22/2026/06/cabildo-archidona-1140x1612.webp 1140w" sizes="(max-width: 1200px) 100vw, 1200px" /></p>
<hr />
<hr />
<figure id="attachment_82737" aria-describedby="caption-attachment-82737" style="width: 1140px" class="wp-caption aligncenter"><img decoding="async" class="size-full wp-image-82737" src="https://expoflamenco.com/agenda/wp-content/uploads/sites/22/2026/05/aparece-aagenda.webp" alt="Banner en rojo y negro que invita a aparecer en nuestra agenda; incluye un calendario y el correo agenda@expoflamenco.com." width="1140" height="380" srcset="https://expoflamenco.com/agenda/wp-content/uploads/sites/22/2026/05/aparece-aagenda.webp 1140w, https://expoflamenco.com/agenda/wp-content/uploads/sites/22/2026/05/aparece-aagenda-760x253.webp 760w, https://expoflamenco.com/agenda/wp-content/uploads/sites/22/2026/05/aparece-aagenda-768x256.webp 768w, https://expoflamenco.com/agenda/wp-content/uploads/sites/22/2026/05/aparece-aagenda-750x250.webp 750w" sizes="(max-width: 1140px) 100vw, 1140px" /><figcaption id="caption-attachment-82737" class="wp-caption-text">Envíanos la información lo más completa posible y subiremos conforme relevancia y nuestra disponibilidad. Y si quieres ANUNCIARTE con nosotros, tenemos muchas opciones: publicidad@expoflamenco.com</figcaption></figure>

<p>3 y 4 de julio El Cabildo Flamenco, «Archidona tiene nombre de mujer», es un evento anual, que organiza la Asociación Flamenca de Archidona «José Luis Ortiz Nuevo», en el que se aborda esta disciplina artística desde vertientes diversas: conciertos y espectáculos, coloquios, exposiciones y conferencias. Su primera edición se celebró en 2018, y hasta [&hellip;]</p>
