{"id":82702,"date":"2026-06-03T12:37:17","date_gmt":"2026-06-03T10:37:17","guid":{"rendered":"https:\/\/expoflamenco.com\/agenda\/?post_type=mec-events&#038;p=82702"},"modified":"2026-06-03T12:51:22","modified_gmt":"2026-06-03T10:51:22","slug":"los-nuevos-flamencos-bailan-27","status":"publish","type":"mec-events","link":"https:\/\/expoflamenco.com\/agenda\/eventos\/los-nuevos-flamencos-bailan-27\/","title":{"rendered":"Los nuevos flamencos bailan 27"},"content":{"rendered":"<hr \/>\n<h3 style=\"text-align: center\" data-sfc-root=\"c\" data-hveid=\"CAIIAAgACAQQAA\" data-copy-service-computed-style=\"font-family: &quot;Google Sans&quot;, Arial, sans-serif; font-size: 16px; font-weight: 400; margin: 0px 0px 16px; text-decoration: none; border-bottom: 0px rgb(10, 10, 10);\">23 y 24 de Abril<\/h3>\n<hr \/>\n<div class=\"n6owBd awi2gc\" style=\"text-align: left\" data-sfc-cp=\"\" data-sfc-root=\"c\" data-sfc-cb=\"\" data-hveid=\"CAIIAAgACAQQAA\" data-copy-service-computed-style=\"font-family: &quot;Google Sans&quot;, Arial, sans-serif; font-size: 16px; font-weight: 400; margin: 0px 0px 16px; text-decoration: none; border-bottom: 0px rgb(10, 10, 10);\"><span data-subtree=\"aimfl,mfl\" data-copy-service-computed-style=\"font-family: &quot;Google Sans&quot;, Arial, sans-serif; font-size: 16px; font-weight: 400; margin: 0px; text-decoration: none; border-bottom: 0px rgb(10, 10, 10);\">La gala <\/span><strong class=\"Yjhzub\" data-sfc-root=\"c\" data-sfc-cb=\"\" data-copy-service-computed-style=\"font-family: &quot;Google Sans&quot;, Arial, sans-serif; font-size: 16px; font-weight: 600; margin: 0px; text-decoration: none; border-bottom: 0px rgb(10, 10, 10);\">&#8216;Los nuevos flamencos bailan 27&#8217;<!--TgQPHd|[]--><\/strong> forma parte de la programaci\u00f3n del Centenario de la Generaci\u00f3n del 27 en Madrid. El evento presenta a j\u00f3venes creadores del cante y el baile reinterpretando la visi\u00f3n art\u00edstica de figuras hist\u00f3ricas como <strong class=\"Yjhzub\" data-sfc-root=\"c\" data-sfc-cb=\"\" data-copy-service-computed-style=\"font-family: &quot;Google Sans&quot;, Arial, sans-serif; font-size: 16px; font-weight: 600; margin: 0px; text-decoration: none; border-bottom: 0px rgb(10, 10, 10);\">Federico Garc\u00eda Lorca<!--TgQPHd|[]--><\/strong>, <strong class=\"Yjhzub\" data-sfc-root=\"c\" data-sfc-cb=\"\" data-copy-service-computed-style=\"font-family: &quot;Google Sans&quot;, Arial, sans-serif; font-size: 16px; font-weight: 600; margin: 0px; text-decoration: none; border-bottom: 0px rgb(10, 10, 10);\">Manuel de Falla<!--TgQPHd|[]--><\/strong> y <strong class=\"Yjhzub\" data-sfc-root=\"c\" data-sfc-cb=\"\" data-copy-service-computed-style=\"font-family: &quot;Google Sans&quot;, Arial, sans-serif; font-size: 16px; font-weight: 600; margin: 0px; text-decoration: none; border-bottom: 0px rgb(10, 10, 10);\">la Ni\u00f1a de los Peines<!--TgQPHd|[]--><\/strong>.<!--TgQPHd|[]--><\/div>\n<div class=\"n6owBd awi2gc\" style=\"text-align: left\" data-sfc-cp=\"\" data-sfc-root=\"c\" data-sfc-cb=\"\" data-hveid=\"CAIIAAgACAUQAA\" data-copy-service-computed-style=\"font-family: &quot;Google Sans&quot;, Arial, sans-serif; font-size: 16px; font-weight: 400; margin: 12px 0px 16px; text-decoration: none; border-bottom: 0px rgb(10, 10, 10);\">Los detalles clave del evento son:<!--TgQPHd|[]--><\/div>\n<div class=\"\" data-bfc=\"\" data-ved=\"2ahUKEwij78r67uqUAxU6UqQEHXE_EnoQi4wTegoIAggACAAIBxAA\" data-copy-service-computed-style=\"font-family: &quot;Google Sans&quot;, Arial, sans-serif; font-size: 16px; font-weight: 400; margin: 0px; text-decoration: none; border-bottom: 0px rgb(10, 10, 10);\">\n<ul class=\"KsbFXc U6u95\" data-sfc-root=\"c\" data-sfc-cb=\"\" data-copy-service-computed-style=\"font-family: &quot;Google Sans&quot;, Arial, sans-serif; font-size: 16px; font-weight: 400; margin: 12px 0px 16px; text-decoration: none; border-bottom: 0px rgb(10, 10, 10);\">\n<li class=\"Z1qcYe\" style=\"text-align: left\" data-sfc-cp=\"\" data-sfc-root=\"c\" data-sfc-cb=\"\" data-hveid=\"CAIIAAgACAcQAQ\" data-copy-service-computed-style=\"font-family: &quot;Google Sans&quot;, Arial, sans-serif; font-size: 16px; font-weight: 400; margin: 0px 0px 12px; text-decoration: none; border-bottom: 0px rgb(10, 10, 10);\"><span class=\"T286Pc\" data-sfc-cp=\"\" data-sfc-root=\"c\" data-sfc-cb=\"\" data-copy-service-computed-style=\"font-family: &quot;Google Sans&quot;, Arial, sans-serif; font-size: 16px; font-weight: 400; margin: 0px; text-decoration: none; border-bottom: 0px rgb(10, 10, 10);\"><strong class=\"Yjhzub\" data-sfc-root=\"c\" data-sfc-cb=\"\" data-copy-service-computed-style=\"font-family: &quot;Google Sans&quot;, Arial, sans-serif; font-size: 16px; font-weight: 600; margin: 0px; text-decoration: none; border-bottom: 0px rgb(10, 10, 10);\">Fechas:<!--TgQPHd|[]--><\/strong> 23 y 24 de abril de 2027.<!--TgQPHd|[]--><\/span><!--TgQPHd|[]--><\/li>\n<li class=\"Z1qcYe\" style=\"text-align: left\" data-sfc-cp=\"\" data-sfc-root=\"c\" data-sfc-cb=\"\" data-hveid=\"CAIIAAgACAcQAg\" data-copy-service-computed-style=\"font-family: &quot;Google Sans&quot;, Arial, sans-serif; font-size: 16px; font-weight: 400; margin: 0px 0px 12px; text-decoration: none; border-bottom: 0px rgb(10, 10, 10);\"><span class=\"T286Pc\" data-sfc-cp=\"\" data-sfc-root=\"c\" data-sfc-cb=\"\" data-copy-service-computed-style=\"font-family: &quot;Google Sans&quot;, Arial, sans-serif; font-size: 16px; font-weight: 400; margin: 0px; text-decoration: none; border-bottom: 0px rgb(10, 10, 10);\"><strong class=\"Yjhzub\" data-sfc-root=\"c\" data-sfc-cb=\"\" data-copy-service-computed-style=\"font-family: &quot;Google Sans&quot;, Arial, sans-serif; font-size: 16px; font-weight: 600; margin: 0px; text-decoration: none; border-bottom: 0px rgb(10, 10, 10);\">Lugar:<!--TgQPHd|[]--><\/strong> Centro de Danza Matadero (Madrid).<!--TgQPHd|[]--><\/span><!--TgQPHd|[]--><\/li>\n<li class=\"Z1qcYe\" style=\"text-align: left\" data-sfc-cp=\"\" data-sfc-root=\"c\" data-sfc-cb=\"\" data-hveid=\"CAIIAAgACAcQAw\" data-copy-service-computed-style=\"font-family: &quot;Google Sans&quot;, Arial, sans-serif; font-size: 16px; font-weight: 400; margin: 0px 0px 12px; text-decoration: none; border-bottom: 0px rgb(10, 10, 10);\"><span class=\"T286Pc\" data-sfc-cp=\"\" data-sfc-root=\"c\" data-sfc-cb=\"\" data-copy-service-computed-style=\"font-family: &quot;Google Sans&quot;, Arial, sans-serif; font-size: 16px; font-weight: 400; margin: 0px; text-decoration: none; border-bottom: 0px rgb(10, 10, 10);\"><strong class=\"Yjhzub\" data-sfc-root=\"c\" data-sfc-cb=\"\" data-copy-service-computed-style=\"font-family: &quot;Google Sans&quot;, Arial, sans-serif; font-size: 16px; font-weight: 600; margin: 0px; text-decoration: none; border-bottom: 0px rgb(10, 10, 10);\">Actividades complementarias:<!--TgQPHd|[]--><\/strong> Previamente se celebra el coloquio &#8216;La danza flamenca en la Generaci\u00f3n del 27&#8217;<\/span><\/li>\n<\/ul>\n<div class=\"mceTemp\"><\/div>\n<figure id=\"attachment_82737\" aria-describedby=\"caption-attachment-82737\" style=\"width: 1140px\" class=\"wp-caption aligncenter\"><img decoding=\"async\" class=\"size-full wp-image-82737\" src=\"https:\/\/expoflamenco.com\/agenda\/wp-content\/uploads\/sites\/22\/2026\/05\/aparece-aagenda.webp\" alt=\"Banner en rojo y negro que invita a aparecer en nuestra agenda; incluye un calendario y el correo agenda@expoflamenco.com.\" width=\"1140\" height=\"380\" srcset=\"https:\/\/expoflamenco.com\/agenda\/wp-content\/uploads\/sites\/22\/2026\/05\/aparece-aagenda.webp 1140w, https:\/\/expoflamenco.com\/agenda\/wp-content\/uploads\/sites\/22\/2026\/05\/aparece-aagenda-760x253.webp 760w, https:\/\/expoflamenco.com\/agenda\/wp-content\/uploads\/sites\/22\/2026\/05\/aparece-aagenda-768x256.webp 768w, https:\/\/expoflamenco.com\/agenda\/wp-content\/uploads\/sites\/22\/2026\/05\/aparece-aagenda-750x250.webp 750w\" sizes=\"(max-width: 1140px) 100vw, 1140px\" \/><figcaption id=\"caption-attachment-82737\" class=\"wp-caption-text\">Env\u00edanos la informaci\u00f3n lo m\u00e1s completa posible y subiremos conforme relevancia y nuestra disponibilidad. Y si quieres ANUNCIARTE con nosotros, tenemos muchas opciones: publicidad@expoflamenco.com<\/figcaption><\/figure>\n<\/div>\n","protected":false},"excerpt":{"rendered":"<p>23 y 24 de Abril La gala &#8216;Los nuevos flamencos bailan 27&#8217; forma parte de la programaci\u00f3n del Centenario de la Generaci\u00f3n del 27 en Madrid. El evento presenta a j\u00f3venes creadores del cante y el baile reinterpretando la visi\u00f3n art\u00edstica de figuras hist\u00f3ricas como Federico Garc\u00eda Lorca, Manuel de Falla y la Ni\u00f1a de [&hellip;]<\/p>\n","protected":false},"author":56,"featured_media":82790,"comment_status":"open","ping_status":"closed","template":"","tags":[2124],"mec_category":[472],"mec_sponsor":[],"class_list":["post-82702","mec-events","type-mec-events","status-publish","has-post-thumbnail","hentry","tag-generacion-27","mec_category-festival","pmpro-has-access"],"acf":[],"_links":{"self":[{"href":"https:\/\/expoflamenco.com\/agenda\/wp-json\/wp\/v2\/mec-events\/82702","targetHints":{"allow":["GET"]}}],"collection":[{"href":"https:\/\/expoflamenco.com\/agenda\/wp-json\/wp\/v2\/mec-events"}],"about":[{"href":"https:\/\/expoflamenco.com\/agenda\/wp-json\/wp\/v2\/types\/mec-events"}],"author":[{"embeddable":true,"href":"https:\/\/expoflamenco.com\/agenda\/wp-json\/wp\/v2\/users\/56"}],"replies":[{"embeddable":true,"href":"https:\/\/expoflamenco.com\/agenda\/wp-json\/wp\/v2\/comments?post=82702"}],"wp:featuredmedia":[{"embeddable":true,"href":"https:\/\/expoflamenco.com\/agenda\/wp-json\/wp\/v2\/media\/82790"}],"wp:attachment":[{"href":"https:\/\/expoflamenco.com\/agenda\/wp-json\/wp\/v2\/media?parent=82702"}],"wp:term":[{"taxonomy":"post_tag","embeddable":true,"href":"https:\/\/expoflamenco.com\/agenda\/wp-json\/wp\/v2\/tags?post=82702"},{"taxonomy":"mec_category","embeddable":true,"href":"https:\/\/expoflamenco.com\/agenda\/wp-json\/wp\/v2\/mec_category?post=82702"},{"taxonomy":"mec_sponsor","embeddable":true,"href":"https:\/\/expoflamenco.com\/agenda\/wp-json\/wp\/v2\/mec_sponsor?post=82702"}],"curies":[{"name":"wp","href":"https:\/\/api.w.org\/{rel}","templated":true}]}}

<hr />
<h3 style="text-align: center" data-sfc-root="c" data-hveid="CAIIAAgACAQQAA" data-copy-service-computed-style="font-family: &quot;Google Sans&quot;, Arial, sans-serif; font-size: 16px; font-weight: 400; margin: 0px 0px 16px; text-decoration: none; border-bottom: 0px rgb(10, 10, 10);">23 y 24 de Abril</h3>
<hr />
<div class="n6owBd awi2gc" style="text-align: left" data-sfc-cp="" data-sfc-root="c" data-sfc-cb="" data-hveid="CAIIAAgACAQQAA" data-copy-service-computed-style="font-family: &quot;Google Sans&quot;, Arial, sans-serif; font-size: 16px; font-weight: 400; margin: 0px 0px 16px; text-decoration: none; border-bottom: 0px rgb(10, 10, 10);"><span data-subtree="aimfl,mfl" data-copy-service-computed-style="font-family: &quot;Google Sans&quot;, Arial, sans-serif; font-size: 16px; font-weight: 400; margin: 0px; text-decoration: none; border-bottom: 0px rgb(10, 10, 10);">La gala </span><strong class="Yjhzub" data-sfc-root="c" data-sfc-cb="" data-copy-service-computed-style="font-family: &quot;Google Sans&quot;, Arial, sans-serif; font-size: 16px; font-weight: 600; margin: 0px; text-decoration: none; border-bottom: 0px rgb(10, 10, 10);">&#8216;Los nuevos flamencos bailan 27&#8217;<!--TgQPHd|[]--></strong> forma parte de la programación del Centenario de la Generación del 27 en Madrid. El evento presenta a jóvenes creadores del cante y el baile reinterpretando la visión artística de figuras históricas como <strong class="Yjhzub" data-sfc-root="c" data-sfc-cb="" data-copy-service-computed-style="font-family: &quot;Google Sans&quot;, Arial, sans-serif; font-size: 16px; font-weight: 600; margin: 0px; text-decoration: none; border-bottom: 0px rgb(10, 10, 10);">Federico García Lorca<!--TgQPHd|[]--></strong>, <strong class="Yjhzub" data-sfc-root="c" data-sfc-cb="" data-copy-service-computed-style="font-family: &quot;Google Sans&quot;, Arial, sans-serif; font-size: 16px; font-weight: 600; margin: 0px; text-decoration: none; border-bottom: 0px rgb(10, 10, 10);">Manuel de Falla<!--TgQPHd|[]--></strong> y <strong class="Yjhzub" data-sfc-root="c" data-sfc-cb="" data-copy-service-computed-style="font-family: &quot;Google Sans&quot;, Arial, sans-serif; font-size: 16px; font-weight: 600; margin: 0px; text-decoration: none; border-bottom: 0px rgb(10, 10, 10);">la Niña de los Peines<!--TgQPHd|[]--></strong>.<!--TgQPHd|[]--></div>
<div class="n6owBd awi2gc" style="text-align: left" data-sfc-cp="" data-sfc-root="c" data-sfc-cb="" data-hveid="CAIIAAgACAUQAA" data-copy-service-computed-style="font-family: &quot;Google Sans&quot;, Arial, sans-serif; font-size: 16px; font-weight: 400; margin: 12px 0px 16px; text-decoration: none; border-bottom: 0px rgb(10, 10, 10);">Los detalles clave del evento son:<!--TgQPHd|[]--></div>
<div class="" data-bfc="" data-ved="2ahUKEwij78r67uqUAxU6UqQEHXE_EnoQi4wTegoIAggACAAIBxAA" data-copy-service-computed-style="font-family: &quot;Google Sans&quot;, Arial, sans-serif; font-size: 16px; font-weight: 400; margin: 0px; text-decoration: none; border-bottom: 0px rgb(10, 10, 10);">
<ul class="KsbFXc U6u95" data-sfc-root="c" data-sfc-cb="" data-copy-service-computed-style="font-family: &quot;Google Sans&quot;, Arial, sans-serif; font-size: 16px; font-weight: 400; margin: 12px 0px 16px; text-decoration: none; border-bottom: 0px rgb(10, 10, 10);">
<li class="Z1qcYe" style="text-align: left" data-sfc-cp="" data-sfc-root="c" data-sfc-cb="" data-hveid="CAIIAAgACAcQAQ" data-copy-service-computed-style="font-family: &quot;Google Sans&quot;, Arial, sans-serif; font-size: 16px; font-weight: 400; margin: 0px 0px 12px; text-decoration: none; border-bottom: 0px rgb(10, 10, 10);"><span class="T286Pc" data-sfc-cp="" data-sfc-root="c" data-sfc-cb="" data-copy-service-computed-style="font-family: &quot;Google Sans&quot;, Arial, sans-serif; font-size: 16px; font-weight: 400; margin: 0px; text-decoration: none; border-bottom: 0px rgb(10, 10, 10);"><strong class="Yjhzub" data-sfc-root="c" data-sfc-cb="" data-copy-service-computed-style="font-family: &quot;Google Sans&quot;, Arial, sans-serif; font-size: 16px; font-weight: 600; margin: 0px; text-decoration: none; border-bottom: 0px rgb(10, 10, 10);">Fechas:<!--TgQPHd|[]--></strong> 23 y 24 de abril de 2027.<!--TgQPHd|[]--></span><!--TgQPHd|[]--></li>
<li class="Z1qcYe" style="text-align: left" data-sfc-cp="" data-sfc-root="c" data-sfc-cb="" data-hveid="CAIIAAgACAcQAg" data-copy-service-computed-style="font-family: &quot;Google Sans&quot;, Arial, sans-serif; font-size: 16px; font-weight: 400; margin: 0px 0px 12px; text-decoration: none; border-bottom: 0px rgb(10, 10, 10);"><span class="T286Pc" data-sfc-cp="" data-sfc-root="c" data-sfc-cb="" data-copy-service-computed-style="font-family: &quot;Google Sans&quot;, Arial, sans-serif; font-size: 16px; font-weight: 400; margin: 0px; text-decoration: none; border-bottom: 0px rgb(10, 10, 10);"><strong class="Yjhzub" data-sfc-root="c" data-sfc-cb="" data-copy-service-computed-style="font-family: &quot;Google Sans&quot;, Arial, sans-serif; font-size: 16px; font-weight: 600; margin: 0px; text-decoration: none; border-bottom: 0px rgb(10, 10, 10);">Lugar:<!--TgQPHd|[]--></strong> Centro de Danza Matadero (Madrid).<!--TgQPHd|[]--></span><!--TgQPHd|[]--></li>
<li class="Z1qcYe" style="text-align: left" data-sfc-cp="" data-sfc-root="c" data-sfc-cb="" data-hveid="CAIIAAgACAcQAw" data-copy-service-computed-style="font-family: &quot;Google Sans&quot;, Arial, sans-serif; font-size: 16px; font-weight: 400; margin: 0px 0px 12px; text-decoration: none; border-bottom: 0px rgb(10, 10, 10);"><span class="T286Pc" data-sfc-cp="" data-sfc-root="c" data-sfc-cb="" data-copy-service-computed-style="font-family: &quot;Google Sans&quot;, Arial, sans-serif; font-size: 16px; font-weight: 400; margin: 0px; text-decoration: none; border-bottom: 0px rgb(10, 10, 10);"><strong class="Yjhzub" data-sfc-root="c" data-sfc-cb="" data-copy-service-computed-style="font-family: &quot;Google Sans&quot;, Arial, sans-serif; font-size: 16px; font-weight: 600; margin: 0px; text-decoration: none; border-bottom: 0px rgb(10, 10, 10);">Actividades complementarias:<!--TgQPHd|[]--></strong> Previamente se celebra el coloquio &#8216;La danza flamenca en la Generación del 27&#8217;</span></li>
</ul>
<div class="mceTemp"></div>
<figure id="attachment_82737" aria-describedby="caption-attachment-82737" style="width: 1140px" class="wp-caption aligncenter"><img decoding="async" class="size-full wp-image-82737" src="https://expoflamenco.com/agenda/wp-content/uploads/sites/22/2026/05/aparece-aagenda.webp" alt="Banner en rojo y negro que invita a aparecer en nuestra agenda; incluye un calendario y el correo agenda@expoflamenco.com." width="1140" height="380" srcset="https://expoflamenco.com/agenda/wp-content/uploads/sites/22/2026/05/aparece-aagenda.webp 1140w, https://expoflamenco.com/agenda/wp-content/uploads/sites/22/2026/05/aparece-aagenda-760x253.webp 760w, https://expoflamenco.com/agenda/wp-content/uploads/sites/22/2026/05/aparece-aagenda-768x256.webp 768w, https://expoflamenco.com/agenda/wp-content/uploads/sites/22/2026/05/aparece-aagenda-750x250.webp 750w" sizes="(max-width: 1140px) 100vw, 1140px" /><figcaption id="caption-attachment-82737" class="wp-caption-text">Envíanos la información lo más completa posible y subiremos conforme relevancia y nuestra disponibilidad. Y si quieres ANUNCIARTE con nosotros, tenemos muchas opciones: publicidad@expoflamenco.com</figcaption></figure>
</div>

<p>23 y 24 de Abril La gala &#8216;Los nuevos flamencos bailan 27&#8217; forma parte de la programación del Centenario de la Generación del 27 en Madrid. El evento presenta a jóvenes creadores del cante y el baile reinterpretando la visión artística de figuras históricas como Federico García Lorca, Manuel de Falla y la Niña de [&hellip;]</p>
