{"id":82487,"date":"2026-04-30T13:21:23","date_gmt":"2026-04-30T11:21:23","guid":{"rendered":"https:\/\/expoflamenco.com\/agenda\/?post_type=mec-events&#038;p=82487"},"modified":"2026-04-30T13:21:23","modified_gmt":"2026-04-30T11:21:23","slug":"festival-flamenco-la-yerbabuena-las-cabezas-de-san-juan-2026","status":"publish","type":"mec-events","link":"https:\/\/expoflamenco.com\/agenda\/eventos\/festival-flamenco-la-yerbabuena-las-cabezas-de-san-juan-2026\/","title":{"rendered":"Festival Flamenco La Yerbabuena \u2013 Las Cabezas de San Juan 2026"},"content":{"rendered":"<hr \/>\n<h3 style=\"text-align: center\"><strong>19 de Junio al 03 de Julio<\/strong><\/h3>\n<hr \/>\n<h4 style=\"text-align: left\"><strong>19 de junio<\/strong><\/h4>\n<p style=\"text-align: left\"><strong>Teatro Municipal Ciudad de Las Cabezas de San Juan<\/strong> el\u00a0 con el recital de cante de\u00a0<strong>Jos\u00e9 Valencia<\/strong><br \/>\n21:30 horas<br \/>\nEntradas: 5 euros.<\/p>\n<p style=\"text-align: left\">\n<hr \/>\n<h4 style=\"text-align: left\"><strong>29 y 30 de junio y el 1 de julio en el Rinc\u00f3n Malillo<br \/>\n<\/strong><strong>Ciclo de conferencias<br \/>\n<\/strong>Entrada gratuita hasta completar aforo a las 20:30 horas de la tarde.<\/h4>\n<hr \/>\n<h4 style=\"text-align: left\"><strong>29 de junio<\/strong><\/h4>\n<p style=\"text-align: left\"><strong><em>Por un pu\u00f1ao de fandangos. Conferencia contada y cantada por un cr\u00edtico osado<\/em><\/strong>, donde se entresacar\u00e1n un buen n\u00famero de variantes personales de fandangos para reivindicar el estilo y ayudar a su identificaci\u00f3n musical, con el acompa\u00f1amiento a la guitarra del lebrijano\u00a0<strong>Curro Vargas<\/strong>.<\/p>\n<p style=\"text-align: left\">Actuaci\u00f3n de la academia de baile <strong>Diego Guijo<\/strong>.<\/p>\n<hr \/>\n<h4 style=\"text-align: left\"><strong>30 de Junio<\/strong><\/h4>\n<p style=\"text-align: left\"><strong>Juan Pinilla<\/strong> &#8211;\u00a0 <strong><em>Flamenco y usos del lenguaje<\/em><\/strong>\u00a0y el baile correr\u00e1 a cargo de la academia de\u00a0<strong>Sandra V\u00edlchez<\/strong>.<\/p>\n<hr \/>\n<h4 style=\"text-align: left\"><strong>01 de julio<\/strong><\/h4>\n<p style=\"text-align: left\">Cerrar\u00e1 el ciclo una charla coloquio titulada <strong><em>Entre compases de yerbabuena: homenajeado y di\u00e1logo flamenco<\/em><\/strong>, con Manuel Cordero, Tere Pe\u00f1a y\u00a0<strong>Alfonso Garc\u00eda<\/strong>, amenizado al terminar con la intervenci\u00f3n de la\u00a0<strong>Escuela Municipal de M\u00fasica<\/strong>.<\/p>\n<hr \/>\n<h4 style=\"text-align: left\"><strong>03 de julio\u00a0<\/strong><\/h4>\n<p style=\"text-align: left\">D\u00eda grande del festival d\u00e1ndole sitio a la cantaora cabece\u00f1a <strong>Mar\u00eda Jos\u00e9 Soriano<\/strong>, acompa\u00f1ada a la guitarra por\u00a0<strong>Eusebio Jos\u00e9 Garc\u00eda<\/strong>\u00a0y\u00a0<strong>Currito Malena<\/strong>, al cante de\u00a0<strong>Pedro El Grana\u00edno<\/strong>\u00a0con\u00a0<strong>Gabriel Lorente<\/strong>\u00a0a la sonanta, a la garganta de\u00a0<strong>Anabel Valencia<\/strong>\u00a0arropada por las cuerdas de Curro Vargas y\u00a0<strong>Juan de Clemente\u00a0<\/strong>y a la diosa del baile gitano\u00a0<strong>Manuela Carrasco<\/strong>, que traer\u00e1 en su cuadro los ga\u00f1otes de\u00a0<strong>Enrique El Extreme\u00f1o<\/strong>\u00a0y\u00a0<strong>Manuel Ta\u00f1\u00e9<\/strong>\u00a0con la baja\u00f1\u00ed de\u00a0<strong>Pedro Sierra<\/strong>.<\/p>\n<p style=\"text-align: left\">Entradas: 10 euros y a beneficio de las asociaciones <strong>Teacense<\/strong>\u00a0y\u00a0<strong>Abriendo Caminos<\/strong>\u2013 cuando en la Plaza del Sant\u00edsimo Cristo de la Vera Cruz estalle.<\/p>\n<hr \/>\n<figure id=\"attachment_82488\" aria-describedby=\"caption-attachment-82488\" style=\"width: 1183px\" class=\"wp-caption aligncenter\"><img decoding=\"async\" class=\"size-full wp-image-82488\" src=\"https:\/\/expoflamenco.com\/agenda\/wp-content\/uploads\/sites\/22\/2026\/04\/yerbabuena-2026-cartel.webp\" alt=\"\" width=\"1183\" height=\"1674\" srcset=\"https:\/\/expoflamenco.com\/agenda\/wp-content\/uploads\/sites\/22\/2026\/04\/yerbabuena-2026-cartel.webp 1183w, https:\/\/expoflamenco.com\/agenda\/wp-content\/uploads\/sites\/22\/2026\/04\/yerbabuena-2026-cartel-269x380.webp 269w, https:\/\/expoflamenco.com\/agenda\/wp-content\/uploads\/sites\/22\/2026\/04\/yerbabuena-2026-cartel-403x570.webp 403w, https:\/\/expoflamenco.com\/agenda\/wp-content\/uploads\/sites\/22\/2026\/04\/yerbabuena-2026-cartel-768x1087.webp 768w, https:\/\/expoflamenco.com\/agenda\/wp-content\/uploads\/sites\/22\/2026\/04\/yerbabuena-2026-cartel-1085x1536.webp 1085w, https:\/\/expoflamenco.com\/agenda\/wp-content\/uploads\/sites\/22\/2026\/04\/yerbabuena-2026-cartel-750x1061.webp 750w, https:\/\/expoflamenco.com\/agenda\/wp-content\/uploads\/sites\/22\/2026\/04\/yerbabuena-2026-cartel-1140x1613.webp 1140w\" sizes=\"(max-width: 1183px) 100vw, 1183px\" \/><figcaption id=\"caption-attachment-82488\" class=\"wp-caption-text\">XXXV edici\u00f3n del Festival Flamenco de La Yerbabuena<\/figcaption><\/figure>\n<p>&nbsp;<\/p>\n<p>&nbsp;<\/p>\n<hr \/>\n<p><em>\u00bfQuieres que tu evento aparezca en nuestra agenda? Envianos la informaci\u00f3n de tu evento lo mas completa posible y subiremos conforme relevancia y nuestra disponibilidad. Los Tablaos y Pe\u00f1as tendr\u00e1n prioridad los emails con programaci\u00f3n mensual o ciclos. Es totalmente gratuito: agenda@expoflamenco.com &#8211; Si quieres anunciarte con nosotros envianos un mensaje a publicidad@expoflamenco.com<\/em><\/p>\n","protected":false},"excerpt":{"rendered":"<p>la XXXIV edici\u00f3n del Festival Flamenco La Yerbabuena, dedicado al cr\u00edtico y flamenc\u00f3logo Miguel Acal y que contar\u00e1 en su d\u00eda grande con la actuaci\u00f3n de Aurora Vargas, Rancapino Chico y Concha Vargas.<\/p>\n","protected":false},"author":56,"featured_media":82489,"comment_status":"open","ping_status":"closed","template":"","tags":[1572,2076,1573],"mec_category":[472],"mec_sponsor":[],"class_list":["post-82487","mec-events","type-mec-events","status-publish","has-post-thumbnail","hentry","tag-festival-la-yerbabuena","tag-programacion-2026","tag-san-juan-de-las-cabezas","mec_category-festival","pmpro-has-access"],"acf":[],"aioseo_notices":[],"_links":{"self":[{"href":"https:\/\/expoflamenco.com\/agenda\/wp-json\/wp\/v2\/mec-events\/82487","targetHints":{"allow":["GET"]}}],"collection":[{"href":"https:\/\/expoflamenco.com\/agenda\/wp-json\/wp\/v2\/mec-events"}],"about":[{"href":"https:\/\/expoflamenco.com\/agenda\/wp-json\/wp\/v2\/types\/mec-events"}],"author":[{"embeddable":true,"href":"https:\/\/expoflamenco.com\/agenda\/wp-json\/wp\/v2\/users\/56"}],"replies":[{"embeddable":true,"href":"https:\/\/expoflamenco.com\/agenda\/wp-json\/wp\/v2\/comments?post=82487"}],"wp:featuredmedia":[{"embeddable":true,"href":"https:\/\/expoflamenco.com\/agenda\/wp-json\/wp\/v2\/media\/82489"}],"wp:attachment":[{"href":"https:\/\/expoflamenco.com\/agenda\/wp-json\/wp\/v2\/media?parent=82487"}],"wp:term":[{"taxonomy":"post_tag","embeddable":true,"href":"https:\/\/expoflamenco.com\/agenda\/wp-json\/wp\/v2\/tags?post=82487"},{"taxonomy":"mec_category","embeddable":true,"href":"https:\/\/expoflamenco.com\/agenda\/wp-json\/wp\/v2\/mec_category?post=82487"},{"taxonomy":"mec_sponsor","embeddable":true,"href":"https:\/\/expoflamenco.com\/agenda\/wp-json\/wp\/v2\/mec_sponsor?post=82487"}],"curies":[{"name":"wp","href":"https:\/\/api.w.org\/{rel}","templated":true}]}}

<hr />
<h3 style="text-align: center"><strong>19 de Junio al 03 de Julio</strong></h3>
<hr />
<h4 style="text-align: left"><strong>19 de junio</strong></h4>
<p style="text-align: left"><strong>Teatro Municipal Ciudad de Las Cabezas de San Juan</strong> el  con el recital de cante de <strong>José Valencia</strong><br />
21:30 horas<br />
Entradas: 5 euros.</p>
<p style="text-align: left">
<hr />
<h4 style="text-align: left"><strong>29 y 30 de junio y el 1 de julio en el Rincón Malillo<br />
</strong><strong>Ciclo de conferencias<br />
</strong>Entrada gratuita hasta completar aforo a las 20:30 horas de la tarde.</h4>
<hr />
<h4 style="text-align: left"><strong>29 de junio</strong></h4>
<p style="text-align: left"><strong><em>Por un puñao de fandangos. Conferencia contada y cantada por un crítico osado</em></strong>, donde se entresacarán un buen número de variantes personales de fandangos para reivindicar el estilo y ayudar a su identificación musical, con el acompañamiento a la guitarra del lebrijano <strong>Curro Vargas</strong>.</p>
<p style="text-align: left">Actuación de la academia de baile <strong>Diego Guijo</strong>.</p>
<hr />
<h4 style="text-align: left"><strong>30 de Junio</strong></h4>
<p style="text-align: left"><strong>Juan Pinilla</strong> &#8211;  <strong><em>Flamenco y usos del lenguaje</em></strong> y el baile correrá a cargo de la academia de <strong>Sandra Vílchez</strong>.</p>
<hr />
<h4 style="text-align: left"><strong>01 de julio</strong></h4>
<p style="text-align: left">Cerrará el ciclo una charla coloquio titulada <strong><em>Entre compases de yerbabuena: homenajeado y diálogo flamenco</em></strong>, con Manuel Cordero, Tere Peña y <strong>Alfonso García</strong>, amenizado al terminar con la intervención de la <strong>Escuela Municipal de Música</strong>.</p>
<hr />
<h4 style="text-align: left"><strong>03 de julio </strong></h4>
<p style="text-align: left">Día grande del festival dándole sitio a la cantaora cabeceña <strong>María José Soriano</strong>, acompañada a la guitarra por <strong>Eusebio José García</strong> y <strong>Currito Malena</strong>, al cante de <strong>Pedro El Granaíno</strong> con <strong>Gabriel Lorente</strong> a la sonanta, a la garganta de <strong>Anabel Valencia</strong> arropada por las cuerdas de Curro Vargas y <strong>Juan de Clemente </strong>y a la diosa del baile gitano <strong>Manuela Carrasco</strong>, que traerá en su cuadro los gañotes de <strong>Enrique El Extremeño</strong> y <strong>Manuel Tañé</strong> con la bajañí de <strong>Pedro Sierra</strong>.</p>
<p style="text-align: left">Entradas: 10 euros y a beneficio de las asociaciones <strong>Teacense</strong> y <strong>Abriendo Caminos</strong>– cuando en la Plaza del Santísimo Cristo de la Vera Cruz estalle.</p>
<hr />
<figure id="attachment_82488" aria-describedby="caption-attachment-82488" style="width: 1183px" class="wp-caption aligncenter"><img decoding="async" class="size-full wp-image-82488" src="https://expoflamenco.com/agenda/wp-content/uploads/sites/22/2026/04/yerbabuena-2026-cartel.webp" alt="" width="1183" height="1674" srcset="https://expoflamenco.com/agenda/wp-content/uploads/sites/22/2026/04/yerbabuena-2026-cartel.webp 1183w, https://expoflamenco.com/agenda/wp-content/uploads/sites/22/2026/04/yerbabuena-2026-cartel-269x380.webp 269w, https://expoflamenco.com/agenda/wp-content/uploads/sites/22/2026/04/yerbabuena-2026-cartel-403x570.webp 403w, https://expoflamenco.com/agenda/wp-content/uploads/sites/22/2026/04/yerbabuena-2026-cartel-768x1087.webp 768w, https://expoflamenco.com/agenda/wp-content/uploads/sites/22/2026/04/yerbabuena-2026-cartel-1085x1536.webp 1085w, https://expoflamenco.com/agenda/wp-content/uploads/sites/22/2026/04/yerbabuena-2026-cartel-750x1061.webp 750w, https://expoflamenco.com/agenda/wp-content/uploads/sites/22/2026/04/yerbabuena-2026-cartel-1140x1613.webp 1140w" sizes="(max-width: 1183px) 100vw, 1183px" /><figcaption id="caption-attachment-82488" class="wp-caption-text">XXXV edición del Festival Flamenco de La Yerbabuena</figcaption></figure>
<p>&nbsp;</p>
<p>&nbsp;</p>
<hr />
<p><em>¿Quieres que tu evento aparezca en nuestra agenda? Envianos la información de tu evento lo mas completa posible y subiremos conforme relevancia y nuestra disponibilidad. Los Tablaos y Peñas tendrán prioridad los emails con programación mensual o ciclos. Es totalmente gratuito: agenda@expoflamenco.com &#8211; Si quieres anunciarte con nosotros envianos un mensaje a publicidad@expoflamenco.com</em></p>

<p>la XXXIV edición del Festival Flamenco La Yerbabuena, dedicado al crítico y flamencólogo Miguel Acal y que contará en su día grande con la actuación de Aurora Vargas, Rancapino Chico y Concha Vargas.</p>
