{"id":82483,"date":"2026-04-30T12:58:00","date_gmt":"2026-04-30T10:58:00","guid":{"rendered":"https:\/\/expoflamenco.com\/agenda\/?post_type=mec-events&#038;p=82483"},"modified":"2026-04-30T12:59:34","modified_gmt":"2026-04-30T10:59:34","slug":"taller-formativo-origen-y-evolucion-de-las-sevillanas","status":"publish","type":"mec-events","link":"https:\/\/expoflamenco.com\/agenda\/eventos\/taller-formativo-origen-y-evolucion-de-las-sevillanas\/","title":{"rendered":"Taller Formativo origen y evoluci\u00f3n de las Sevillanas"},"content":{"rendered":"<hr \/>\n<h3 style=\"text-align: center\">13 de Mayo. 12:00h<br \/>\nExpoflamenco Jerez<\/h3>\n<hr \/>\n<div class=\"article-content\">\n<div class=\"span12 modern_style\">\n<div class=\"rt-headline\">\n<p><span style=\"font-size: large\"><strong>La entrada es libre y gratuita y se servir\u00e1 un jerez de honor.<\/strong><br \/>\n<\/span><strong>Reservas: <span class=\"w8qArf FoJoyf\">\u00a0+34\u00a0 <\/span><span class=\"LrzXr zdqRlf kno-fv\"><span aria-label=\"Llamar al n\u00famero de tel\u00e9fono 673 65 10 42\">673 65 10 42<\/span><\/span><\/strong><\/p>\n<p style=\"text-align: left\"><i>Actividad especial con motivo de la celebraci\u00f3n de la Feria del Caballo de Jerez 2026<\/i><span style=\"font-size: large\">. Taller formativo<\/span><b>\u00a0&#8216;Origen y evoluci\u00f3n de las sevillanas&#8217;.<\/b><span style=\"font-size: large\"> Un recorrido hist\u00f3rico sobre su naturaleza, etapa y consolidaci\u00f3n en las grandes ferias de Andaluc\u00eda. Tambi\u00e9n debatiremos sobre si deben entrar o no como estilo propio del flamenco. Dirige la actividad nuestro coordinador Jos\u00e9 Mar\u00eda Casta\u00f1o.<\/span><\/p>\n<\/div>\n<figure id=\"attachment_82484\" aria-describedby=\"caption-attachment-82484\" style=\"width: 644px\" class=\"wp-caption aligncenter\"><img decoding=\"async\" class=\"size-full wp-image-82484\" src=\"https:\/\/expoflamenco.com\/agenda\/wp-content\/uploads\/sites\/22\/2026\/04\/sevillanas-foto-historica.webp\" alt=\"\" width=\"644\" height=\"430\" srcset=\"https:\/\/expoflamenco.com\/agenda\/wp-content\/uploads\/sites\/22\/2026\/04\/sevillanas-foto-historica.webp 644w, https:\/\/expoflamenco.com\/agenda\/wp-content\/uploads\/sites\/22\/2026\/04\/sevillanas-foto-historica-569x380.webp 569w, https:\/\/expoflamenco.com\/agenda\/wp-content\/uploads\/sites\/22\/2026\/04\/sevillanas-foto-historica-391x260.webp 391w\" sizes=\"(max-width: 644px) 100vw, 644px\" \/><figcaption id=\"caption-attachment-82484\" class=\"wp-caption-text\">Nuestro Aula de Estudios se dedicar\u00e1 de modo especial al origen y evoluci\u00f3n de las sevillanas con motivo de la Feria de Jerez<\/figcaption><\/figure>\n<\/div>\n<\/div>\n<hr \/>\n<p style=\"text-align: left\"><strong><em>\u00bfQuieres que tu evento aparezca en nuestra agenda? Es totalmente gratuito: Envianos la informaci\u00f3n lo mas completa posible y subiremos conforme relevancia y nuestra disponibilidad. Tendr\u00e1n prioridad los eventos con programaci\u00f3n mensual o ciclos. Y si quieres anunciarte con nosotros, tenemos muchas opciones. Envianos un mensaje a agenda@expoflamenco.com.<\/em><\/strong><\/p>\n<div class=\"wDYxhc\" role=\"presentation\" data-attrid=\"kc:\/local:alt phone\" data-md=\"1006\" data-hveid=\"CCkQAA\" data-ved=\"2ahUKEwip5emui4uSAxW3AfsDHWSXDs8QkCl6BAgpEAA\">\n<div class=\"Z1hOCe\"><\/div>\n<\/div>\n","protected":false},"excerpt":{"rendered":"<p>13 de Mayo. 12:00h Expoflamenco Jerez La entrada es libre y gratuita y se servir\u00e1 un jerez de honor. Reservas: \u00a0+34\u00a0 673 65 10 42 Actividad especial con motivo de la celebraci\u00f3n de la Feria del Caballo de Jerez 2026. Taller formativo\u00a0&#8216;Origen y evoluci\u00f3n de las sevillanas&#8217;. Un recorrido hist\u00f3rico sobre su naturaleza, etapa y [&hellip;]<\/p>\n","protected":false},"author":56,"featured_media":82485,"comment_status":"open","ping_status":"closed","template":"","tags":[1368,1956,1335,1484,2075],"mec_category":[1370],"mec_sponsor":[],"class_list":["post-82483","mec-events","type-mec-events","status-publish","has-post-thumbnail","hentry","tag-conferencia","tag-espacio-cultural","tag-expoflamenco","tag-sevillanas","tag-taller","mec_category-conferencia","pmpro-has-access"],"acf":[],"aioseo_notices":[],"_links":{"self":[{"href":"https:\/\/expoflamenco.com\/agenda\/wp-json\/wp\/v2\/mec-events\/82483","targetHints":{"allow":["GET"]}}],"collection":[{"href":"https:\/\/expoflamenco.com\/agenda\/wp-json\/wp\/v2\/mec-events"}],"about":[{"href":"https:\/\/expoflamenco.com\/agenda\/wp-json\/wp\/v2\/types\/mec-events"}],"author":[{"embeddable":true,"href":"https:\/\/expoflamenco.com\/agenda\/wp-json\/wp\/v2\/users\/56"}],"replies":[{"embeddable":true,"href":"https:\/\/expoflamenco.com\/agenda\/wp-json\/wp\/v2\/comments?post=82483"}],"wp:featuredmedia":[{"embeddable":true,"href":"https:\/\/expoflamenco.com\/agenda\/wp-json\/wp\/v2\/media\/82485"}],"wp:attachment":[{"href":"https:\/\/expoflamenco.com\/agenda\/wp-json\/wp\/v2\/media?parent=82483"}],"wp:term":[{"taxonomy":"post_tag","embeddable":true,"href":"https:\/\/expoflamenco.com\/agenda\/wp-json\/wp\/v2\/tags?post=82483"},{"taxonomy":"mec_category","embeddable":true,"href":"https:\/\/expoflamenco.com\/agenda\/wp-json\/wp\/v2\/mec_category?post=82483"},{"taxonomy":"mec_sponsor","embeddable":true,"href":"https:\/\/expoflamenco.com\/agenda\/wp-json\/wp\/v2\/mec_sponsor?post=82483"}],"curies":[{"name":"wp","href":"https:\/\/api.w.org\/{rel}","templated":true}]}}

Taller Formativo origen y evolución de las Sevillanas

<hr />
<h3 style="text-align: center">13 de Mayo. 12:00h<br />
Expoflamenco Jerez</h3>
<hr />
<div class="article-content">
<div class="span12 modern_style">
<div class="rt-headline">
<p><span style="font-size: large"><strong>La entrada es libre y gratuita y se servirá un jerez de honor.</strong><br />
</span><strong>Reservas: <span class="w8qArf FoJoyf"> +34  </span><span class="LrzXr zdqRlf kno-fv"><span aria-label="Llamar al número de teléfono 673 65 10 42">673 65 10 42</span></span></strong></p>
<p style="text-align: left"><i>Actividad especial con motivo de la celebración de la Feria del Caballo de Jerez 2026</i><span style="font-size: large">. Taller formativo</span><b> &#8216;Origen y evolución de las sevillanas&#8217;.</b><span style="font-size: large"> Un recorrido histórico sobre su naturaleza, etapa y consolidación en las grandes ferias de Andalucía. También debatiremos sobre si deben entrar o no como estilo propio del flamenco. Dirige la actividad nuestro coordinador José María Castaño.</span></p>
</div>
<figure id="attachment_82484" aria-describedby="caption-attachment-82484" style="width: 644px" class="wp-caption aligncenter"><img decoding="async" class="size-full wp-image-82484" src="https://expoflamenco.com/agenda/wp-content/uploads/sites/22/2026/04/sevillanas-foto-historica.webp" alt="" width="644" height="430" srcset="https://expoflamenco.com/agenda/wp-content/uploads/sites/22/2026/04/sevillanas-foto-historica.webp 644w, https://expoflamenco.com/agenda/wp-content/uploads/sites/22/2026/04/sevillanas-foto-historica-569x380.webp 569w, https://expoflamenco.com/agenda/wp-content/uploads/sites/22/2026/04/sevillanas-foto-historica-391x260.webp 391w" sizes="(max-width: 644px) 100vw, 644px" /><figcaption id="caption-attachment-82484" class="wp-caption-text">Nuestro Aula de Estudios se dedicará de modo especial al origen y evolución de las sevillanas con motivo de la Feria de Jerez</figcaption></figure>
</div>
</div>
<hr />
<p style="text-align: left"><strong><em>¿Quieres que tu evento aparezca en nuestra agenda? Es totalmente gratuito: Envianos la información lo mas completa posible y subiremos conforme relevancia y nuestra disponibilidad. Tendrán prioridad los eventos con programación mensual o ciclos. Y si quieres anunciarte con nosotros, tenemos muchas opciones. Envianos un mensaje a agenda@expoflamenco.com.</em></strong></p>
<div class="wDYxhc" role="presentation" data-attrid="kc:/local:alt phone" data-md="1006" data-hveid="CCkQAA" data-ved="2ahUKEwip5emui4uSAxW3AfsDHWSXDs8QkCl6BAgpEAA">
<div class="Z1hOCe"></div>
</div>

<p>13 de Mayo. 12:00h Expoflamenco Jerez La entrada es libre y gratuita y se servirá un jerez de honor. Reservas:  +34  673 65 10 42 Actividad especial con motivo de la celebración de la Feria del Caballo de Jerez 2026. Taller formativo &#8216;Origen y evolución de las sevillanas&#8217;. Un recorrido histórico sobre su naturaleza, etapa y [&hellip;]</p>
