{"id":82473,"date":"2026-04-29T13:18:07","date_gmt":"2026-04-29T11:18:07","guid":{"rendered":"https:\/\/expoflamenco.com\/agenda\/?post_type=mec-events&#038;p=82473"},"modified":"2026-04-29T13:18:07","modified_gmt":"2026-04-29T11:18:07","slug":"30o-aniversario-de-omega","status":"publish","type":"mec-events","link":"https:\/\/expoflamenco.com\/agenda\/eventos\/30o-aniversario-de-omega\/","title":{"rendered":"30\u00ba ANIVERSARIO DE OMEGA"},"content":{"rendered":"<p style=\"text-align: left\"><strong>FECHAS OMEGA 30\u00ba ANIVERSARIO<\/strong><\/p>\n<p style=\"text-align: left\"><strong>3 de junio &#8211; Noches del Bot\u00e1nico (Madrid) SOLD OUT<\/strong><\/p>\n<p style=\"text-align: left\"><strong>11 de julio &#8211;\u00a0<\/strong><strong>45 Festival de la Guitarra de C\u00f3rdoba (C\u00f3rdoba,\u00a0<\/strong>Teatro de la Axerqu\u00eda)<\/p>\n<p style=\"text-align: left\"><strong>15 de agosto &#8211; Festival Starlite (Marbella, M\u00e1laga)<\/strong><\/p>\n<p style=\"text-align: left\"><strong>30 de octubre &#8211; Festival Jazz Barcelona, Palau de la M\u00fasica (Barcelona)<\/strong><\/p>\n<p style=\"text-align: left\">\n<p style=\"text-align: left\"><strong>ELENCO ART\u00cdSTICO\u00a0<\/strong><\/p>\n<p style=\"text-align: left\">Voz principal: Kiki Morente<\/p>\n<p style=\"text-align: left\">Lagartija Nick:<\/p>\n<p style=\"text-align: left\">Voz y bajo: Antonio Arias<\/p>\n<p style=\"text-align: left\">Guitarra y voces: Juan Codorn\u00edu<\/p>\n<p style=\"text-align: left\">Bater\u00eda: Eric Jim\u00e9nez<\/p>\n<p style=\"text-align: left\">Teclados: Juan Jos\u00e9 Machuca<\/p>\n<p style=\"text-align: left\">Bailaor especial invitado.<\/p>\n<p style=\"text-align: left\">Guitarra flamenca: Marcos Gago + II guitarra<\/p>\n<p style=\"text-align: left\">Percusi\u00f3n: Popo Gabarre y Curro Conde<\/p>\n<p style=\"text-align: left\">Coros y palmas: Dani Bonilla, Noemi Humanes, Antonio Carbonell y Aroa Palomo<\/p>\n<hr \/>\n<p style=\"text-align: left\"><em>\u00bfQuieres que tu evento aparezca en nuestra agenda?<\/em><br \/>\n<em>Es totalmente gratuito: Env\u00edanos la informaci\u00f3n lo m\u00e1s completa posible y subiremos conforme relevancia y nuestra disponibilidad.<\/em><\/p>\n<p style=\"text-align: left\"><em>Y si quieres anunciarte con nosotros, tenemos muchas opciones.<\/em><\/p>\n<p style=\"text-align: left\"><em>Env\u00edanos un mensaje a agenda@expoflamenco.com.<\/em><\/p>\n","protected":false},"excerpt":{"rendered":"<p>FECHAS OMEGA 30\u00ba ANIVERSARIO 3 de junio &#8211; Noches del Bot\u00e1nico (Madrid) SOLD OUT 11 de julio &#8211;\u00a045 Festival de la Guitarra de C\u00f3rdoba (C\u00f3rdoba,\u00a0Teatro de la Axerqu\u00eda) 15 de agosto &#8211; Festival Starlite (Marbella, M\u00e1laga) 30 de octubre &#8211; Festival Jazz Barcelona, Palau de la M\u00fasica (Barcelona) ELENCO ART\u00cdSTICO\u00a0 Voz principal: Kiki Morente Lagartija [&hellip;]<\/p>\n","protected":false},"author":56,"featured_media":82474,"comment_status":"open","ping_status":"closed","template":"","tags":[951,834,2072],"mec_category":[478,476,857],"mec_sponsor":[],"class_list":["post-82473","mec-events","type-mec-events","status-publish","has-post-thumbnail","hentry","tag-flamenco-rock","tag-homenaje","tag-omega-morente","mec_category-cante","mec_category-concierto","mec_category-fusion","pmpro-has-access"],"acf":[],"aioseo_notices":[],"_links":{"self":[{"href":"https:\/\/expoflamenco.com\/agenda\/wp-json\/wp\/v2\/mec-events\/82473","targetHints":{"allow":["GET"]}}],"collection":[{"href":"https:\/\/expoflamenco.com\/agenda\/wp-json\/wp\/v2\/mec-events"}],"about":[{"href":"https:\/\/expoflamenco.com\/agenda\/wp-json\/wp\/v2\/types\/mec-events"}],"author":[{"embeddable":true,"href":"https:\/\/expoflamenco.com\/agenda\/wp-json\/wp\/v2\/users\/56"}],"replies":[{"embeddable":true,"href":"https:\/\/expoflamenco.com\/agenda\/wp-json\/wp\/v2\/comments?post=82473"}],"wp:featuredmedia":[{"embeddable":true,"href":"https:\/\/expoflamenco.com\/agenda\/wp-json\/wp\/v2\/media\/82474"}],"wp:attachment":[{"href":"https:\/\/expoflamenco.com\/agenda\/wp-json\/wp\/v2\/media?parent=82473"}],"wp:term":[{"taxonomy":"post_tag","embeddable":true,"href":"https:\/\/expoflamenco.com\/agenda\/wp-json\/wp\/v2\/tags?post=82473"},{"taxonomy":"mec_category","embeddable":true,"href":"https:\/\/expoflamenco.com\/agenda\/wp-json\/wp\/v2\/mec_category?post=82473"},{"taxonomy":"mec_sponsor","embeddable":true,"href":"https:\/\/expoflamenco.com\/agenda\/wp-json\/wp\/v2\/mec_sponsor?post=82473"}],"curies":[{"name":"wp","href":"https:\/\/api.w.org\/{rel}","templated":true}]}}

30º ANIVERSARIO DE OMEGA

<p style="text-align: left"><strong>FECHAS OMEGA 30º ANIVERSARIO</strong></p>
<p style="text-align: left"><strong>3 de junio &#8211; Noches del Botánico (Madrid) SOLD OUT</strong></p>
<p style="text-align: left"><strong>11 de julio &#8211; </strong><strong>45 Festival de la Guitarra de Córdoba (Córdoba, </strong>Teatro de la Axerquía)</p>
<p style="text-align: left"><strong>15 de agosto &#8211; Festival Starlite (Marbella, Málaga)</strong></p>
<p style="text-align: left"><strong>30 de octubre &#8211; Festival Jazz Barcelona, Palau de la Música (Barcelona)</strong></p>
<p style="text-align: left">
<p style="text-align: left"><strong>ELENCO ARTÍSTICO </strong></p>
<p style="text-align: left">Voz principal: Kiki Morente</p>
<p style="text-align: left">Lagartija Nick:</p>
<p style="text-align: left">Voz y bajo: Antonio Arias</p>
<p style="text-align: left">Guitarra y voces: Juan Codorníu</p>
<p style="text-align: left">Batería: Eric Jiménez</p>
<p style="text-align: left">Teclados: Juan José Machuca</p>
<p style="text-align: left">Bailaor especial invitado.</p>
<p style="text-align: left">Guitarra flamenca: Marcos Gago + II guitarra</p>
<p style="text-align: left">Percusión: Popo Gabarre y Curro Conde</p>
<p style="text-align: left">Coros y palmas: Dani Bonilla, Noemi Humanes, Antonio Carbonell y Aroa Palomo</p>
<hr />
<p style="text-align: left"><em>¿Quieres que tu evento aparezca en nuestra agenda?</em><br />
<em>Es totalmente gratuito: Envíanos la información lo más completa posible y subiremos conforme relevancia y nuestra disponibilidad.</em></p>
<p style="text-align: left"><em>Y si quieres anunciarte con nosotros, tenemos muchas opciones.</em></p>
<p style="text-align: left"><em>Envíanos un mensaje a agenda@expoflamenco.com.</em></p>

<p>FECHAS OMEGA 30º ANIVERSARIO 3 de junio &#8211; Noches del Botánico (Madrid) SOLD OUT 11 de julio &#8211; 45 Festival de la Guitarra de Córdoba (Córdoba, Teatro de la Axerquía) 15 de agosto &#8211; Festival Starlite (Marbella, Málaga) 30 de octubre &#8211; Festival Jazz Barcelona, Palau de la Música (Barcelona) ELENCO ARTÍSTICO  Voz principal: Kiki Morente Lagartija [&hellip;]</p>
