{"id":82454,"date":"2026-04-27T12:02:02","date_gmt":"2026-04-27T10:02:02","guid":{"rendered":"https:\/\/expoflamenco.com\/agenda\/?post_type=mec-events&#038;p=82454"},"modified":"2026-04-27T12:02:02","modified_gmt":"2026-04-27T10:02:02","slug":"gran-homenaje-en-memoria-juan-ramirez","status":"publish","type":"mec-events","link":"https:\/\/expoflamenco.com\/agenda\/eventos\/gran-homenaje-en-memoria-juan-ramirez\/","title":{"rendered":"Gran Homenaje. En memoria: Juan Ramirez"},"content":{"rendered":"<hr \/>\n<h3 style=\"text-align: center\">13 de Mayo &#8211; 21:00h<br \/>\nAuditorio Marcelino Camacho<\/h3>\n<hr \/>\n<p>Nacido en M\u00e9rida en 1959, Ram\u00edrez fue un artista integral \u2014cantaor precoz, guitarrista y, sobre todo, un bailaor de raza\u2014. Formado en la \u00abescuela de la calle\u00bb y bajo el magisterio de figuras como El Mimbre o Manuela Carrasco, desarroll\u00f3 una t\u00e9cnica de pies considerada por la cr\u00edtica como la m\u00e1s r\u00e1pida y poderosa de su tiempo. Su baile \u00abde cintura para abajo\u00bb y su dominio del comp\u00e1s lo llevaron a formar parte del sexteto de\u00a0<strong>Paco de Luc\u00eda<\/strong>, dejando su huella en discos hist\u00f3ricos como\u00a0<em>Siroco<\/em>, as\u00ed como en grabaciones esenciales de\u00a0<strong>Camar\u00f3n\u00a0<\/strong>(<em>Potro de rabia y miel<\/em>) y\u00a0<strong>Enrique Morente<\/strong>\u00a0(<em>Misa flamenca<\/em>).<\/p>\n<hr \/>\n<figure id=\"attachment_82455\" aria-describedby=\"caption-attachment-82455\" style=\"width: 1000px\" class=\"wp-caption aligncenter\"><img decoding=\"async\" class=\"size-full wp-image-82455\" src=\"https:\/\/expoflamenco.com\/agenda\/wp-content\/uploads\/sites\/22\/2026\/04\/homenaje-juan-ramirez-2026.webp\" alt=\"\" width=\"1000\" height=\"1416\" srcset=\"https:\/\/expoflamenco.com\/agenda\/wp-content\/uploads\/sites\/22\/2026\/04\/homenaje-juan-ramirez-2026.webp 1000w, https:\/\/expoflamenco.com\/agenda\/wp-content\/uploads\/sites\/22\/2026\/04\/homenaje-juan-ramirez-2026-268x380.webp 268w, https:\/\/expoflamenco.com\/agenda\/wp-content\/uploads\/sites\/22\/2026\/04\/homenaje-juan-ramirez-2026-403x570.webp 403w, https:\/\/expoflamenco.com\/agenda\/wp-content\/uploads\/sites\/22\/2026\/04\/homenaje-juan-ramirez-2026-768x1087.webp 768w, https:\/\/expoflamenco.com\/agenda\/wp-content\/uploads\/sites\/22\/2026\/04\/homenaje-juan-ramirez-2026-750x1062.webp 750w\" sizes=\"(max-width: 1000px) 100vw, 1000px\" \/><figcaption id=\"caption-attachment-82455\" class=\"wp-caption-text\">Homenaje Juan Ramirez 2026<\/figcaption><\/figure>\n","protected":false},"excerpt":{"rendered":"<p>13 de Mayo &#8211; 21:00h Auditorio Marcelino Camacho Nacido en M\u00e9rida en 1959, Ram\u00edrez fue un artista integral \u2014cantaor precoz, guitarrista y, sobre todo, un bailaor de raza\u2014. Formado en la \u00abescuela de la calle\u00bb y bajo el magisterio de figuras como El Mimbre o Manuela Carrasco, desarroll\u00f3 una t\u00e9cnica de pies considerada por la [&hellip;]<\/p>\n","protected":false},"author":56,"featured_media":82456,"comment_status":"open","ping_status":"closed","template":"","tags":[1460,834,2065,141],"mec_category":[477,478,476,479],"mec_sponsor":[],"class_list":["post-82454","mec-events","type-mec-events","status-publish","has-post-thumbnail","hentry","tag-bailaor","tag-homenaje","tag-juan-ramirez","tag-madrid","mec_category-baile","mec_category-cante","mec_category-concierto","mec_category-guitarra","pmpro-has-access"],"acf":[],"aioseo_notices":[],"_links":{"self":[{"href":"https:\/\/expoflamenco.com\/agenda\/wp-json\/wp\/v2\/mec-events\/82454","targetHints":{"allow":["GET"]}}],"collection":[{"href":"https:\/\/expoflamenco.com\/agenda\/wp-json\/wp\/v2\/mec-events"}],"about":[{"href":"https:\/\/expoflamenco.com\/agenda\/wp-json\/wp\/v2\/types\/mec-events"}],"author":[{"embeddable":true,"href":"https:\/\/expoflamenco.com\/agenda\/wp-json\/wp\/v2\/users\/56"}],"replies":[{"embeddable":true,"href":"https:\/\/expoflamenco.com\/agenda\/wp-json\/wp\/v2\/comments?post=82454"}],"wp:featuredmedia":[{"embeddable":true,"href":"https:\/\/expoflamenco.com\/agenda\/wp-json\/wp\/v2\/media\/82456"}],"wp:attachment":[{"href":"https:\/\/expoflamenco.com\/agenda\/wp-json\/wp\/v2\/media?parent=82454"}],"wp:term":[{"taxonomy":"post_tag","embeddable":true,"href":"https:\/\/expoflamenco.com\/agenda\/wp-json\/wp\/v2\/tags?post=82454"},{"taxonomy":"mec_category","embeddable":true,"href":"https:\/\/expoflamenco.com\/agenda\/wp-json\/wp\/v2\/mec_category?post=82454"},{"taxonomy":"mec_sponsor","embeddable":true,"href":"https:\/\/expoflamenco.com\/agenda\/wp-json\/wp\/v2\/mec_sponsor?post=82454"}],"curies":[{"name":"wp","href":"https:\/\/api.w.org\/{rel}","templated":true}]}}

<hr />
<h3 style="text-align: center">13 de Mayo &#8211; 21:00h<br />
Auditorio Marcelino Camacho</h3>
<hr />
<p>Nacido en Mérida en 1959, Ramírez fue un artista integral —cantaor precoz, guitarrista y, sobre todo, un bailaor de raza—. Formado en la «escuela de la calle» y bajo el magisterio de figuras como El Mimbre o Manuela Carrasco, desarrolló una técnica de pies considerada por la crítica como la más rápida y poderosa de su tiempo. Su baile «de cintura para abajo» y su dominio del compás lo llevaron a formar parte del sexteto de <strong>Paco de Lucía</strong>, dejando su huella en discos históricos como <em>Siroco</em>, así como en grabaciones esenciales de <strong>Camarón </strong>(<em>Potro de rabia y miel</em>) y <strong>Enrique Morente</strong> (<em>Misa flamenca</em>).</p>
<hr />
<figure id="attachment_82455" aria-describedby="caption-attachment-82455" style="width: 1000px" class="wp-caption aligncenter"><img decoding="async" class="size-full wp-image-82455" src="https://expoflamenco.com/agenda/wp-content/uploads/sites/22/2026/04/homenaje-juan-ramirez-2026.webp" alt="" width="1000" height="1416" srcset="https://expoflamenco.com/agenda/wp-content/uploads/sites/22/2026/04/homenaje-juan-ramirez-2026.webp 1000w, https://expoflamenco.com/agenda/wp-content/uploads/sites/22/2026/04/homenaje-juan-ramirez-2026-268x380.webp 268w, https://expoflamenco.com/agenda/wp-content/uploads/sites/22/2026/04/homenaje-juan-ramirez-2026-403x570.webp 403w, https://expoflamenco.com/agenda/wp-content/uploads/sites/22/2026/04/homenaje-juan-ramirez-2026-768x1087.webp 768w, https://expoflamenco.com/agenda/wp-content/uploads/sites/22/2026/04/homenaje-juan-ramirez-2026-750x1062.webp 750w" sizes="(max-width: 1000px) 100vw, 1000px" /><figcaption id="caption-attachment-82455" class="wp-caption-text">Homenaje Juan Ramirez 2026</figcaption></figure>

<p>13 de Mayo &#8211; 21:00h Auditorio Marcelino Camacho Nacido en Mérida en 1959, Ramírez fue un artista integral —cantaor precoz, guitarrista y, sobre todo, un bailaor de raza—. Formado en la «escuela de la calle» y bajo el magisterio de figuras como El Mimbre o Manuela Carrasco, desarrolló una técnica de pies considerada por la [&hellip;]</p>
