{"id":82445,"date":"2026-04-27T11:44:27","date_gmt":"2026-04-27T09:44:27","guid":{"rendered":"https:\/\/expoflamenco.com\/agenda\/?post_type=mec-events&#038;p=82445"},"modified":"2026-04-27T11:50:31","modified_gmt":"2026-04-27T09:50:31","slug":"inscripciones-premio-jovenes-valores-once-andalucia","status":"publish","type":"mec-events","link":"https:\/\/expoflamenco.com\/agenda\/eventos\/inscripciones-premio-jovenes-valores-once-andalucia\/","title":{"rendered":"Inscripciones: PREMIO J\u00d3VENES VALORES ONCE ANDALUC\u00cdA"},"content":{"rendered":"<hr \/>\n<h3 style=\"text-align: center\">Inscripciones hasta las 14h del 15 de Junio<\/h3>\n<hr \/>\n<p class=\"wp-block-heading has-text-align-center has-medium-font-size\" style=\"text-align: left\"><strong>La gala de entrega de premios tendr\u00e1 lugar en el Teatro Isabel la Cat\u00f3lica el 15 de octubre<\/strong><\/p>\n<p style=\"text-align: left\">La Organizaci\u00f3n Nacional de Ciegos Espa\u00f1oles en Andaluc\u00eda, Ceuta y Melilla, convoca la X edici\u00f3n de los premios a los J\u00f3venes Valores del Flamenco 2026, con<br \/>\nocasi\u00f3n de la \u201cX Bienal de Flamenco de la ONCE en Andaluc\u00eda\u201d, a celebrar en Granada.<br \/>\nLa ONCE entiende el flamenco como se\u00f1a de identidad cultural principal de Andaluc\u00eda y como un instrumento de inclusi\u00f3n de las personas con discapacidad en la sociedad.<br \/>\n<strong>Este concurso est\u00e1 destinado a premiar a los j\u00f3venes talentos del flamenco, y a dar a conocer a artistas flamencos con discapacidad andaluces<\/strong>. Los artistas que deseen participar en esta edici\u00f3n podr\u00e1n presentar las obras de su repertorio queconsideren m\u00e1s adecuadas, seg\u00fan las siguientes:<\/p>\n<p style=\"text-align: left\"><strong>B A S E S<\/strong><br \/>\n1.- Podr\u00e1n participar los artistas flamencos, en la modalidad de cante o toque, menores de 35 a\u00f1os (los nacidos despu\u00e9s del 2 de marzo de 1991).<br \/>\nPara los artistas con discapacidad, no existe l\u00edmite de edad, si bien deber\u00e1n acreditar esta circunstancia mediante certificado expedido por el organismo correspondiente.<br \/>\nNo podr\u00e1n participar los premiados en la misma modalidad, en las \u00faltimas cinco ediciones<\/p>\n<p style=\"text-align: left\"><a class=\"btn btn-default\" href=\"https:\/\/www.aacuc.es\/wp-content\/uploads\/2026\/02\/Bases-X-Concurso-Jovenes-Valores-y-Bienal-Flamenco-ONCE-Andalucia-2026-1.pdf\">Descargar Bases<\/a><\/p>\n<figure id=\"attachment_82448\" aria-describedby=\"caption-attachment-82448\" style=\"width: 600px\" class=\"wp-caption aligncenter\"><img decoding=\"async\" class=\"size-full wp-image-82448\" src=\"https:\/\/expoflamenco.com\/agenda\/wp-content\/uploads\/sites\/22\/2026\/04\/bienal-flamenco-once-2026.webp\" alt=\"Poster for X Bienal Flamenca ONCE announcing a prize for young artists with disabilities; applications open with deadline June 15, 2026; image shows a guitar resting on a chair and a yellow-green background.\" width=\"600\" height=\"561\" srcset=\"https:\/\/expoflamenco.com\/agenda\/wp-content\/uploads\/sites\/22\/2026\/04\/bienal-flamenco-once-2026.webp 600w, https:\/\/expoflamenco.com\/agenda\/wp-content\/uploads\/sites\/22\/2026\/04\/bienal-flamenco-once-2026-406x380.webp 406w\" sizes=\"(max-width: 600px) 100vw, 600px\" \/><figcaption id=\"caption-attachment-82448\" class=\"wp-caption-text\">X Bienal Flamenco ONCE 2026<\/figcaption><\/figure>\n<hr \/>\n<p style=\"text-align: left\"><em>\u00bfQuieres que tu evento aparezca en nuestra agenda?<\/em><br \/>\n<em>Es totalmente gratuito: Env\u00edanos la informaci\u00f3n lo m\u00e1s completa posible y subiremos conforme relevancia y nuestra disponibilidad.<\/em><\/p>\n<p style=\"text-align: left\"><em>Y si quieres anunciarte con nosotros, tenemos muchas opciones.<\/em><\/p>\n<p style=\"text-align: left\"><em>Env\u00edanos un mensaje a agenda@expoflamenco.com.<\/em><\/p>\n","protected":false},"excerpt":{"rendered":"<p>Inscripciones hasta las 14h del 15 de Junio La gala de entrega de premios tendr\u00e1 lugar en el Teatro Isabel la Cat\u00f3lica el 15 de octubre La Organizaci\u00f3n Nacional de Ciegos Espa\u00f1oles en Andaluc\u00eda, Ceuta y Melilla, convoca la X edici\u00f3n de los premios a los J\u00f3venes Valores del Flamenco 2026, con ocasi\u00f3n de la [&hellip;]<\/p>\n","protected":false},"author":56,"featured_media":82447,"comment_status":"open","ping_status":"closed","template":"","tags":[1805,2063,411,2062],"mec_category":[478,480,479],"mec_sponsor":[],"class_list":["post-82445","mec-events","type-mec-events","status-publish","has-post-thumbnail","hentry","tag-1805","tag-bienal-flamenca-once","tag-concurso","tag-once","mec_category-cante","mec_category-concurso","mec_category-guitarra","pmpro-has-access"],"acf":[],"aioseo_notices":[],"_links":{"self":[{"href":"https:\/\/expoflamenco.com\/agenda\/wp-json\/wp\/v2\/mec-events\/82445","targetHints":{"allow":["GET"]}}],"collection":[{"href":"https:\/\/expoflamenco.com\/agenda\/wp-json\/wp\/v2\/mec-events"}],"about":[{"href":"https:\/\/expoflamenco.com\/agenda\/wp-json\/wp\/v2\/types\/mec-events"}],"author":[{"embeddable":true,"href":"https:\/\/expoflamenco.com\/agenda\/wp-json\/wp\/v2\/users\/56"}],"replies":[{"embeddable":true,"href":"https:\/\/expoflamenco.com\/agenda\/wp-json\/wp\/v2\/comments?post=82445"}],"wp:featuredmedia":[{"embeddable":true,"href":"https:\/\/expoflamenco.com\/agenda\/wp-json\/wp\/v2\/media\/82447"}],"wp:attachment":[{"href":"https:\/\/expoflamenco.com\/agenda\/wp-json\/wp\/v2\/media?parent=82445"}],"wp:term":[{"taxonomy":"post_tag","embeddable":true,"href":"https:\/\/expoflamenco.com\/agenda\/wp-json\/wp\/v2\/tags?post=82445"},{"taxonomy":"mec_category","embeddable":true,"href":"https:\/\/expoflamenco.com\/agenda\/wp-json\/wp\/v2\/mec_category?post=82445"},{"taxonomy":"mec_sponsor","embeddable":true,"href":"https:\/\/expoflamenco.com\/agenda\/wp-json\/wp\/v2\/mec_sponsor?post=82445"}],"curies":[{"name":"wp","href":"https:\/\/api.w.org\/{rel}","templated":true}]}}

Inscripciones: PREMIO JÓVENES VALORES ONCE ANDALUCÍA

<hr />
<h3 style="text-align: center">Inscripciones hasta las 14h del 15 de Junio</h3>
<hr />
<p class="wp-block-heading has-text-align-center has-medium-font-size" style="text-align: left"><strong>La gala de entrega de premios tendrá lugar en el Teatro Isabel la Católica el 15 de octubre</strong></p>
<p style="text-align: left">La Organización Nacional de Ciegos Españoles en Andalucía, Ceuta y Melilla, convoca la X edición de los premios a los Jóvenes Valores del Flamenco 2026, con<br />
ocasión de la “X Bienal de Flamenco de la ONCE en Andalucía”, a celebrar en Granada.<br />
La ONCE entiende el flamenco como seña de identidad cultural principal de Andalucía y como un instrumento de inclusión de las personas con discapacidad en la sociedad.<br />
<strong>Este concurso está destinado a premiar a los jóvenes talentos del flamenco, y a dar a conocer a artistas flamencos con discapacidad andaluces</strong>. Los artistas que deseen participar en esta edición podrán presentar las obras de su repertorio queconsideren más adecuadas, según las siguientes:</p>
<p style="text-align: left"><strong>B A S E S</strong><br />
1.- Podrán participar los artistas flamencos, en la modalidad de cante o toque, menores de 35 años (los nacidos después del 2 de marzo de 1991).<br />
Para los artistas con discapacidad, no existe límite de edad, si bien deberán acreditar esta circunstancia mediante certificado expedido por el organismo correspondiente.<br />
No podrán participar los premiados en la misma modalidad, en las últimas cinco ediciones</p>
<p style="text-align: left"><a class="btn btn-default" href="https://www.aacuc.es/wp-content/uploads/2026/02/Bases-X-Concurso-Jovenes-Valores-y-Bienal-Flamenco-ONCE-Andalucia-2026-1.pdf">Descargar Bases</a></p>
<figure id="attachment_82448" aria-describedby="caption-attachment-82448" style="width: 600px" class="wp-caption aligncenter"><img decoding="async" class="size-full wp-image-82448" src="https://expoflamenco.com/agenda/wp-content/uploads/sites/22/2026/04/bienal-flamenco-once-2026.webp" alt="Poster for X Bienal Flamenca ONCE announcing a prize for young artists with disabilities; applications open with deadline June 15, 2026; image shows a guitar resting on a chair and a yellow-green background." width="600" height="561" srcset="https://expoflamenco.com/agenda/wp-content/uploads/sites/22/2026/04/bienal-flamenco-once-2026.webp 600w, https://expoflamenco.com/agenda/wp-content/uploads/sites/22/2026/04/bienal-flamenco-once-2026-406x380.webp 406w" sizes="(max-width: 600px) 100vw, 600px" /><figcaption id="caption-attachment-82448" class="wp-caption-text">X Bienal Flamenco ONCE 2026</figcaption></figure>
<hr />
<p style="text-align: left"><em>¿Quieres que tu evento aparezca en nuestra agenda?</em><br />
<em>Es totalmente gratuito: Envíanos la información lo más completa posible y subiremos conforme relevancia y nuestra disponibilidad.</em></p>
<p style="text-align: left"><em>Y si quieres anunciarte con nosotros, tenemos muchas opciones.</em></p>
<p style="text-align: left"><em>Envíanos un mensaje a agenda@expoflamenco.com.</em></p>

<p>Inscripciones hasta las 14h del 15 de Junio La gala de entrega de premios tendrá lugar en el Teatro Isabel la Católica el 15 de octubre La Organización Nacional de Ciegos Españoles en Andalucía, Ceuta y Melilla, convoca la X edición de los premios a los Jóvenes Valores del Flamenco 2026, con ocasión de la [&hellip;]</p>
