{"id":82421,"date":"2026-04-23T10:39:05","date_gmt":"2026-04-23T08:39:05","guid":{"rendered":"https:\/\/expoflamenco.com\/agenda\/?post_type=mec-events&#038;p=82421"},"modified":"2026-04-23T10:51:56","modified_gmt":"2026-04-23T08:51:56","slug":"11a-la-isla-ciudad-flamenca","status":"publish","type":"mec-events","link":"https:\/\/expoflamenco.com\/agenda\/eventos\/11a-la-isla-ciudad-flamenca\/","title":{"rendered":"11\u00aa La Isla Ciudad Flamenca"},"content":{"rendered":"<hr \/>\n<h3 style=\"text-align: center\"><span class=\"desktop-font-size-20\">21 de julio al 31 de agosto<\/span><br \/>\n<span class=\"desktop-font-size-20\">San Fernando, C\u00e1diz.<\/span><\/h3>\n<hr \/>\n<p style=\"text-align: center\">PROGRAMACI\u00d3N PROXIMAMENTE<\/p>\n<hr \/>\n<p style=\"text-align: left\"><strong>I Seminario Flamenco-Jazz La Isla Ciudad Flamenca 2026<\/strong><\/p>\n<p style=\"text-align: left\">Te damos la bienvenida a la primera edici\u00f3n del Seminario de Flamenco-Jazz, organizado por La Isla Ciudad Flamenca bajo la direcci\u00f3n pedag\u00f3gica de Antonio Lizana e Ismael Alcina.<\/p>\n<p style=\"text-align: left\"><strong>El seminario se celebrar\u00e1 en San Fernando (C\u00e1diz) los d\u00edas 17, 18, 19 y 20 de agosto de 2026, en modalidad presencial, en el marco del XI Festival La Isla Ciudad Flamenca, que tendr\u00e1 lugar del 21 de julio al 31 de agosto de 2026.<\/strong><\/p>\n<p style=\"text-align: left\">El equipo docente estar\u00e1 formado por grandes referentes del flamenco y el jazz:<\/p>\n<p style=\"text-align: left\">Antonio Lizana \u2014 voz, saxo e instrumentos mel\u00f3dicos<br \/>\nChano Dom\u00ednguez \u2014 piano<br \/>\nRycardo Moreno \u2014 guitarra flamenca<br \/>\nIsmael Alcina \u2014 bajo el\u00e9ctrico<br \/>\nGuillermo McGill \u2014 bater\u00eda y percusi\u00f3n<\/p>\n<p style=\"text-align: left\">Este seminario nace como un espacio de encuentro, formaci\u00f3n y creaci\u00f3n en torno al di\u00e1logo entre el flamenco y el jazz, dirigido tanto a m\u00fasicos que deseen ampliar su lenguaje art\u00edstico como a oyentes interesados en vivir de cerca esta experiencia formativa.<\/p>\n<p style=\"text-align: left\"><a class=\"btn btn-default\" href=\"https:\/\/docs.google.com\/forms\/d\/e\/1FAIpQLSe1hPdhHygCdirEeRjcsCZ1kgnfTFTzhOcOLLXXYfNEqxD2eg\/viewform\">Info e Inscripci\u00f3n<\/a><\/p>\n<p style=\"text-align: left\"><strong>Horarios orientativos y espacios<\/strong><br \/>\n17 de agosto: acto de inauguraci\u00f3n en horario de tarde<br \/>\nLugar: pendiente de confirmaci\u00f3n<br \/>\n18, 19 y 20 de agosto: clases en horario de ma\u00f1ana y tarde<br \/>\nLugar: C. E. M. Chelista Ruiz Casaux<br \/>\nDel 17 al 20 de agosto: jam sessions y concierto final en horario nocturno<br \/>\nLugar: Sugar Caf\u00e9<br \/>\nModalidades de inscripci\u00f3n<\/p>\n<p style=\"text-align: left\"><strong>Modalidad instrumentista<\/strong><br \/>\n<strong>Precio: 200 \u20ac<\/strong><br \/>\n<strong>Precio reducido: 160 \u20ac para inscripciones realizadas antes del 1 de julio de 2026<\/strong><\/p>\n<p style=\"text-align: left\">Incluye:<\/p>\n<p style=\"text-align: left\">clase de instrumento<br \/>\nclase de combo<br \/>\nmasterclass<br \/>\nmaterial t\u00e9cnico<br \/>\nconcierto final del alumnado<br \/>\nacceso a las jam sessions programadas por la organizaci\u00f3n durante la celebraci\u00f3n del seminario<\/p>\n<p style=\"text-align: left\"><strong>Modalidad oyente<\/strong><br \/>\n<strong>Precio: 80 \u20ac<\/strong><br \/>\n<strong>Precio reducido: 60 \u20ac para inscripciones realizadas antes del 1 de julio de 2026<\/strong><\/p>\n<p style=\"text-align: left\">Incluye:<\/p>\n<p style=\"text-align: left\">acceso presencial, sin participaci\u00f3n activa, a todas las actividades lectivas incluidas en el seminario<\/p>\n<p>&nbsp;<\/p>\n<figure id=\"attachment_82423\" aria-describedby=\"caption-attachment-82423\" style=\"width: 900px\" class=\"wp-caption aligncenter\"><img decoding=\"async\" class=\"size-full wp-image-82423\" src=\"https:\/\/expoflamenco.com\/agenda\/wp-content\/uploads\/sites\/22\/2026\/04\/ciudad-de-la-isla-cartel-2026.webp\" alt=\"\" width=\"900\" height=\"1232\" srcset=\"https:\/\/expoflamenco.com\/agenda\/wp-content\/uploads\/sites\/22\/2026\/04\/ciudad-de-la-isla-cartel-2026.webp 900w, https:\/\/expoflamenco.com\/agenda\/wp-content\/uploads\/sites\/22\/2026\/04\/ciudad-de-la-isla-cartel-2026-278x380.webp 278w, https:\/\/expoflamenco.com\/agenda\/wp-content\/uploads\/sites\/22\/2026\/04\/ciudad-de-la-isla-cartel-2026-416x570.webp 416w, https:\/\/expoflamenco.com\/agenda\/wp-content\/uploads\/sites\/22\/2026\/04\/ciudad-de-la-isla-cartel-2026-768x1051.webp 768w, https:\/\/expoflamenco.com\/agenda\/wp-content\/uploads\/sites\/22\/2026\/04\/ciudad-de-la-isla-cartel-2026-750x1027.webp 750w\" sizes=\"(max-width: 900px) 100vw, 900px\" \/><figcaption id=\"caption-attachment-82423\" class=\"wp-caption-text\">11\u00ba La Isla ciudad flamenca<\/figcaption><\/figure>\n<p>&nbsp;<\/p>\n<hr \/>\n<p><strong><em>\u00bfQuieres que tu evento aparezca en nuestra agenda?<\/em><\/strong><br \/>\n<strong><em>Es totalmente gratuito: Env\u00edanos la informaci\u00f3n lo m\u00e1s completa posible y subiremos conforme relevancia y nuestra disponibilidad.<\/em><\/strong><\/p>\n<p><strong><em>Y si quieres anunciarte con nosotros, tenemos muchas opciones.<\/em><\/strong><\/p>\n<p><strong><em>Env\u00edanos un mensaje a agenda@expoflamenco.com.<\/em><\/strong><\/p>\n","protected":false},"excerpt":{"rendered":"<p>21 de julio al 31 de agosto San Fernando, C\u00e1diz. PROGRAMACI\u00d3N PROXIMAMENTE I Seminario Flamenco-Jazz La Isla Ciudad Flamenca 2026 Te damos la bienvenida a la primera edici\u00f3n del Seminario de Flamenco-Jazz, organizado por La Isla Ciudad Flamenca bajo la direcci\u00f3n pedag\u00f3gica de Antonio Lizana e Ismael Alcina. El seminario se celebrar\u00e1 en San Fernando [&hellip;]<\/p>\n","protected":false},"author":56,"featured_media":82422,"comment_status":"open","ping_status":"closed","template":"","tags":[2057,2059,2058],"mec_category":[477,478,476,1449,472,479],"mec_sponsor":[],"class_list":["post-82421","mec-events","type-mec-events","status-publish","has-post-thumbnail","hentry","tag-ciudad-flamenca","tag-festival-la-isla-ciudad-flamenca","tag-la-isla","mec_category-baile","mec_category-cante","mec_category-concierto","mec_category-curso","mec_category-festival","mec_category-guitarra","pmpro-has-access"],"acf":[],"aioseo_notices":[],"_links":{"self":[{"href":"https:\/\/expoflamenco.com\/agenda\/wp-json\/wp\/v2\/mec-events\/82421","targetHints":{"allow":["GET"]}}],"collection":[{"href":"https:\/\/expoflamenco.com\/agenda\/wp-json\/wp\/v2\/mec-events"}],"about":[{"href":"https:\/\/expoflamenco.com\/agenda\/wp-json\/wp\/v2\/types\/mec-events"}],"author":[{"embeddable":true,"href":"https:\/\/expoflamenco.com\/agenda\/wp-json\/wp\/v2\/users\/56"}],"replies":[{"embeddable":true,"href":"https:\/\/expoflamenco.com\/agenda\/wp-json\/wp\/v2\/comments?post=82421"}],"wp:featuredmedia":[{"embeddable":true,"href":"https:\/\/expoflamenco.com\/agenda\/wp-json\/wp\/v2\/media\/82422"}],"wp:attachment":[{"href":"https:\/\/expoflamenco.com\/agenda\/wp-json\/wp\/v2\/media?parent=82421"}],"wp:term":[{"taxonomy":"post_tag","embeddable":true,"href":"https:\/\/expoflamenco.com\/agenda\/wp-json\/wp\/v2\/tags?post=82421"},{"taxonomy":"mec_category","embeddable":true,"href":"https:\/\/expoflamenco.com\/agenda\/wp-json\/wp\/v2\/mec_category?post=82421"},{"taxonomy":"mec_sponsor","embeddable":true,"href":"https:\/\/expoflamenco.com\/agenda\/wp-json\/wp\/v2\/mec_sponsor?post=82421"}],"curies":[{"name":"wp","href":"https:\/\/api.w.org\/{rel}","templated":true}]}}

11ª La Isla Ciudad Flamenca

<hr />
<h3 style="text-align: center"><span class="desktop-font-size-20">21 de julio al 31 de agosto</span><br />
<span class="desktop-font-size-20">San Fernando, Cádiz.</span></h3>
<hr />
<p style="text-align: center">PROGRAMACIÓN PROXIMAMENTE</p>
<hr />
<p style="text-align: left"><strong>I Seminario Flamenco-Jazz La Isla Ciudad Flamenca 2026</strong></p>
<p style="text-align: left">Te damos la bienvenida a la primera edición del Seminario de Flamenco-Jazz, organizado por La Isla Ciudad Flamenca bajo la dirección pedagógica de Antonio Lizana e Ismael Alcina.</p>
<p style="text-align: left"><strong>El seminario se celebrará en San Fernando (Cádiz) los días 17, 18, 19 y 20 de agosto de 2026, en modalidad presencial, en el marco del XI Festival La Isla Ciudad Flamenca, que tendrá lugar del 21 de julio al 31 de agosto de 2026.</strong></p>
<p style="text-align: left">El equipo docente estará formado por grandes referentes del flamenco y el jazz:</p>
<p style="text-align: left">Antonio Lizana — voz, saxo e instrumentos melódicos<br />
Chano Domínguez — piano<br />
Rycardo Moreno — guitarra flamenca<br />
Ismael Alcina — bajo eléctrico<br />
Guillermo McGill — batería y percusión</p>
<p style="text-align: left">Este seminario nace como un espacio de encuentro, formación y creación en torno al diálogo entre el flamenco y el jazz, dirigido tanto a músicos que deseen ampliar su lenguaje artístico como a oyentes interesados en vivir de cerca esta experiencia formativa.</p>
<p style="text-align: left"><a class="btn btn-default" href="https://docs.google.com/forms/d/e/1FAIpQLSe1hPdhHygCdirEeRjcsCZ1kgnfTFTzhOcOLLXXYfNEqxD2eg/viewform">Info e Inscripción</a></p>
<p style="text-align: left"><strong>Horarios orientativos y espacios</strong><br />
17 de agosto: acto de inauguración en horario de tarde<br />
Lugar: pendiente de confirmación<br />
18, 19 y 20 de agosto: clases en horario de mañana y tarde<br />
Lugar: C. E. M. Chelista Ruiz Casaux<br />
Del 17 al 20 de agosto: jam sessions y concierto final en horario nocturno<br />
Lugar: Sugar Café<br />
Modalidades de inscripción</p>
<p style="text-align: left"><strong>Modalidad instrumentista</strong><br />
<strong>Precio: 200 €</strong><br />
<strong>Precio reducido: 160 € para inscripciones realizadas antes del 1 de julio de 2026</strong></p>
<p style="text-align: left">Incluye:</p>
<p style="text-align: left">clase de instrumento<br />
clase de combo<br />
masterclass<br />
material técnico<br />
concierto final del alumnado<br />
acceso a las jam sessions programadas por la organización durante la celebración del seminario</p>
<p style="text-align: left"><strong>Modalidad oyente</strong><br />
<strong>Precio: 80 €</strong><br />
<strong>Precio reducido: 60 € para inscripciones realizadas antes del 1 de julio de 2026</strong></p>
<p style="text-align: left">Incluye:</p>
<p style="text-align: left">acceso presencial, sin participación activa, a todas las actividades lectivas incluidas en el seminario</p>
<p>&nbsp;</p>
<figure id="attachment_82423" aria-describedby="caption-attachment-82423" style="width: 900px" class="wp-caption aligncenter"><img decoding="async" class="size-full wp-image-82423" src="https://expoflamenco.com/agenda/wp-content/uploads/sites/22/2026/04/ciudad-de-la-isla-cartel-2026.webp" alt="" width="900" height="1232" srcset="https://expoflamenco.com/agenda/wp-content/uploads/sites/22/2026/04/ciudad-de-la-isla-cartel-2026.webp 900w, https://expoflamenco.com/agenda/wp-content/uploads/sites/22/2026/04/ciudad-de-la-isla-cartel-2026-278x380.webp 278w, https://expoflamenco.com/agenda/wp-content/uploads/sites/22/2026/04/ciudad-de-la-isla-cartel-2026-416x570.webp 416w, https://expoflamenco.com/agenda/wp-content/uploads/sites/22/2026/04/ciudad-de-la-isla-cartel-2026-768x1051.webp 768w, https://expoflamenco.com/agenda/wp-content/uploads/sites/22/2026/04/ciudad-de-la-isla-cartel-2026-750x1027.webp 750w" sizes="(max-width: 900px) 100vw, 900px" /><figcaption id="caption-attachment-82423" class="wp-caption-text">11º La Isla ciudad flamenca</figcaption></figure>
<p>&nbsp;</p>
<hr />
<p><strong><em>¿Quieres que tu evento aparezca en nuestra agenda?</em></strong><br />
<strong><em>Es totalmente gratuito: Envíanos la información lo más completa posible y subiremos conforme relevancia y nuestra disponibilidad.</em></strong></p>
<p><strong><em>Y si quieres anunciarte con nosotros, tenemos muchas opciones.</em></strong></p>
<p><strong><em>Envíanos un mensaje a agenda@expoflamenco.com.</em></strong></p>

<p>21 de julio al 31 de agosto San Fernando, Cádiz. PROGRAMACIÓN PROXIMAMENTE I Seminario Flamenco-Jazz La Isla Ciudad Flamenca 2026 Te damos la bienvenida a la primera edición del Seminario de Flamenco-Jazz, organizado por La Isla Ciudad Flamenca bajo la dirección pedagógica de Antonio Lizana e Ismael Alcina. El seminario se celebrará en San Fernando [&hellip;]</p>
