{"id":82209,"date":"2026-03-30T13:17:14","date_gmt":"2026-03-30T11:17:14","guid":{"rendered":"https:\/\/expoflamenco.com\/agenda\/?post_type=mec-events&#038;p=82209"},"modified":"2026-03-30T13:17:14","modified_gmt":"2026-03-30T11:17:14","slug":"flamenco-lo-seras-tu-2026-malaga","status":"publish","type":"mec-events","link":"https:\/\/expoflamenco.com\/agenda\/eventos\/flamenco-lo-seras-tu-2026-malaga\/","title":{"rendered":"\u00abFlamenco lo ser\u00e1s t\u00fa\u00bb 2026. M\u00e1laga"},"content":{"rendered":"<hr \/>\n<h3 style=\"text-align: center\">15 al 19 de abril<br \/>\nTeatro Cervantes de M\u00e1laga<\/h3>\n<hr \/>\n<h4 style=\"text-align: left\">Programaci\u00f3n:<\/h4>\n<p style=\"text-align: left\"><strong>15 abril 2026<\/strong><\/p>\n<p>\u2018Calentamiento\u2019. Roc\u00edo Molina<br \/>\n20:00 &#8211; Teatro Cervantes de M\u00e1laga<\/p>\n<p><strong>16 abril 2026<\/strong><\/p>\n<p>\u2018Dicen que para cantar\u2019. Pedro el Grana\u00edno<br \/>\n20:00 &#8211; Teatro Cervantes de M\u00e1laga<\/p>\n<p><strong>17 abril 2026<\/strong><\/p>\n<p>\u2018De oro y marfil\u2019. Israel Fern\u00e1ndez<br \/>\n20:00 &#8211; Teatro Cervantes de M\u00e1laga<\/p>\n<p><strong>18 abril 2026<\/strong><\/p>\n<p>\u2018Musicland\u2019. El Farru<br \/>\n20:00 &#8211; Teatro Cervantes de M\u00e1laga<\/p>\n<p><strong>18 abril 2026<\/strong><\/p>\n<p>Antonio Agujetas Chico<br \/>\n13:00 &#8211; Museo Interactivo de la M\u00fasica MIMMA &#8211; M\u00e1laga<\/p>\n<p><strong>19 abril 2026<\/strong><\/p>\n<p>Mayte Mart\u00edn<br \/>\n20:00 &#8211; Teatro Cervantes de M\u00e1laga<\/p>\n<p><strong>19 abril 2026<\/strong><\/p>\n<p>Lela Soto<br \/>\n13:00 &#8211; Museo Interactivo de la M\u00fasica MIMMA &#8211; M\u00e1laga<\/p>\n<hr \/>\n<p><em>\u00bfQuieres que tu evento aparezca en nuestra agenda? Es totalmente gratuito: Env\u00edanos la informaci\u00f3n lo m\u00e1s completa posible y subiremos conforme relevancia y nuestra disponibilidad. Tendr\u00e1n prioridad los eventos con programaci\u00f3n mensual o ciclos. Y si quieres anunciarte con nosotros, tenemos muchas opciones. Env\u00edanos un mensaje a agenda@expoflamenco.com.<\/em><\/p>\n","protected":false},"excerpt":{"rendered":"<p>Flamenco lo ser\u00e1s t\u00fa 2026<\/p>\n","protected":false},"author":56,"featured_media":82210,"comment_status":"open","ping_status":"closed","template":"","tags":[1805,130,2020,117],"mec_category":[476],"mec_sponsor":[],"class_list":["post-82209","mec-events","type-mec-events","status-publish","has-post-thumbnail","hentry","tag-1805","tag-flamenco","tag-flamenco-lo-seras-tu","tag-malaga","mec_category-concierto","pmpro-has-access"],"acf":[],"aioseo_notices":[],"_links":{"self":[{"href":"https:\/\/expoflamenco.com\/agenda\/wp-json\/wp\/v2\/mec-events\/82209","targetHints":{"allow":["GET"]}}],"collection":[{"href":"https:\/\/expoflamenco.com\/agenda\/wp-json\/wp\/v2\/mec-events"}],"about":[{"href":"https:\/\/expoflamenco.com\/agenda\/wp-json\/wp\/v2\/types\/mec-events"}],"author":[{"embeddable":true,"href":"https:\/\/expoflamenco.com\/agenda\/wp-json\/wp\/v2\/users\/56"}],"replies":[{"embeddable":true,"href":"https:\/\/expoflamenco.com\/agenda\/wp-json\/wp\/v2\/comments?post=82209"}],"wp:featuredmedia":[{"embeddable":true,"href":"https:\/\/expoflamenco.com\/agenda\/wp-json\/wp\/v2\/media\/82210"}],"wp:attachment":[{"href":"https:\/\/expoflamenco.com\/agenda\/wp-json\/wp\/v2\/media?parent=82209"}],"wp:term":[{"taxonomy":"post_tag","embeddable":true,"href":"https:\/\/expoflamenco.com\/agenda\/wp-json\/wp\/v2\/tags?post=82209"},{"taxonomy":"mec_category","embeddable":true,"href":"https:\/\/expoflamenco.com\/agenda\/wp-json\/wp\/v2\/mec_category?post=82209"},{"taxonomy":"mec_sponsor","embeddable":true,"href":"https:\/\/expoflamenco.com\/agenda\/wp-json\/wp\/v2\/mec_sponsor?post=82209"}],"curies":[{"name":"wp","href":"https:\/\/api.w.org\/{rel}","templated":true}]}}

«Flamenco lo serás tú» 2026. Málaga

<hr />
<h3 style="text-align: center">15 al 19 de abril<br />
Teatro Cervantes de Málaga</h3>
<hr />
<h4 style="text-align: left">Programación:</h4>
<p style="text-align: left"><strong>15 abril 2026</strong></p>
<p>‘Calentamiento’. Rocío Molina<br />
20:00 &#8211; Teatro Cervantes de Málaga</p>
<p><strong>16 abril 2026</strong></p>
<p>‘Dicen que para cantar’. Pedro el Granaíno<br />
20:00 &#8211; Teatro Cervantes de Málaga</p>
<p><strong>17 abril 2026</strong></p>
<p>‘De oro y marfil’. Israel Fernández<br />
20:00 &#8211; Teatro Cervantes de Málaga</p>
<p><strong>18 abril 2026</strong></p>
<p>‘Musicland’. El Farru<br />
20:00 &#8211; Teatro Cervantes de Málaga</p>
<p><strong>18 abril 2026</strong></p>
<p>Antonio Agujetas Chico<br />
13:00 &#8211; Museo Interactivo de la Música MIMMA &#8211; Málaga</p>
<p><strong>19 abril 2026</strong></p>
<p>Mayte Martín<br />
20:00 &#8211; Teatro Cervantes de Málaga</p>
<p><strong>19 abril 2026</strong></p>
<p>Lela Soto<br />
13:00 &#8211; Museo Interactivo de la Música MIMMA &#8211; Málaga</p>
<hr />
<p><em>¿Quieres que tu evento aparezca en nuestra agenda? Es totalmente gratuito: Envíanos la información lo más completa posible y subiremos conforme relevancia y nuestra disponibilidad. Tendrán prioridad los eventos con programación mensual o ciclos. Y si quieres anunciarte con nosotros, tenemos muchas opciones. Envíanos un mensaje a agenda@expoflamenco.com.</em></p>

<p>Flamenco lo serás tú 2026</p>
