{"id":82197,"date":"2026-03-30T11:26:52","date_gmt":"2026-03-30T09:26:52","guid":{"rendered":"https:\/\/expoflamenco.com\/agenda\/?post_type=mec-events&#038;p=82197"},"modified":"2026-03-31T10:52:07","modified_gmt":"2026-03-31T08:52:07","slug":"saetas-en-los-balcones-semana-santa-jerez-de-la-frontera-2026","status":"publish","type":"mec-events","link":"https:\/\/expoflamenco.com\/agenda\/eventos\/saetas-en-los-balcones-semana-santa-jerez-de-la-frontera-2026\/","title":{"rendered":"Venerarte con Saetas. Saetas en los Balcones. Semana Santa Jerez de la Frontera 2026"},"content":{"rendered":"<hr \/>\n<h3 style=\"text-align: center\">27 de Marzo a 04 de Abril<\/h3>\n<hr \/>\n<p style=\"text-align: left\"><a class=\"btn btn-default\" href=\"https:\/\/expoflamenco.com\/revista\/las-penas-flamencas-de-jerez-acogen-el-ciclo-religioso-venerarte-con-saetas\/\">Ver Noticia<\/a><\/p>\n<p>&nbsp;<\/p>\n<p><img decoding=\"async\" class=\"aligncenter size-full wp-image-82199\" src=\"https:\/\/expoflamenco.com\/agenda\/wp-content\/uploads\/sites\/22\/2026\/03\/Saetas-al-Paso-de-Misterio-Palacio-de-San-Dionisio.webp\" alt=\"\" width=\"900\" height=\"1125\" srcset=\"https:\/\/expoflamenco.com\/agenda\/wp-content\/uploads\/sites\/22\/2026\/03\/Saetas-al-Paso-de-Misterio-Palacio-de-San-Dionisio.webp 900w, https:\/\/expoflamenco.com\/agenda\/wp-content\/uploads\/sites\/22\/2026\/03\/Saetas-al-Paso-de-Misterio-Palacio-de-San-Dionisio-304x380.webp 304w, https:\/\/expoflamenco.com\/agenda\/wp-content\/uploads\/sites\/22\/2026\/03\/Saetas-al-Paso-de-Misterio-Palacio-de-San-Dionisio-456x570.webp 456w, https:\/\/expoflamenco.com\/agenda\/wp-content\/uploads\/sites\/22\/2026\/03\/Saetas-al-Paso-de-Misterio-Palacio-de-San-Dionisio-768x960.webp 768w, https:\/\/expoflamenco.com\/agenda\/wp-content\/uploads\/sites\/22\/2026\/03\/Saetas-al-Paso-de-Misterio-Palacio-de-San-Dionisio-750x938.webp 750w\" sizes=\"(max-width: 900px) 100vw, 900px\" \/> <img decoding=\"async\" class=\"aligncenter size-full wp-image-82200\" src=\"https:\/\/expoflamenco.com\/agenda\/wp-content\/uploads\/sites\/22\/2026\/03\/SAETAS-BALCON-PENA-LA-BULERIA-2026.webp\" alt=\"\" width=\"900\" height=\"1273\" srcset=\"https:\/\/expoflamenco.com\/agenda\/wp-content\/uploads\/sites\/22\/2026\/03\/SAETAS-BALCON-PENA-LA-BULERIA-2026.webp 900w, https:\/\/expoflamenco.com\/agenda\/wp-content\/uploads\/sites\/22\/2026\/03\/SAETAS-BALCON-PENA-LA-BULERIA-2026-269x380.webp 269w, https:\/\/expoflamenco.com\/agenda\/wp-content\/uploads\/sites\/22\/2026\/03\/SAETAS-BALCON-PENA-LA-BULERIA-2026-403x570.webp 403w, https:\/\/expoflamenco.com\/agenda\/wp-content\/uploads\/sites\/22\/2026\/03\/SAETAS-BALCON-PENA-LA-BULERIA-2026-768x1086.webp 768w, https:\/\/expoflamenco.com\/agenda\/wp-content\/uploads\/sites\/22\/2026\/03\/SAETAS-BALCON-PENA-LA-BULERIA-2026-750x1061.webp 750w\" sizes=\"(max-width: 900px) 100vw, 900px\" \/><\/p>\n<p><img decoding=\"async\" class=\"aligncenter size-full wp-image-82222\" src=\"https:\/\/expoflamenco.com\/agenda\/wp-content\/uploads\/sites\/22\/2026\/03\/semana-santa-pena-buena-gente.webp\" alt=\"\" width=\"1440\" height=\"1760\" srcset=\"https:\/\/expoflamenco.com\/agenda\/wp-content\/uploads\/sites\/22\/2026\/03\/semana-santa-pena-buena-gente.webp 1440w, https:\/\/expoflamenco.com\/agenda\/wp-content\/uploads\/sites\/22\/2026\/03\/semana-santa-pena-buena-gente-311x380.webp 311w, https:\/\/expoflamenco.com\/agenda\/wp-content\/uploads\/sites\/22\/2026\/03\/semana-santa-pena-buena-gente-466x570.webp 466w, https:\/\/expoflamenco.com\/agenda\/wp-content\/uploads\/sites\/22\/2026\/03\/semana-santa-pena-buena-gente-768x939.webp 768w, https:\/\/expoflamenco.com\/agenda\/wp-content\/uploads\/sites\/22\/2026\/03\/semana-santa-pena-buena-gente-1257x1536.webp 1257w, https:\/\/expoflamenco.com\/agenda\/wp-content\/uploads\/sites\/22\/2026\/03\/semana-santa-pena-buena-gente-750x917.webp 750w, https:\/\/expoflamenco.com\/agenda\/wp-content\/uploads\/sites\/22\/2026\/03\/semana-santa-pena-buena-gente-1140x1393.webp 1140w\" sizes=\"(max-width: 1440px) 100vw, 1440px\" \/><\/p>\n<p><img decoding=\"async\" class=\"aligncenter size-full wp-image-82198\" src=\"https:\/\/expoflamenco.com\/agenda\/wp-content\/uploads\/sites\/22\/2026\/03\/cartel-semana-santa-saetas-2026.webp\" alt=\"\" width=\"841\" height=\"1200\" srcset=\"https:\/\/expoflamenco.com\/agenda\/wp-content\/uploads\/sites\/22\/2026\/03\/cartel-semana-santa-saetas-2026.webp 841w, https:\/\/expoflamenco.com\/agenda\/wp-content\/uploads\/sites\/22\/2026\/03\/cartel-semana-santa-saetas-2026-266x380.webp 266w, https:\/\/expoflamenco.com\/agenda\/wp-content\/uploads\/sites\/22\/2026\/03\/cartel-semana-santa-saetas-2026-399x570.webp 399w, https:\/\/expoflamenco.com\/agenda\/wp-content\/uploads\/sites\/22\/2026\/03\/cartel-semana-santa-saetas-2026-768x1096.webp 768w, https:\/\/expoflamenco.com\/agenda\/wp-content\/uploads\/sites\/22\/2026\/03\/cartel-semana-santa-saetas-2026-750x1070.webp 750w\" sizes=\"(max-width: 841px) 100vw, 841px\" \/><\/p>\n<hr \/>\n<p>\u00bfQuieres que tu evento aparezca en nuestra agenda? Es totalmente gratuito: Env\u00edanos la informaci\u00f3n lo m\u00e1s completa posible y subiremos conforme relevancia y nuestra disponibilidad. Tendr\u00e1n prioridad los eventos con programaci\u00f3n mensual o ciclos. Y si quieres anunciarte con nosotros, tenemos muchas opciones. Env\u00edanos un mensaje a agenda@expoflamenco.com.<\/p>\n","protected":false},"excerpt":{"rendered":"<p>Listado de las saetas de la Semana Santa de Jerez de la Frontera 2026<\/p>\n","protected":false},"author":56,"featured_media":82201,"comment_status":"open","ping_status":"closed","template":"","tags":[1805,745,1154,2017,1424],"mec_category":[478,1279],"mec_sponsor":[],"class_list":["post-82197","mec-events","type-mec-events","status-publish","has-post-thumbnail","hentry","tag-1805","tag-jerez-de-la-frontera","tag-saetas","tag-saetas-en-los-balcones","tag-semana-santa","mec_category-cante","mec_category-saetas","pmpro-has-access"],"acf":[],"aioseo_notices":[],"_links":{"self":[{"href":"https:\/\/expoflamenco.com\/agenda\/wp-json\/wp\/v2\/mec-events\/82197","targetHints":{"allow":["GET"]}}],"collection":[{"href":"https:\/\/expoflamenco.com\/agenda\/wp-json\/wp\/v2\/mec-events"}],"about":[{"href":"https:\/\/expoflamenco.com\/agenda\/wp-json\/wp\/v2\/types\/mec-events"}],"author":[{"embeddable":true,"href":"https:\/\/expoflamenco.com\/agenda\/wp-json\/wp\/v2\/users\/56"}],"replies":[{"embeddable":true,"href":"https:\/\/expoflamenco.com\/agenda\/wp-json\/wp\/v2\/comments?post=82197"}],"wp:featuredmedia":[{"embeddable":true,"href":"https:\/\/expoflamenco.com\/agenda\/wp-json\/wp\/v2\/media\/82201"}],"wp:attachment":[{"href":"https:\/\/expoflamenco.com\/agenda\/wp-json\/wp\/v2\/media?parent=82197"}],"wp:term":[{"taxonomy":"post_tag","embeddable":true,"href":"https:\/\/expoflamenco.com\/agenda\/wp-json\/wp\/v2\/tags?post=82197"},{"taxonomy":"mec_category","embeddable":true,"href":"https:\/\/expoflamenco.com\/agenda\/wp-json\/wp\/v2\/mec_category?post=82197"},{"taxonomy":"mec_sponsor","embeddable":true,"href":"https:\/\/expoflamenco.com\/agenda\/wp-json\/wp\/v2\/mec_sponsor?post=82197"}],"curies":[{"name":"wp","href":"https:\/\/api.w.org\/{rel}","templated":true}]}}

<hr />
<h3 style="text-align: center">27 de Marzo a 04 de Abril</h3>
<hr />
<p style="text-align: left"><a class="btn btn-default" href="https://expoflamenco.com/revista/las-penas-flamencas-de-jerez-acogen-el-ciclo-religioso-venerarte-con-saetas/">Ver Noticia</a></p>
<p>&nbsp;</p>
<p><img decoding="async" class="aligncenter size-full wp-image-82199" src="https://expoflamenco.com/agenda/wp-content/uploads/sites/22/2026/03/Saetas-al-Paso-de-Misterio-Palacio-de-San-Dionisio.webp" alt="" width="900" height="1125" srcset="https://expoflamenco.com/agenda/wp-content/uploads/sites/22/2026/03/Saetas-al-Paso-de-Misterio-Palacio-de-San-Dionisio.webp 900w, https://expoflamenco.com/agenda/wp-content/uploads/sites/22/2026/03/Saetas-al-Paso-de-Misterio-Palacio-de-San-Dionisio-304x380.webp 304w, https://expoflamenco.com/agenda/wp-content/uploads/sites/22/2026/03/Saetas-al-Paso-de-Misterio-Palacio-de-San-Dionisio-456x570.webp 456w, https://expoflamenco.com/agenda/wp-content/uploads/sites/22/2026/03/Saetas-al-Paso-de-Misterio-Palacio-de-San-Dionisio-768x960.webp 768w, https://expoflamenco.com/agenda/wp-content/uploads/sites/22/2026/03/Saetas-al-Paso-de-Misterio-Palacio-de-San-Dionisio-750x938.webp 750w" sizes="(max-width: 900px) 100vw, 900px" /> <img decoding="async" class="aligncenter size-full wp-image-82200" src="https://expoflamenco.com/agenda/wp-content/uploads/sites/22/2026/03/SAETAS-BALCON-PENA-LA-BULERIA-2026.webp" alt="" width="900" height="1273" srcset="https://expoflamenco.com/agenda/wp-content/uploads/sites/22/2026/03/SAETAS-BALCON-PENA-LA-BULERIA-2026.webp 900w, https://expoflamenco.com/agenda/wp-content/uploads/sites/22/2026/03/SAETAS-BALCON-PENA-LA-BULERIA-2026-269x380.webp 269w, https://expoflamenco.com/agenda/wp-content/uploads/sites/22/2026/03/SAETAS-BALCON-PENA-LA-BULERIA-2026-403x570.webp 403w, https://expoflamenco.com/agenda/wp-content/uploads/sites/22/2026/03/SAETAS-BALCON-PENA-LA-BULERIA-2026-768x1086.webp 768w, https://expoflamenco.com/agenda/wp-content/uploads/sites/22/2026/03/SAETAS-BALCON-PENA-LA-BULERIA-2026-750x1061.webp 750w" sizes="(max-width: 900px) 100vw, 900px" /></p>
<p><img decoding="async" class="aligncenter size-full wp-image-82222" src="https://expoflamenco.com/agenda/wp-content/uploads/sites/22/2026/03/semana-santa-pena-buena-gente.webp" alt="" width="1440" height="1760" srcset="https://expoflamenco.com/agenda/wp-content/uploads/sites/22/2026/03/semana-santa-pena-buena-gente.webp 1440w, https://expoflamenco.com/agenda/wp-content/uploads/sites/22/2026/03/semana-santa-pena-buena-gente-311x380.webp 311w, https://expoflamenco.com/agenda/wp-content/uploads/sites/22/2026/03/semana-santa-pena-buena-gente-466x570.webp 466w, https://expoflamenco.com/agenda/wp-content/uploads/sites/22/2026/03/semana-santa-pena-buena-gente-768x939.webp 768w, https://expoflamenco.com/agenda/wp-content/uploads/sites/22/2026/03/semana-santa-pena-buena-gente-1257x1536.webp 1257w, https://expoflamenco.com/agenda/wp-content/uploads/sites/22/2026/03/semana-santa-pena-buena-gente-750x917.webp 750w, https://expoflamenco.com/agenda/wp-content/uploads/sites/22/2026/03/semana-santa-pena-buena-gente-1140x1393.webp 1140w" sizes="(max-width: 1440px) 100vw, 1440px" /></p>
<p><img decoding="async" class="aligncenter size-full wp-image-82198" src="https://expoflamenco.com/agenda/wp-content/uploads/sites/22/2026/03/cartel-semana-santa-saetas-2026.webp" alt="" width="841" height="1200" srcset="https://expoflamenco.com/agenda/wp-content/uploads/sites/22/2026/03/cartel-semana-santa-saetas-2026.webp 841w, https://expoflamenco.com/agenda/wp-content/uploads/sites/22/2026/03/cartel-semana-santa-saetas-2026-266x380.webp 266w, https://expoflamenco.com/agenda/wp-content/uploads/sites/22/2026/03/cartel-semana-santa-saetas-2026-399x570.webp 399w, https://expoflamenco.com/agenda/wp-content/uploads/sites/22/2026/03/cartel-semana-santa-saetas-2026-768x1096.webp 768w, https://expoflamenco.com/agenda/wp-content/uploads/sites/22/2026/03/cartel-semana-santa-saetas-2026-750x1070.webp 750w" sizes="(max-width: 841px) 100vw, 841px" /></p>
<hr />
<p>¿Quieres que tu evento aparezca en nuestra agenda? Es totalmente gratuito: Envíanos la información lo más completa posible y subiremos conforme relevancia y nuestra disponibilidad. Tendrán prioridad los eventos con programación mensual o ciclos. Y si quieres anunciarte con nosotros, tenemos muchas opciones. Envíanos un mensaje a agenda@expoflamenco.com.</p>
