{"id":82194,"date":"2026-03-30T12:34:24","date_gmt":"2026-03-30T10:34:24","guid":{"rendered":"https:\/\/expoflamenco.com\/agenda\/?post_type=mec-events&#038;p=82194"},"modified":"2026-03-30T12:50:08","modified_gmt":"2026-03-30T10:50:08","slug":"flamenco-real-talegona-y-luis-mariano","status":"publish","type":"mec-events","link":"https:\/\/expoflamenco.com\/agenda\/eventos\/flamenco-real-talegona-y-luis-mariano\/","title":{"rendered":"Flamenco Real. Talegona y Luis Mariano"},"content":{"rendered":"<hr \/>\n<h3 style=\"text-align: center\">de 15 al 17 de Abril<\/h3>\n<hr \/>\n<p style=\"text-align: left\"><strong>Directo, Jondo y Real: Talegona &amp; Luis Mariano<\/strong><\/p>\n<p style=\"text-align: left\">El flamenco no se ve, se vive.<\/p>\n<p style=\"text-align: left\"><strong>Carmen\u00a0<em>Talegona<\/em>, baile<\/strong><\/p>\n<p style=\"text-align: left\">Carmen Talegona (C\u00f3rdoba, 1976) pertenece a una reconocida saga flamenca y es hoy una de las bailaoras m\u00e1s s\u00f3lidas de su generaci\u00f3n. Ha desarrollado una amplia trayectoria como solista y artista invitada en compa\u00f1\u00edas de referencia del flamenco, trabajando junto a figuras como Manolete, El G\u00fcito, Crist\u00f3bal Reyes, Antonio Canales, Rafael Amargo, Juan Andr\u00e9s Maya o Blanca del Rey.<\/p>\n<p style=\"text-align: left\">A lo largo de su carrera ha participado en numerosos proyectos esc\u00e9nicos en Espa\u00f1a y en el extranjero, entre ellos\u00a0<em>Pura Pasi\u00f3n<\/em>,\u00a0<em>Princesas del Flamenco<\/em>,<em>\u00a0Maya o Bailaoras<\/em>,\u00a0<em>El Nuevo Tiempo<\/em>, as\u00ed como en<em>\u00a0Sevilla a comp\u00e1s\u00a0<\/em>de Antonio Canales. Paralelamente, ha creado espect\u00e1culos propios como\u00a0<em>Talegoneando<\/em>,\u00a0<em>Gesto Flamenco<\/em>,\u00a0<em>Oro Molido o Memoria,<\/em>\u00a0compaginando su actividad art\u00edstica con la docencia.<br \/>\n<strong>Luis Mariano, guitarra<\/strong><\/p>\n<p style=\"text-align: left\">Luis Mariano Renedo de Lucas (Granada) es un guitarrista flamenco de gran trayectoria, reconocido por su musicalidad, limpieza t\u00e9cnica y capacidad para dialogar con el cante y el baile desde una guitarra profundamente expresiva. Se form\u00f3 con maestros granadinos como Pepe\u00a0<em>el Marino<\/em>\u00a0y\u00a0<em>Gazpacho<\/em>, y comenz\u00f3 su carrera profesional en el\u00a0<em>tablao\u00a0<\/em>Reina Mora. Ha acompa\u00f1ado a figuras como Mariquilla, Estrella Morente, Farruquito, Diego\u00a0<em>el Cigala<\/em>, Manuel Li\u00f1\u00e1n o Juan Andr\u00e9s Maya, y ha actuado en escenarios de prestigio como el City Center de Nueva York, la \u00d3pera de Damasco o el Teatro Nacional de Teher\u00e1n. Como compositor, ha creado la m\u00fasica de espect\u00e1culos como\u00a0<em>Tauro\u00a0<\/em>y<em>\u00a0Mundo y aparte<\/em>\u00a0de Manuel Li\u00f1\u00e1n o\u00a0<em>Fire and Sand<\/em>\u00a0de Tatiana Garrido. Ha sido premiado en el Concurso Nacional de Guitarra de Jumilla.<\/p>\n<p style=\"text-align: left\"><strong>La Bienal Flamenco Madrid<\/strong>, creada en 2025 por el ayuntamiento de la capital y bajo la direcci\u00f3n art\u00edstica del bailaor y core\u00f3grafo \u00c1ngel Rojas, nace como una gran apuesta institucional para consolidar a Madrid como capital mundial del arte jondo. En su primera edici\u00f3n, celebrada durante el mes de mayo en espacios como Matadero, Teatros del Canal, Teatro Espa\u00f1ol y los centros Paco Rabal y Pilar Mir\u00f3, reuni\u00f3 a figuras de prestigio como el Farru, Marco Flores, Eduardo Guerrero, Vanesa Coloma y Sara Calero. Su programaci\u00f3n se complet\u00f3 con talleres, congresos, conferencias y clases magistrales hasta posicionar a la Bienal como un nuevo referente internacional del flamenco.<\/p>\n<div class=\"jeg_video_container jeg_video_content\"><iframe loading=\"lazy\" title=\"Carmen Talegona &amp; Luis Mariano en el tablao del Teatro Real \ud83d\udc83\ud83c\udfbc 15, 16 y 17 de abril a las 20:00h\" width=\"500\" height=\"281\" src=\"https:\/\/www.youtube.com\/embed\/TmBSuphcgq4?feature=oembed\" frameborder=\"0\" allow=\"accelerometer; autoplay; clipboard-write; encrypted-media; gyroscope; picture-in-picture; web-share\" referrerpolicy=\"strict-origin-when-cross-origin\" allowfullscreen><\/iframe><\/div>\n<hr \/>\n<p><strong><em>\u00bfQuieres que tu evento aparezca en nuestra agenda? Es totalmente gratuito: Env\u00edanos la informaci\u00f3n lo m\u00e1s completa posible y subiremos conforme relevancia y nuestra disponibilidad. Tendr\u00e1n prioridad los eventos con programaci\u00f3n mensual o ciclos. Y si quieres anunciarte con nosotros, tenemos muchas opciones. Env\u00edanos un mensaje a agenda@expoflamenco.com.<\/em><\/strong><\/p>\n<hr \/>\n","protected":false},"excerpt":{"rendered":"<p>de 15 al 17 de Abril Directo, Jondo y Real: Talegona &amp; Luis Mariano El flamenco no se ve, se vive. Carmen\u00a0Talegona, baile Carmen Talegona (C\u00f3rdoba, 1976) pertenece a una reconocida saga flamenca y es hoy una de las bailaoras m\u00e1s s\u00f3lidas de su generaci\u00f3n. Ha desarrollado una amplia trayectoria como solista y artista invitada [&hellip;]<\/p>\n","protected":false},"author":56,"featured_media":82207,"comment_status":"open","ping_status":"closed","template":"","tags":[2018,862,2019,861],"mec_category":[477,478,475],"mec_sponsor":[],"class_list":["post-82194","mec-events","type-mec-events","status-publish","has-post-thumbnail","hentry","tag-carmen-talegona","tag-flamenco-real","tag-luis-mariano","tag-teatro-real","mec_category-baile","mec_category-cante","mec_category-espectaculo","pmpro-has-access"],"acf":[],"aioseo_notices":[],"_links":{"self":[{"href":"https:\/\/expoflamenco.com\/agenda\/wp-json\/wp\/v2\/mec-events\/82194","targetHints":{"allow":["GET"]}}],"collection":[{"href":"https:\/\/expoflamenco.com\/agenda\/wp-json\/wp\/v2\/mec-events"}],"about":[{"href":"https:\/\/expoflamenco.com\/agenda\/wp-json\/wp\/v2\/types\/mec-events"}],"author":[{"embeddable":true,"href":"https:\/\/expoflamenco.com\/agenda\/wp-json\/wp\/v2\/users\/56"}],"replies":[{"embeddable":true,"href":"https:\/\/expoflamenco.com\/agenda\/wp-json\/wp\/v2\/comments?post=82194"}],"wp:featuredmedia":[{"embeddable":true,"href":"https:\/\/expoflamenco.com\/agenda\/wp-json\/wp\/v2\/media\/82207"}],"wp:attachment":[{"href":"https:\/\/expoflamenco.com\/agenda\/wp-json\/wp\/v2\/media?parent=82194"}],"wp:term":[{"taxonomy":"post_tag","embeddable":true,"href":"https:\/\/expoflamenco.com\/agenda\/wp-json\/wp\/v2\/tags?post=82194"},{"taxonomy":"mec_category","embeddable":true,"href":"https:\/\/expoflamenco.com\/agenda\/wp-json\/wp\/v2\/mec_category?post=82194"},{"taxonomy":"mec_sponsor","embeddable":true,"href":"https:\/\/expoflamenco.com\/agenda\/wp-json\/wp\/v2\/mec_sponsor?post=82194"}],"curies":[{"name":"wp","href":"https:\/\/api.w.org\/{rel}","templated":true}]}}

<hr />
<h3 style="text-align: center">de 15 al 17 de Abril</h3>
<hr />
<p style="text-align: left"><strong>Directo, Jondo y Real: Talegona &amp; Luis Mariano</strong></p>
<p style="text-align: left">El flamenco no se ve, se vive.</p>
<p style="text-align: left"><strong>Carmen <em>Talegona</em>, baile</strong></p>
<p style="text-align: left">Carmen Talegona (Córdoba, 1976) pertenece a una reconocida saga flamenca y es hoy una de las bailaoras más sólidas de su generación. Ha desarrollado una amplia trayectoria como solista y artista invitada en compañías de referencia del flamenco, trabajando junto a figuras como Manolete, El Güito, Cristóbal Reyes, Antonio Canales, Rafael Amargo, Juan Andrés Maya o Blanca del Rey.</p>
<p style="text-align: left">A lo largo de su carrera ha participado en numerosos proyectos escénicos en España y en el extranjero, entre ellos <em>Pura Pasión</em>, <em>Princesas del Flamenco</em>,<em> Maya o Bailaoras</em>, <em>El Nuevo Tiempo</em>, así como en<em> Sevilla a compás </em>de Antonio Canales. Paralelamente, ha creado espectáculos propios como <em>Talegoneando</em>, <em>Gesto Flamenco</em>, <em>Oro Molido o Memoria,</em> compaginando su actividad artística con la docencia.<br />
<strong>Luis Mariano, guitarra</strong></p>
<p style="text-align: left">Luis Mariano Renedo de Lucas (Granada) es un guitarrista flamenco de gran trayectoria, reconocido por su musicalidad, limpieza técnica y capacidad para dialogar con el cante y el baile desde una guitarra profundamente expresiva. Se formó con maestros granadinos como Pepe <em>el Marino</em> y <em>Gazpacho</em>, y comenzó su carrera profesional en el <em>tablao </em>Reina Mora. Ha acompañado a figuras como Mariquilla, Estrella Morente, Farruquito, Diego <em>el Cigala</em>, Manuel Liñán o Juan Andrés Maya, y ha actuado en escenarios de prestigio como el City Center de Nueva York, la Ópera de Damasco o el Teatro Nacional de Teherán. Como compositor, ha creado la música de espectáculos como <em>Tauro </em>y<em> Mundo y aparte</em> de Manuel Liñán o <em>Fire and Sand</em> de Tatiana Garrido. Ha sido premiado en el Concurso Nacional de Guitarra de Jumilla.</p>
<p style="text-align: left"><strong>La Bienal Flamenco Madrid</strong>, creada en 2025 por el ayuntamiento de la capital y bajo la dirección artística del bailaor y coreógrafo Ángel Rojas, nace como una gran apuesta institucional para consolidar a Madrid como capital mundial del arte jondo. En su primera edición, celebrada durante el mes de mayo en espacios como Matadero, Teatros del Canal, Teatro Español y los centros Paco Rabal y Pilar Miró, reunió a figuras de prestigio como el Farru, Marco Flores, Eduardo Guerrero, Vanesa Coloma y Sara Calero. Su programación se completó con talleres, congresos, conferencias y clases magistrales hasta posicionar a la Bienal como un nuevo referente internacional del flamenco.</p>
<div class="jeg_video_container jeg_video_content"><iframe loading="lazy" title="Carmen Talegona &amp; Luis Mariano en el tablao del Teatro Real 💃🎼 15, 16 y 17 de abril a las 20:00h" width="500" height="281" src="https://www.youtube.com/embed/TmBSuphcgq4?feature=oembed" frameborder="0" allow="accelerometer; autoplay; clipboard-write; encrypted-media; gyroscope; picture-in-picture; web-share" referrerpolicy="strict-origin-when-cross-origin" allowfullscreen></iframe></div>
<hr />
<p><strong><em>¿Quieres que tu evento aparezca en nuestra agenda? Es totalmente gratuito: Envíanos la información lo más completa posible y subiremos conforme relevancia y nuestra disponibilidad. Tendrán prioridad los eventos con programación mensual o ciclos. Y si quieres anunciarte con nosotros, tenemos muchas opciones. Envíanos un mensaje a agenda@expoflamenco.com.</em></strong></p>
<hr />

<p>de 15 al 17 de Abril Directo, Jondo y Real: Talegona &amp; Luis Mariano El flamenco no se ve, se vive. Carmen Talegona, baile Carmen Talegona (Córdoba, 1976) pertenece a una reconocida saga flamenca y es hoy una de las bailaoras más sólidas de su generación. Ha desarrollado una amplia trayectoria como solista y artista invitada [&hellip;]</p>
