{"id":82191,"date":"2026-04-06T11:14:13","date_gmt":"2026-04-06T09:14:13","guid":{"rendered":"https:\/\/expoflamenco.com\/agenda\/?post_type=mec-events&#038;p=82191"},"modified":"2026-04-06T11:17:04","modified_gmt":"2026-04-06T09:17:04","slug":"lela-soto-el-fuego-que-llevo-dentro","status":"publish","type":"mec-events","link":"https:\/\/expoflamenco.com\/agenda\/eventos\/lela-soto-el-fuego-que-llevo-dentro\/","title":{"rendered":"LELA SOTO.  El fuego que llevo dentro"},"content":{"rendered":"<hr \/>\n<h3 style=\"text-align: center\"><strong>Viernes 24 de abril.<\/strong> 19:30h<br \/>\nAuditorio Nacional (Sala de C\u00e1mara)<\/h3>\n<hr \/>\n<p style=\"text-align: left\"><strong>El fuego que llevo dentro<\/strong><\/p>\n<p style=\"text-align: left\">Lela Soto acude al ciclo <strong>Andaluc\u00eda Flamenca del CNDM<\/strong>, en coproducci\u00f3n con el <strong>Instituto Andaluz del Flamenco<\/strong>, como una de las voces m\u00e1s prometedoras del nuevo flamenco jerezano. En su recital abordar\u00e1 El fuego que llevo dentro, su debut discogr\u00e1fico.<\/p>\n<p style=\"text-align: left\">Descendiente directa de una de las grandes sagas del cante, los Sordera, Lela recoge el legado de figuras como su abuelo Manuel Soto Sordera, su padre Vicente Soto, Sorderita, Ray Heredia o La Pompi, y lo transforma desde una sensibilidad profundamente contempor\u00e1nea.<\/p>\n<div class=\"content\" style=\"text-align: left\">\n<p><strong>Int\u00e9rpretes:<\/strong><\/p>\n<p>RUB\u00c9N MART\u00cdNEZ, guitarra<br \/>\nREYES MORENO, palmas y jaleos<br \/>\nJUANA G\u00d3MEZ, palmas y jaleos<\/p>\n<\/div>\n<div class=\"content\">\n<p style=\"text-align: left\"><strong>De 18 \u20ac a 36 \u20ac<\/strong><\/p>\n<figure id=\"attachment_82257\" aria-describedby=\"caption-attachment-82257\" style=\"width: 2148px\" class=\"wp-caption aligncenter\"><img decoding=\"async\" class=\"size-full wp-image-82257\" src=\"https:\/\/expoflamenco.com\/agenda\/wp-content\/uploads\/sites\/22\/2026\/04\/lela-soto-el-fuego-que-llevo-dentro.webp\" alt=\"\" width=\"2148\" height=\"2136\" srcset=\"https:\/\/expoflamenco.com\/agenda\/wp-content\/uploads\/sites\/22\/2026\/04\/lela-soto-el-fuego-que-llevo-dentro.webp 2148w, https:\/\/expoflamenco.com\/agenda\/wp-content\/uploads\/sites\/22\/2026\/04\/lela-soto-el-fuego-que-llevo-dentro-382x380.webp 382w, https:\/\/expoflamenco.com\/agenda\/wp-content\/uploads\/sites\/22\/2026\/04\/lela-soto-el-fuego-que-llevo-dentro-573x570.webp 573w, https:\/\/expoflamenco.com\/agenda\/wp-content\/uploads\/sites\/22\/2026\/04\/lela-soto-el-fuego-que-llevo-dentro-768x764.webp 768w, https:\/\/expoflamenco.com\/agenda\/wp-content\/uploads\/sites\/22\/2026\/04\/lela-soto-el-fuego-que-llevo-dentro-1536x1527.webp 1536w, https:\/\/expoflamenco.com\/agenda\/wp-content\/uploads\/sites\/22\/2026\/04\/lela-soto-el-fuego-que-llevo-dentro-2048x2037.webp 2048w, https:\/\/expoflamenco.com\/agenda\/wp-content\/uploads\/sites\/22\/2026\/04\/lela-soto-el-fuego-que-llevo-dentro-75x75.webp 75w, https:\/\/expoflamenco.com\/agenda\/wp-content\/uploads\/sites\/22\/2026\/04\/lela-soto-el-fuego-que-llevo-dentro-750x746.webp 750w, https:\/\/expoflamenco.com\/agenda\/wp-content\/uploads\/sites\/22\/2026\/04\/lela-soto-el-fuego-que-llevo-dentro-1140x1134.webp 1140w\" sizes=\"(max-width: 2148px) 100vw, 2148px\" \/><figcaption id=\"caption-attachment-82257\" class=\"wp-caption-text\">Lela Soto<\/figcaption><\/figure>\n<\/div>\n<p>&nbsp;<\/p>\n","protected":false},"excerpt":{"rendered":"<p>Viernes 24 de abril. 19:30h Auditorio Nacional (Sala de C\u00e1mara) El fuego que llevo dentro Lela Soto acude al ciclo Andaluc\u00eda Flamenca del CNDM, en coproducci\u00f3n con el Instituto Andaluz del Flamenco, como una de las voces m\u00e1s prometedoras del nuevo flamenco jerezano. En su recital abordar\u00e1 El fuego que llevo dentro, su debut discogr\u00e1fico. [&hellip;]<\/p>\n","protected":false},"author":56,"featured_media":82256,"comment_status":"open","ping_status":"closed","template":"","tags":[1404,141,2030],"mec_category":[478,476],"mec_sponsor":[],"class_list":["post-82191","mec-events","type-mec-events","status-publish","has-post-thumbnail","hentry","tag-lela-soto","tag-madrid","tag-sordera","mec_category-cante","mec_category-concierto","pmpro-has-access"],"acf":[],"aioseo_notices":[],"_links":{"self":[{"href":"https:\/\/expoflamenco.com\/agenda\/wp-json\/wp\/v2\/mec-events\/82191","targetHints":{"allow":["GET"]}}],"collection":[{"href":"https:\/\/expoflamenco.com\/agenda\/wp-json\/wp\/v2\/mec-events"}],"about":[{"href":"https:\/\/expoflamenco.com\/agenda\/wp-json\/wp\/v2\/types\/mec-events"}],"author":[{"embeddable":true,"href":"https:\/\/expoflamenco.com\/agenda\/wp-json\/wp\/v2\/users\/56"}],"replies":[{"embeddable":true,"href":"https:\/\/expoflamenco.com\/agenda\/wp-json\/wp\/v2\/comments?post=82191"}],"wp:featuredmedia":[{"embeddable":true,"href":"https:\/\/expoflamenco.com\/agenda\/wp-json\/wp\/v2\/media\/82256"}],"wp:attachment":[{"href":"https:\/\/expoflamenco.com\/agenda\/wp-json\/wp\/v2\/media?parent=82191"}],"wp:term":[{"taxonomy":"post_tag","embeddable":true,"href":"https:\/\/expoflamenco.com\/agenda\/wp-json\/wp\/v2\/tags?post=82191"},{"taxonomy":"mec_category","embeddable":true,"href":"https:\/\/expoflamenco.com\/agenda\/wp-json\/wp\/v2\/mec_category?post=82191"},{"taxonomy":"mec_sponsor","embeddable":true,"href":"https:\/\/expoflamenco.com\/agenda\/wp-json\/wp\/v2\/mec_sponsor?post=82191"}],"curies":[{"name":"wp","href":"https:\/\/api.w.org\/{rel}","templated":true}]}}

<hr />
<h3 style="text-align: center"><strong>Viernes 24 de abril.</strong> 19:30h<br />
Auditorio Nacional (Sala de Cámara)</h3>
<hr />
<p style="text-align: left"><strong>El fuego que llevo dentro</strong></p>
<p style="text-align: left">Lela Soto acude al ciclo <strong>Andalucía Flamenca del CNDM</strong>, en coproducción con el <strong>Instituto Andaluz del Flamenco</strong>, como una de las voces más prometedoras del nuevo flamenco jerezano. En su recital abordará El fuego que llevo dentro, su debut discográfico.</p>
<p style="text-align: left">Descendiente directa de una de las grandes sagas del cante, los Sordera, Lela recoge el legado de figuras como su abuelo Manuel Soto Sordera, su padre Vicente Soto, Sorderita, Ray Heredia o La Pompi, y lo transforma desde una sensibilidad profundamente contemporánea.</p>
<div class="content" style="text-align: left">
<p><strong>Intérpretes:</strong></p>
<p>RUBÉN MARTÍNEZ, guitarra<br />
REYES MORENO, palmas y jaleos<br />
JUANA GÓMEZ, palmas y jaleos</p>
</div>
<div class="content">
<p style="text-align: left"><strong>De 18 € a 36 €</strong></p>
<figure id="attachment_82257" aria-describedby="caption-attachment-82257" style="width: 2148px" class="wp-caption aligncenter"><img decoding="async" class="size-full wp-image-82257" src="https://expoflamenco.com/agenda/wp-content/uploads/sites/22/2026/04/lela-soto-el-fuego-que-llevo-dentro.webp" alt="" width="2148" height="2136" srcset="https://expoflamenco.com/agenda/wp-content/uploads/sites/22/2026/04/lela-soto-el-fuego-que-llevo-dentro.webp 2148w, https://expoflamenco.com/agenda/wp-content/uploads/sites/22/2026/04/lela-soto-el-fuego-que-llevo-dentro-382x380.webp 382w, https://expoflamenco.com/agenda/wp-content/uploads/sites/22/2026/04/lela-soto-el-fuego-que-llevo-dentro-573x570.webp 573w, https://expoflamenco.com/agenda/wp-content/uploads/sites/22/2026/04/lela-soto-el-fuego-que-llevo-dentro-768x764.webp 768w, https://expoflamenco.com/agenda/wp-content/uploads/sites/22/2026/04/lela-soto-el-fuego-que-llevo-dentro-1536x1527.webp 1536w, https://expoflamenco.com/agenda/wp-content/uploads/sites/22/2026/04/lela-soto-el-fuego-que-llevo-dentro-2048x2037.webp 2048w, https://expoflamenco.com/agenda/wp-content/uploads/sites/22/2026/04/lela-soto-el-fuego-que-llevo-dentro-75x75.webp 75w, https://expoflamenco.com/agenda/wp-content/uploads/sites/22/2026/04/lela-soto-el-fuego-que-llevo-dentro-750x746.webp 750w, https://expoflamenco.com/agenda/wp-content/uploads/sites/22/2026/04/lela-soto-el-fuego-que-llevo-dentro-1140x1134.webp 1140w" sizes="(max-width: 2148px) 100vw, 2148px" /><figcaption id="caption-attachment-82257" class="wp-caption-text">Lela Soto</figcaption></figure>
</div>
<p>&nbsp;</p>

<p>Viernes 24 de abril. 19:30h Auditorio Nacional (Sala de Cámara) El fuego que llevo dentro Lela Soto acude al ciclo Andalucía Flamenca del CNDM, en coproducción con el Instituto Andaluz del Flamenco, como una de las voces más prometedoras del nuevo flamenco jerezano. En su recital abordará El fuego que llevo dentro, su debut discográfico. [&hellip;]</p>
