{"id":82166,"date":"2026-03-26T10:39:24","date_gmt":"2026-03-26T09:39:24","guid":{"rendered":"https:\/\/expoflamenco.com\/agenda\/?post_type=mec-events&#038;p=82166"},"modified":"2026-03-26T11:29:36","modified_gmt":"2026-03-26T10:29:36","slug":"iii-festival-de-la-guitarra-2026","status":"publish","type":"mec-events","link":"https:\/\/expoflamenco.com\/agenda\/eventos\/iii-festival-de-la-guitarra-2026\/","title":{"rendered":"III FESTIVAL DE LA GUITARRA 2026"},"content":{"rendered":"<hr \/>\n<h3 class=\"jeg_post_subtitle\" style=\"text-align: center\">21 al 26 de abril<br \/>\nTeatro del Canal<\/h3>\n<hr \/>\n<h4 style=\"text-align: left\">Programaci\u00f3n<\/h4>\n<h4 style=\"text-align: left\"><strong>Jueves 23 de abril a las 21.00 horas<\/strong><\/h4>\n<p style=\"text-align: left\">Guitarrista malague\u00f1o <strong>Francisco Vinuesa,<\/strong> con el cantaor sevillano <strong>Ismael de la Rosa<\/strong>\u00a0y al bailaor\u00a0<strong>Alfonso Losa<\/strong>.<\/p>\n<p style=\"text-align: left\"><em><strong>Vinuesa\u00a0<\/strong>es uno de los guitarristas y compositores m\u00e1s respetados de la escena flamenca contempor\u00e1nea, consolidado en los \u00faltimos a\u00f1os como creador de bandas sonoras para espect\u00e1culos de gran formato. As\u00ed, ha obtenido el Premio Max del P\u00fablico (2020) como parte del equipo del espect\u00e1culo\u00a0\u00a1VIVA!\u00a0de\u00a0<strong>Manuel Li\u00f1\u00e1n<\/strong>; y el Premio a la Mejor Composici\u00f3n Original en el Festival de Jerez 2024 por el espect\u00e1culo\u00a0Alter Ego, de\u00a0<strong>Alfonso Losa<\/strong>\u00a0y\u00a0<strong>Patricia Guerrero<\/strong>.<\/em><\/p>\n<hr \/>\n<h4 style=\"text-align: left\"><strong>Viernes 24 de abril a las 21.00 horas<\/strong><\/h4>\n<p style=\"text-align: left\">Guitarrista sevillano <strong>Manolo Franco<\/strong>, con la cantaora\u00a0<strong>\u00c1ngeles Toledano\u00a0<\/strong>y el bailaor\u00a0<strong>Javier Bar\u00f3n<\/strong>.<\/p>\n<p style=\"text-align: left\"><em><strong>Manolo Franco<\/strong>\u00a0pas\u00f3 a la historia del flamenco en 1984 al ganar el primer Giraldillo del Toque en la Bienal de Flamenco de Sevilla ante figuras de la talla de\u00a0<strong>Paco Cepero<\/strong>,\u00a0<strong>Tomatito<\/strong>\u00a0y\u00a0<strong>Enrique de Melchor<\/strong>, y hoy se le considera como uno de los pilares de la guitarra flamenca de concierto y de acompa\u00f1amiento de las \u00faltimas d\u00e9cadas. Adem\u00e1s de ser un solista admirado, tambi\u00e9n es uno de los guitarristas m\u00e1s solicitados por grandes figuras del cante como\u00a0<strong>Antonio Mairena<\/strong>,\u00a0<strong>Calixto S\u00e1nchez<\/strong>\u00a0o\u00a0<strong>Jos\u00e9 Merc\u00e9<\/strong>.<\/em><\/p>\n<hr \/>\n<h4 style=\"text-align: left\"><strong>S\u00e1bado 25 de abril a las 21.00 horas<\/strong><\/h4>\n<p style=\"text-align: left\">Guitarrista <strong>Chicuelo<\/strong>, con la cantaora <strong>Mayte Mart\u00edn<\/strong>\u00a0y el bailaor gaditano\u00a0<strong>Juan Tom\u00e1s de la Mol\u00eda<\/strong>\u00a0como invitados.<\/p>\n<p style=\"text-align: left\"><em><strong>Chicuelo<\/strong>\u00a0es uno de los guitarristas m\u00e1s influyentes y completos del flamenco actual. Si\u00a0<strong>Manolo Franco<\/strong>\u00a0representa la ortodoxia sevillana, el barcelon\u00e9s es el m\u00e1ximo exponente de la escuela catalana: innovadora, abierta al jazz y extremadamente musical. No muchos guitarristas flamencos pueden presumir de un Premio Goya, que\u00a0<strong>Chicuelo\u00a0<\/strong>gan\u00f3 en 2013 por la canci\u00f3n\u00a0No te puedo olvidar\u00a0de la pel\u00edcula\u00a0Blancanieves; adem\u00e1s de participar en la banda sonora de\u00a0Flamencode\u00a0<strong>Carlos Saura<\/strong>. Tambi\u00e9n es conocido por ser el guitarrista de confianza de figuras del flamenco moderno como\u00a0<strong>Miguel Poveda<\/strong>\u00a0o\u00a0<strong>Duquende<\/strong>.<\/em><\/p>\n<hr \/>\n<h4 style=\"text-align: left\"><strong>Domingo 26 de abril a las 18.30 horas<\/strong><\/h4>\n<p style=\"text-align: left\">Guitarrista cordob\u00e9s <strong>Jos\u00e9 A. Rodr\u00edguez,<\/strong>\u00a0que contar\u00e1 como invitados con la cantaora\u00a0<strong>Carmen Linares\u00a0<\/strong>y el bailaor\u00a0<strong>Marco Flores<\/strong>.<\/p>\n<p style=\"text-align: left\"><em><strong>Jos\u00e9 Antonio Rodr\u00edguez<\/strong>\u00a0es Catedr\u00e1tico de Guitarra Flamenca en el Conservatorio de C\u00f3rdoba, donde ha colaborado en asentar una base t\u00e9cnica s\u00f3lida para las nuevas generaciones de guitarristas. Guitarrista precoz, en 1982 y con apenas 18 a\u00f1os gan\u00f3 el Primer Premio en el Certamen Nacional de Guitarra Flamenca de Jerez y en el Festival de las Minas de La Uni\u00f3n; cuatro a\u00f1os m\u00e1s tarde, fue Premio Nacional de Guitarra de Concierto en el Concurso Nacional de Arte Flamenco de C\u00f3rdoba. Hoy, est\u00e1 reconocido como uno de los compositores y concertistas m\u00e1s brillantes de la guitarra flamenca.<\/em><\/p>\n<hr \/>\n<figure id=\"attachment_82171\" aria-describedby=\"caption-attachment-82171\" style=\"width: 1140px\" class=\"wp-caption aligncenter\"><img decoding=\"async\" class=\"size-full wp-image-82171\" src=\"https:\/\/expoflamenco.com\/agenda\/wp-content\/uploads\/sites\/22\/2026\/03\/festival-de-la-guitarra-madrid-cabecera-noticia.webp\" alt=\"\" width=\"1140\" height=\"570\" srcset=\"https:\/\/expoflamenco.com\/agenda\/wp-content\/uploads\/sites\/22\/2026\/03\/festival-de-la-guitarra-madrid-cabecera-noticia.webp 1140w, https:\/\/expoflamenco.com\/agenda\/wp-content\/uploads\/sites\/22\/2026\/03\/festival-de-la-guitarra-madrid-cabecera-noticia-760x380.webp 760w, https:\/\/expoflamenco.com\/agenda\/wp-content\/uploads\/sites\/22\/2026\/03\/festival-de-la-guitarra-madrid-cabecera-noticia-570x285.webp 570w, https:\/\/expoflamenco.com\/agenda\/wp-content\/uploads\/sites\/22\/2026\/03\/festival-de-la-guitarra-madrid-cabecera-noticia-768x384.webp 768w, https:\/\/expoflamenco.com\/agenda\/wp-content\/uploads\/sites\/22\/2026\/03\/festival-de-la-guitarra-madrid-cabecera-noticia-360x180.webp 360w, https:\/\/expoflamenco.com\/agenda\/wp-content\/uploads\/sites\/22\/2026\/03\/festival-de-la-guitarra-madrid-cabecera-noticia-750x375.webp 750w\" sizes=\"(max-width: 1140px) 100vw, 1140px\" \/><figcaption id=\"caption-attachment-82171\" class=\"wp-caption-text\">Festival de la Guitarra Comunidad de Madrid<\/figcaption><\/figure>\n<h3 style=\"text-align: left\"><strong>Una programaci\u00f3n paralela para conocer el legado de Ni\u00f1o Ricardo<\/strong><\/h3>\n<p style=\"text-align: left\"><em>La programaci\u00f3n se completa con una completa programaci\u00f3n paralela de martes a jueves, con mesa redonda, ponencias y conciertos de guitarra centrados en la figura de Ni\u00f1o Ricardo.<\/em><\/p>\n<hr \/>\n<h4 style=\"text-align: left\"><strong>Martes 21 de abril<\/strong><\/h4>\n<p style=\"text-align: left\"><strong>18.30 horas <\/strong><\/p>\n<p style=\"text-align: left\">Mesa redonda \u201cNi\u00f1o Ricardo. El <em>Ricardismo<\/em>\u201d, moderada por el periodista y escritor\u00a0<strong>Pedro Calvo<\/strong>, y que contar\u00e1 como contertulios con\u00a0<strong>Jos\u00e9 Manuel Gamboa<\/strong>, escritor, periodista y productor;\u00a0<strong>Norberto Torres<\/strong>, tambi\u00e9n periodista; y con los guitarristas\u00a0<strong>Humberto Wilkes<\/strong>, disc\u00edpulo de Ni\u00f1o Ricardo, y\u00a0<strong>Alejandro Hurtado<\/strong>.<\/p>\n<p style=\"text-align: left\"><strong>19.30 horas<\/strong><\/p>\n<p style=\"text-align: left\">Concierto con los guitarristas sevillanos <strong>Jos\u00e9 Acedo y Joselito Acedo<\/strong>, padre e hijo.<br \/>\nSe trata de dos de las figuras m\u00e1s potentes de la guitarra flamenca actual, con un estilo muy del barrio de Triana, pero tambi\u00e9n vanguardista.<\/p>\n<hr \/>\n<h4 style=\"text-align: left\"><strong>Mi\u00e9rcoles 22 de abril\u00a0<\/strong><\/h4>\n<p style=\"text-align: left\"><strong>18.30 horas<\/strong><\/p>\n<p style=\"text-align: left\">Conferencia \u201cVida y obra de Ni\u00f1o Ricardo\u201d, a las\u00a0 a cargo de <strong>Norberto Torres<\/strong>.<\/p>\n<p style=\"text-align: left\"><strong>19.15 horas<\/strong><\/p>\n<p style=\"text-align: left\">Concierto a cargo del alicantino <strong>Alejandro Hurtado<\/strong>, uno de los talentos m\u00e1s deslumbrantes y completos de la guitarra actual, y que domina con la misma maestr\u00eda la guitarra flamenca y la cl\u00e1sica. Fue ganador en 2017 del Bord\u00f3n Minero, m\u00e1ximo galard\u00f3n a la guitarra flamenca de concierto en el Festival Internacional del Cante de las Minas de La Uni\u00f3n (Murcia).<\/p>\n<hr \/>\n<h4 style=\"text-align: left\"><strong>Jueves 23 de abril<\/strong><\/h4>\n<p style=\"text-align: left\"><strong>18.30 horas<\/strong><\/p>\n<p style=\"text-align: left\">Jos\u00e9 Manuel Gamboa ofrecer\u00e1 la ponencia \u201cLa huella art\u00edstica de Ni\u00f1o Ricardo\u201d.<\/p>\n<p style=\"text-align: left\"><strong>19.15 horas<\/strong><\/p>\n<p style=\"text-align: left\">Concierto del guitarrista sevillano <strong>Rafael Rodr\u00edguez<\/strong>, conocido en el mundo art\u00edstico como \u201cEl Cabeza\u201d, y guitarrista preferido de los puristas y de los bailaores que buscan el\u00a0<em>pellizco<\/em>\u00a0aut\u00e9ntico de Sevilla. En la Bienal de Flamenco de Sevilla 2020 recibi\u00f3 el prestigioso Giraldillo de Acompa\u00f1amiento, lo que le confirma como maestro de maestros como\u00a0<em>tocaor<\/em>.<\/p>\n<hr \/>\n<p><a class=\"btn btn-default\" href=\"https:\/\/expoflamenco.com\/revista\/el-legado-de-nino-ricardo-protagoniza-el-iii-festival-de-la-guitarra-de-la-comunidad-de-madrid\/\">M\u00e1s Noticias<\/a><\/p>\n<p>&nbsp;<\/p>\n<figure id=\"attachment_82169\" aria-describedby=\"caption-attachment-82169\" style=\"width: 900px\" class=\"wp-caption aligncenter\"><img decoding=\"async\" class=\"size-full wp-image-82169\" src=\"https:\/\/expoflamenco.com\/agenda\/wp-content\/uploads\/sites\/22\/2026\/03\/festival-de-la-guitarra-madrid-cartel.webp\" alt=\"\" width=\"900\" height=\"1311\" srcset=\"https:\/\/expoflamenco.com\/agenda\/wp-content\/uploads\/sites\/22\/2026\/03\/festival-de-la-guitarra-madrid-cartel.webp 900w, https:\/\/expoflamenco.com\/agenda\/wp-content\/uploads\/sites\/22\/2026\/03\/festival-de-la-guitarra-madrid-cartel-261x380.webp 261w, https:\/\/expoflamenco.com\/agenda\/wp-content\/uploads\/sites\/22\/2026\/03\/festival-de-la-guitarra-madrid-cartel-391x570.webp 391w, https:\/\/expoflamenco.com\/agenda\/wp-content\/uploads\/sites\/22\/2026\/03\/festival-de-la-guitarra-madrid-cartel-768x1119.webp 768w, https:\/\/expoflamenco.com\/agenda\/wp-content\/uploads\/sites\/22\/2026\/03\/festival-de-la-guitarra-madrid-cartel-750x1093.webp 750w\" sizes=\"(max-width: 900px) 100vw, 900px\" \/><figcaption id=\"caption-attachment-82169\" class=\"wp-caption-text\">Festival de la Guitarra Comunidad de Madrid<\/figcaption><\/figure>\n<hr \/>\n<p><strong><em>\u00bfQuieres que tu evento aparezca en nuestra agenda? Es totalmente gratuito: Env\u00edanos la informaci\u00f3n lo m\u00e1s completa posible y subiremos conforme relevancia y nuestra disponibilidad. Tendr\u00e1n prioridad los eventos con programaci\u00f3n mensual o ciclos. Y si quieres anunciarte con nosotros, tenemos muchas opciones. Env\u00edanos un mensaje a agenda@expoflamenco.com.<\/em><\/strong><\/p>\n","protected":false},"excerpt":{"rendered":"<p>21 al 26 de abril Teatro del Canal Programaci\u00f3n Jueves 23 de abril a las 21.00 horas Guitarrista malague\u00f1o Francisco Vinuesa, con el cantaor sevillano Ismael de la Rosa\u00a0y al bailaor\u00a0Alfonso Losa. Vinuesa\u00a0es uno de los guitarristas y compositores m\u00e1s respetados de la escena flamenca contempor\u00e1nea, consolidado en los \u00faltimos a\u00f1os como creador de bandas [&hellip;]<\/p>\n","protected":false},"author":56,"featured_media":82175,"comment_status":"open","ping_status":"closed","template":"","tags":[1283,2012],"mec_category":[472,479],"mec_sponsor":[],"class_list":["post-82166","mec-events","type-mec-events","status-publish","has-post-thumbnail","hentry","tag-festival-de-la-guitarra-madrid","tag-nino-ricardo","mec_category-festival","mec_category-guitarra","pmpro-has-access"],"acf":[],"aioseo_notices":[],"_links":{"self":[{"href":"https:\/\/expoflamenco.com\/agenda\/wp-json\/wp\/v2\/mec-events\/82166","targetHints":{"allow":["GET"]}}],"collection":[{"href":"https:\/\/expoflamenco.com\/agenda\/wp-json\/wp\/v2\/mec-events"}],"about":[{"href":"https:\/\/expoflamenco.com\/agenda\/wp-json\/wp\/v2\/types\/mec-events"}],"author":[{"embeddable":true,"href":"https:\/\/expoflamenco.com\/agenda\/wp-json\/wp\/v2\/users\/56"}],"replies":[{"embeddable":true,"href":"https:\/\/expoflamenco.com\/agenda\/wp-json\/wp\/v2\/comments?post=82166"}],"wp:featuredmedia":[{"embeddable":true,"href":"https:\/\/expoflamenco.com\/agenda\/wp-json\/wp\/v2\/media\/82175"}],"wp:attachment":[{"href":"https:\/\/expoflamenco.com\/agenda\/wp-json\/wp\/v2\/media?parent=82166"}],"wp:term":[{"taxonomy":"post_tag","embeddable":true,"href":"https:\/\/expoflamenco.com\/agenda\/wp-json\/wp\/v2\/tags?post=82166"},{"taxonomy":"mec_category","embeddable":true,"href":"https:\/\/expoflamenco.com\/agenda\/wp-json\/wp\/v2\/mec_category?post=82166"},{"taxonomy":"mec_sponsor","embeddable":true,"href":"https:\/\/expoflamenco.com\/agenda\/wp-json\/wp\/v2\/mec_sponsor?post=82166"}],"curies":[{"name":"wp","href":"https:\/\/api.w.org\/{rel}","templated":true}]}}

<hr />
<h3 class="jeg_post_subtitle" style="text-align: center">21 al 26 de abril<br />
Teatro del Canal</h3>
<hr />
<h4 style="text-align: left">Programación</h4>
<h4 style="text-align: left"><strong>Jueves 23 de abril a las 21.00 horas</strong></h4>
<p style="text-align: left">Guitarrista malagueño <strong>Francisco Vinuesa,</strong> con el cantaor sevillano <strong>Ismael de la Rosa</strong> y al bailaor <strong>Alfonso Losa</strong>.</p>
<p style="text-align: left"><em><strong>Vinuesa </strong>es uno de los guitarristas y compositores más respetados de la escena flamenca contemporánea, consolidado en los últimos años como creador de bandas sonoras para espectáculos de gran formato. Así, ha obtenido el Premio Max del Público (2020) como parte del equipo del espectáculo ¡VIVA! de <strong>Manuel Liñán</strong>; y el Premio a la Mejor Composición Original en el Festival de Jerez 2024 por el espectáculo Alter Ego, de <strong>Alfonso Losa</strong> y <strong>Patricia Guerrero</strong>.</em></p>
<hr />
<h4 style="text-align: left"><strong>Viernes 24 de abril a las 21.00 horas</strong></h4>
<p style="text-align: left">Guitarrista sevillano <strong>Manolo Franco</strong>, con la cantaora <strong>Ángeles Toledano </strong>y el bailaor <strong>Javier Barón</strong>.</p>
<p style="text-align: left"><em><strong>Manolo Franco</strong> pasó a la historia del flamenco en 1984 al ganar el primer Giraldillo del Toque en la Bienal de Flamenco de Sevilla ante figuras de la talla de <strong>Paco Cepero</strong>, <strong>Tomatito</strong> y <strong>Enrique de Melchor</strong>, y hoy se le considera como uno de los pilares de la guitarra flamenca de concierto y de acompañamiento de las últimas décadas. Además de ser un solista admirado, también es uno de los guitarristas más solicitados por grandes figuras del cante como <strong>Antonio Mairena</strong>, <strong>Calixto Sánchez</strong> o <strong>José Mercé</strong>.</em></p>
<hr />
<h4 style="text-align: left"><strong>Sábado 25 de abril a las 21.00 horas</strong></h4>
<p style="text-align: left">Guitarrista <strong>Chicuelo</strong>, con la cantaora <strong>Mayte Martín</strong> y el bailaor gaditano <strong>Juan Tomás de la Molía</strong> como invitados.</p>
<p style="text-align: left"><em><strong>Chicuelo</strong> es uno de los guitarristas más influyentes y completos del flamenco actual. Si <strong>Manolo Franco</strong> representa la ortodoxia sevillana, el barcelonés es el máximo exponente de la escuela catalana: innovadora, abierta al jazz y extremadamente musical. No muchos guitarristas flamencos pueden presumir de un Premio Goya, que <strong>Chicuelo </strong>ganó en 2013 por la canción No te puedo olvidar de la película Blancanieves; además de participar en la banda sonora de Flamencode <strong>Carlos Saura</strong>. También es conocido por ser el guitarrista de confianza de figuras del flamenco moderno como <strong>Miguel Poveda</strong> o <strong>Duquende</strong>.</em></p>
<hr />
<h4 style="text-align: left"><strong>Domingo 26 de abril a las 18.30 horas</strong></h4>
<p style="text-align: left">Guitarrista cordobés <strong>José A. Rodríguez,</strong> que contará como invitados con la cantaora <strong>Carmen Linares </strong>y el bailaor <strong>Marco Flores</strong>.</p>
<p style="text-align: left"><em><strong>José Antonio Rodríguez</strong> es Catedrático de Guitarra Flamenca en el Conservatorio de Córdoba, donde ha colaborado en asentar una base técnica sólida para las nuevas generaciones de guitarristas. Guitarrista precoz, en 1982 y con apenas 18 años ganó el Primer Premio en el Certamen Nacional de Guitarra Flamenca de Jerez y en el Festival de las Minas de La Unión; cuatro años más tarde, fue Premio Nacional de Guitarra de Concierto en el Concurso Nacional de Arte Flamenco de Córdoba. Hoy, está reconocido como uno de los compositores y concertistas más brillantes de la guitarra flamenca.</em></p>
<hr />
<figure id="attachment_82171" aria-describedby="caption-attachment-82171" style="width: 1140px" class="wp-caption aligncenter"><img decoding="async" class="size-full wp-image-82171" src="https://expoflamenco.com/agenda/wp-content/uploads/sites/22/2026/03/festival-de-la-guitarra-madrid-cabecera-noticia.webp" alt="" width="1140" height="570" srcset="https://expoflamenco.com/agenda/wp-content/uploads/sites/22/2026/03/festival-de-la-guitarra-madrid-cabecera-noticia.webp 1140w, https://expoflamenco.com/agenda/wp-content/uploads/sites/22/2026/03/festival-de-la-guitarra-madrid-cabecera-noticia-760x380.webp 760w, https://expoflamenco.com/agenda/wp-content/uploads/sites/22/2026/03/festival-de-la-guitarra-madrid-cabecera-noticia-570x285.webp 570w, https://expoflamenco.com/agenda/wp-content/uploads/sites/22/2026/03/festival-de-la-guitarra-madrid-cabecera-noticia-768x384.webp 768w, https://expoflamenco.com/agenda/wp-content/uploads/sites/22/2026/03/festival-de-la-guitarra-madrid-cabecera-noticia-360x180.webp 360w, https://expoflamenco.com/agenda/wp-content/uploads/sites/22/2026/03/festival-de-la-guitarra-madrid-cabecera-noticia-750x375.webp 750w" sizes="(max-width: 1140px) 100vw, 1140px" /><figcaption id="caption-attachment-82171" class="wp-caption-text">Festival de la Guitarra Comunidad de Madrid</figcaption></figure>
<h3 style="text-align: left"><strong>Una programación paralela para conocer el legado de Niño Ricardo</strong></h3>
<p style="text-align: left"><em>La programación se completa con una completa programación paralela de martes a jueves, con mesa redonda, ponencias y conciertos de guitarra centrados en la figura de Niño Ricardo.</em></p>
<hr />
<h4 style="text-align: left"><strong>Martes 21 de abril</strong></h4>
<p style="text-align: left"><strong>18.30 horas </strong></p>
<p style="text-align: left">Mesa redonda “Niño Ricardo. El <em>Ricardismo</em>”, moderada por el periodista y escritor <strong>Pedro Calvo</strong>, y que contará como contertulios con <strong>José Manuel Gamboa</strong>, escritor, periodista y productor; <strong>Norberto Torres</strong>, también periodista; y con los guitarristas <strong>Humberto Wilkes</strong>, discípulo de Niño Ricardo, y <strong>Alejandro Hurtado</strong>.</p>
<p style="text-align: left"><strong>19.30 horas</strong></p>
<p style="text-align: left">Concierto con los guitarristas sevillanos <strong>José Acedo y Joselito Acedo</strong>, padre e hijo.<br />
Se trata de dos de las figuras más potentes de la guitarra flamenca actual, con un estilo muy del barrio de Triana, pero también vanguardista.</p>
<hr />
<h4 style="text-align: left"><strong>Miércoles 22 de abril </strong></h4>
<p style="text-align: left"><strong>18.30 horas</strong></p>
<p style="text-align: left">Conferencia “Vida y obra de Niño Ricardo”, a las  a cargo de <strong>Norberto Torres</strong>.</p>
<p style="text-align: left"><strong>19.15 horas</strong></p>
<p style="text-align: left">Concierto a cargo del alicantino <strong>Alejandro Hurtado</strong>, uno de los talentos más deslumbrantes y completos de la guitarra actual, y que domina con la misma maestría la guitarra flamenca y la clásica. Fue ganador en 2017 del Bordón Minero, máximo galardón a la guitarra flamenca de concierto en el Festival Internacional del Cante de las Minas de La Unión (Murcia).</p>
<hr />
<h4 style="text-align: left"><strong>Jueves 23 de abril</strong></h4>
<p style="text-align: left"><strong>18.30 horas</strong></p>
<p style="text-align: left">José Manuel Gamboa ofrecerá la ponencia “La huella artística de Niño Ricardo”.</p>
<p style="text-align: left"><strong>19.15 horas</strong></p>
<p style="text-align: left">Concierto del guitarrista sevillano <strong>Rafael Rodríguez</strong>, conocido en el mundo artístico como “El Cabeza”, y guitarrista preferido de los puristas y de los bailaores que buscan el <em>pellizco</em> auténtico de Sevilla. En la Bienal de Flamenco de Sevilla 2020 recibió el prestigioso Giraldillo de Acompañamiento, lo que le confirma como maestro de maestros como <em>tocaor</em>.</p>
<hr />
<p><a class="btn btn-default" href="https://expoflamenco.com/revista/el-legado-de-nino-ricardo-protagoniza-el-iii-festival-de-la-guitarra-de-la-comunidad-de-madrid/">Más Noticias</a></p>
<p>&nbsp;</p>
<figure id="attachment_82169" aria-describedby="caption-attachment-82169" style="width: 900px" class="wp-caption aligncenter"><img decoding="async" class="size-full wp-image-82169" src="https://expoflamenco.com/agenda/wp-content/uploads/sites/22/2026/03/festival-de-la-guitarra-madrid-cartel.webp" alt="" width="900" height="1311" srcset="https://expoflamenco.com/agenda/wp-content/uploads/sites/22/2026/03/festival-de-la-guitarra-madrid-cartel.webp 900w, https://expoflamenco.com/agenda/wp-content/uploads/sites/22/2026/03/festival-de-la-guitarra-madrid-cartel-261x380.webp 261w, https://expoflamenco.com/agenda/wp-content/uploads/sites/22/2026/03/festival-de-la-guitarra-madrid-cartel-391x570.webp 391w, https://expoflamenco.com/agenda/wp-content/uploads/sites/22/2026/03/festival-de-la-guitarra-madrid-cartel-768x1119.webp 768w, https://expoflamenco.com/agenda/wp-content/uploads/sites/22/2026/03/festival-de-la-guitarra-madrid-cartel-750x1093.webp 750w" sizes="(max-width: 900px) 100vw, 900px" /><figcaption id="caption-attachment-82169" class="wp-caption-text">Festival de la Guitarra Comunidad de Madrid</figcaption></figure>
<hr />
<p><strong><em>¿Quieres que tu evento aparezca en nuestra agenda? Es totalmente gratuito: Envíanos la información lo más completa posible y subiremos conforme relevancia y nuestra disponibilidad. Tendrán prioridad los eventos con programación mensual o ciclos. Y si quieres anunciarte con nosotros, tenemos muchas opciones. Envíanos un mensaje a agenda@expoflamenco.com.</em></strong></p>

<p>21 al 26 de abril Teatro del Canal Programación Jueves 23 de abril a las 21.00 horas Guitarrista malagueño Francisco Vinuesa, con el cantaor sevillano Ismael de la Rosa y al bailaor Alfonso Losa. Vinuesa es uno de los guitarristas y compositores más respetados de la escena flamenca contemporánea, consolidado en los últimos años como creador de bandas [&hellip;]</p>
