{"id":82153,"date":"2026-03-24T13:13:43","date_gmt":"2026-03-24T12:13:43","guid":{"rendered":"https:\/\/expoflamenco.com\/agenda\/?post_type=mec-events&#038;p=82153"},"modified":"2026-03-24T13:13:43","modified_gmt":"2026-03-24T12:13:43","slug":"tertulia-flamenca-pena-la-polea","status":"publish","type":"mec-events","link":"https:\/\/expoflamenco.com\/agenda\/eventos\/tertulia-flamenca-pena-la-polea\/","title":{"rendered":"Tertulia Flamenca Pe\u00f1a La Polea"},"content":{"rendered":"<hr \/>\n<h3 style=\"text-align: center\">Ultimo viernes de cada mes<br \/>\nSeptiembre a Mayo<\/h3>\n<hr \/>\n<p>Bar Cruzcampo<br \/>\n<a href=\"https:\/\/maps.app.goo.gl\/Asm2LAiw1mifimBA9\">Avda. de la Cruz del Campo, 3<\/a><br \/>\nSevilla<\/p>\n<p><img decoding=\"async\" class=\"aligncenter size-full wp-image-82154\" src=\"https:\/\/expoflamenco.com\/agenda\/wp-content\/uploads\/sites\/22\/2026\/03\/cartel-tertulia-pena-lapolea.webp\" alt=\"\" width=\"1131\" height=\"1600\" srcset=\"https:\/\/expoflamenco.com\/agenda\/wp-content\/uploads\/sites\/22\/2026\/03\/cartel-tertulia-pena-lapolea.webp 1131w, https:\/\/expoflamenco.com\/agenda\/wp-content\/uploads\/sites\/22\/2026\/03\/cartel-tertulia-pena-lapolea-269x380.webp 269w, https:\/\/expoflamenco.com\/agenda\/wp-content\/uploads\/sites\/22\/2026\/03\/cartel-tertulia-pena-lapolea-403x570.webp 403w, https:\/\/expoflamenco.com\/agenda\/wp-content\/uploads\/sites\/22\/2026\/03\/cartel-tertulia-pena-lapolea-768x1086.webp 768w, https:\/\/expoflamenco.com\/agenda\/wp-content\/uploads\/sites\/22\/2026\/03\/cartel-tertulia-pena-lapolea-1086x1536.webp 1086w, https:\/\/expoflamenco.com\/agenda\/wp-content\/uploads\/sites\/22\/2026\/03\/cartel-tertulia-pena-lapolea-750x1061.webp 750w\" sizes=\"(max-width: 1131px) 100vw, 1131px\" \/><\/p>\n<hr \/>\n<p><em>\u00bfQuieres que tu evento aparezca en nuestra agenda? Es totalmente gratuito: Env\u00edanos la informaci\u00f3n lo m\u00e1s completa posible y subiremos conforme relevancia y nuestra disponibilidad. Tendr\u00e1n prioridad los eventos con programaci\u00f3n mensual o ciclos. Y si quieres anunciarte con nosotros, tenemos muchas opciones. <strong>Env\u00edanos un mensaje a agenda@expoflamenco.com.<\/strong><\/em><\/p>\n","protected":false},"excerpt":{"rendered":"<p>Un espacio para cantar, bailar, tocar, escuchar, hablar sobre flamenco. <\/p>\n","protected":false},"author":56,"featured_media":82155,"comment_status":"open","ping_status":"closed","template":"","tags":[2007,196,1853],"mec_category":[477,478,836,479,758],"mec_sponsor":[],"class_list":["post-82153","mec-events","type-mec-events","status-publish","has-post-thumbnail","hentry","tag-jam-session","tag-sevilla","tag-tertulia-flamenca","mec_category-baile","mec_category-cante","mec_category-encuentro","mec_category-guitarra","mec_category-pena","pmpro-has-access"],"acf":[],"aioseo_notices":[],"_links":{"self":[{"href":"https:\/\/expoflamenco.com\/agenda\/wp-json\/wp\/v2\/mec-events\/82153","targetHints":{"allow":["GET"]}}],"collection":[{"href":"https:\/\/expoflamenco.com\/agenda\/wp-json\/wp\/v2\/mec-events"}],"about":[{"href":"https:\/\/expoflamenco.com\/agenda\/wp-json\/wp\/v2\/types\/mec-events"}],"author":[{"embeddable":true,"href":"https:\/\/expoflamenco.com\/agenda\/wp-json\/wp\/v2\/users\/56"}],"replies":[{"embeddable":true,"href":"https:\/\/expoflamenco.com\/agenda\/wp-json\/wp\/v2\/comments?post=82153"}],"wp:featuredmedia":[{"embeddable":true,"href":"https:\/\/expoflamenco.com\/agenda\/wp-json\/wp\/v2\/media\/82155"}],"wp:attachment":[{"href":"https:\/\/expoflamenco.com\/agenda\/wp-json\/wp\/v2\/media?parent=82153"}],"wp:term":[{"taxonomy":"post_tag","embeddable":true,"href":"https:\/\/expoflamenco.com\/agenda\/wp-json\/wp\/v2\/tags?post=82153"},{"taxonomy":"mec_category","embeddable":true,"href":"https:\/\/expoflamenco.com\/agenda\/wp-json\/wp\/v2\/mec_category?post=82153"},{"taxonomy":"mec_sponsor","embeddable":true,"href":"https:\/\/expoflamenco.com\/agenda\/wp-json\/wp\/v2\/mec_sponsor?post=82153"}],"curies":[{"name":"wp","href":"https:\/\/api.w.org\/{rel}","templated":true}]}}

Tertulia Flamenca Peña La Polea

<hr />
<h3 style="text-align: center">Ultimo viernes de cada mes<br />
Septiembre a Mayo</h3>
<hr />
<p>Bar Cruzcampo<br />
<a href="https://maps.app.goo.gl/Asm2LAiw1mifimBA9">Avda. de la Cruz del Campo, 3</a><br />
Sevilla</p>
<p><img decoding="async" class="aligncenter size-full wp-image-82154" src="https://expoflamenco.com/agenda/wp-content/uploads/sites/22/2026/03/cartel-tertulia-pena-lapolea.webp" alt="" width="1131" height="1600" srcset="https://expoflamenco.com/agenda/wp-content/uploads/sites/22/2026/03/cartel-tertulia-pena-lapolea.webp 1131w, https://expoflamenco.com/agenda/wp-content/uploads/sites/22/2026/03/cartel-tertulia-pena-lapolea-269x380.webp 269w, https://expoflamenco.com/agenda/wp-content/uploads/sites/22/2026/03/cartel-tertulia-pena-lapolea-403x570.webp 403w, https://expoflamenco.com/agenda/wp-content/uploads/sites/22/2026/03/cartel-tertulia-pena-lapolea-768x1086.webp 768w, https://expoflamenco.com/agenda/wp-content/uploads/sites/22/2026/03/cartel-tertulia-pena-lapolea-1086x1536.webp 1086w, https://expoflamenco.com/agenda/wp-content/uploads/sites/22/2026/03/cartel-tertulia-pena-lapolea-750x1061.webp 750w" sizes="(max-width: 1131px) 100vw, 1131px" /></p>
<hr />
<p><em>¿Quieres que tu evento aparezca en nuestra agenda? Es totalmente gratuito: Envíanos la información lo más completa posible y subiremos conforme relevancia y nuestra disponibilidad. Tendrán prioridad los eventos con programación mensual o ciclos. Y si quieres anunciarte con nosotros, tenemos muchas opciones. <strong>Envíanos un mensaje a agenda@expoflamenco.com.</strong></em></p>
