{"id":82081,"date":"2026-03-16T13:42:27","date_gmt":"2026-03-16T12:42:27","guid":{"rendered":"https:\/\/expoflamenco.com\/agenda\/?post_type=mec-events&#038;p=82081"},"modified":"2026-03-16T13:11:32","modified_gmt":"2026-03-16T12:11:32","slug":"la-macanita-teatro-villamarta","status":"publish","type":"mec-events","link":"https:\/\/expoflamenco.com\/agenda\/eventos\/la-macanita-teatro-villamarta\/","title":{"rendered":"La Macanita &#8211; Canta a Antonio Gallardo"},"content":{"rendered":"<hr \/>\n<h3 style=\"text-align: center\">18 de Abril &#8211; 20:00h<br \/>\nTeatro Villamarta<\/h3>\n<hr \/>\n<p><strong>Antonio Gallardo<\/strong> fue un creador que dej\u00f3 una huella indeleble en la poes\u00eda, en el flamenco y en la copla. De alguna manera, su prol\u00edfica obra la ha tenido siempre presente la cantaora Tomasa Guerrero \u201cLa Macanita\u201d a lo largo de su trayectoria art\u00edstica, pero ahora le rinde este emotivo tributo al poeta y compositor jerezano cuando se cumple el centenario de su nacimiento.<\/p>\n<p>La obra de Antonio Gallardo forma parte de la memoria sentimental de Jerez de la Frontera: autor de los grandes \u00e9xitos de La Paquera, sus canciones han sido interpretadas tambi\u00e9n por Rafael Farina, Manolo Caracol, Roc\u00edo Jurado o Lola Flores, entre otros grandes artistas. Ahora, La Macanita recrea y actualiza ese repertorio inolvidable y pone su voz y su sentimiento para recordar el gran legado art\u00edstico de Antonio Gallardo Molina.<\/p>\n<p><strong>Ficha art\u00edstica:<\/strong><br \/>\n<strong>Direcci\u00f3n art\u00edstica: Tomasa La Macanita<\/strong><br \/>\n<strong>Direcci\u00f3n musical: Jos\u00e9 Zarzana y Pepe del Morao<\/strong><\/p>\n<p>Elenco:<br \/>\nLa Macanita \u2013 Cante<br \/>\nJos\u00e9 Zarzana \u2013 Piano<br \/>\nPepe del Morao \u2013 Guitarra<br \/>\nBernardo Parrilla \u2013 Viol\u00edn<br \/>\nPerico Navarro \u2013 Percusiones<br \/>\nChicharito, Macano, Javi Pe\u00f1a y Diego Montoya \u2013 Palmas y comp\u00e1s<\/p>\n<p>Artistas invitados: Mar\u00eda Jos\u00e9 Santiago, Jes\u00fas M\u00e9ndez<br \/>\nColaboraci\u00f3n especial: Juan Jos\u00e9 Padilla<\/p>\n<p>&nbsp;<\/p>\n<p><img decoding=\"async\" class=\"aligncenter size-full wp-image-82082\" src=\"https:\/\/expoflamenco.com\/agenda\/wp-content\/uploads\/sites\/22\/2026\/03\/la-macanita-villamarta.webp\" alt=\"\" width=\"1639\" height=\"2048\" srcset=\"https:\/\/expoflamenco.com\/agenda\/wp-content\/uploads\/sites\/22\/2026\/03\/la-macanita-villamarta.webp 1639w, https:\/\/expoflamenco.com\/agenda\/wp-content\/uploads\/sites\/22\/2026\/03\/la-macanita-villamarta-304x380.webp 304w, https:\/\/expoflamenco.com\/agenda\/wp-content\/uploads\/sites\/22\/2026\/03\/la-macanita-villamarta-456x570.webp 456w, https:\/\/expoflamenco.com\/agenda\/wp-content\/uploads\/sites\/22\/2026\/03\/la-macanita-villamarta-768x960.webp 768w, https:\/\/expoflamenco.com\/agenda\/wp-content\/uploads\/sites\/22\/2026\/03\/la-macanita-villamarta-1229x1536.webp 1229w, https:\/\/expoflamenco.com\/agenda\/wp-content\/uploads\/sites\/22\/2026\/03\/la-macanita-villamarta-750x937.webp 750w, https:\/\/expoflamenco.com\/agenda\/wp-content\/uploads\/sites\/22\/2026\/03\/la-macanita-villamarta-1140x1424.webp 1140w\" sizes=\"(max-width: 1639px) 100vw, 1639px\" \/><\/p>\n<p>&nbsp;<\/p>\n<hr \/>\n<p><strong><em>\u00bfQuieres que tu evento aparezca en nuestra agenda? Es totalmente gratuito: Env\u00edanos la informaci\u00f3n lo m\u00e1s completa posible y subiremos conforme relevancia y nuestra disponibilidad. Tendr\u00e1n prioridad los eventos con programaci\u00f3n mensual o ciclos. Y si quieres anunciarte con nosotros, tenemos muchas opciones. Env\u00edanos un mensaje a agenda@expoflamenco.com.<\/em><\/strong><\/p>\n","protected":false},"excerpt":{"rendered":"<p>18 de Abril &#8211; 20:00h Teatro Villamarta Antonio Gallardo fue un creador que dej\u00f3 una huella indeleble en la poes\u00eda, en el flamenco y en la copla. De alguna manera, su prol\u00edfica obra la ha tenido siempre presente la cantaora Tomasa Guerrero \u201cLa Macanita\u201d a lo largo de su trayectoria art\u00edstica, pero ahora le rinde [&hellip;]<\/p>\n","protected":false},"author":56,"featured_media":82083,"comment_status":"open","ping_status":"closed","template":"","tags":[],"mec_category":[478,476],"mec_sponsor":[],"class_list":["post-82081","mec-events","type-mec-events","status-publish","has-post-thumbnail","hentry","mec_category-cante","mec_category-concierto","pmpro-has-access"],"acf":[],"aioseo_notices":[],"_links":{"self":[{"href":"https:\/\/expoflamenco.com\/agenda\/wp-json\/wp\/v2\/mec-events\/82081","targetHints":{"allow":["GET"]}}],"collection":[{"href":"https:\/\/expoflamenco.com\/agenda\/wp-json\/wp\/v2\/mec-events"}],"about":[{"href":"https:\/\/expoflamenco.com\/agenda\/wp-json\/wp\/v2\/types\/mec-events"}],"author":[{"embeddable":true,"href":"https:\/\/expoflamenco.com\/agenda\/wp-json\/wp\/v2\/users\/56"}],"replies":[{"embeddable":true,"href":"https:\/\/expoflamenco.com\/agenda\/wp-json\/wp\/v2\/comments?post=82081"}],"wp:featuredmedia":[{"embeddable":true,"href":"https:\/\/expoflamenco.com\/agenda\/wp-json\/wp\/v2\/media\/82083"}],"wp:attachment":[{"href":"https:\/\/expoflamenco.com\/agenda\/wp-json\/wp\/v2\/media?parent=82081"}],"wp:term":[{"taxonomy":"post_tag","embeddable":true,"href":"https:\/\/expoflamenco.com\/agenda\/wp-json\/wp\/v2\/tags?post=82081"},{"taxonomy":"mec_category","embeddable":true,"href":"https:\/\/expoflamenco.com\/agenda\/wp-json\/wp\/v2\/mec_category?post=82081"},{"taxonomy":"mec_sponsor","embeddable":true,"href":"https:\/\/expoflamenco.com\/agenda\/wp-json\/wp\/v2\/mec_sponsor?post=82081"}],"curies":[{"name":"wp","href":"https:\/\/api.w.org\/{rel}","templated":true}]}}

<hr />
<h3 style="text-align: center">18 de Abril &#8211; 20:00h<br />
Teatro Villamarta</h3>
<hr />
<p><strong>Antonio Gallardo</strong> fue un creador que dejó una huella indeleble en la poesía, en el flamenco y en la copla. De alguna manera, su prolífica obra la ha tenido siempre presente la cantaora Tomasa Guerrero “La Macanita” a lo largo de su trayectoria artística, pero ahora le rinde este emotivo tributo al poeta y compositor jerezano cuando se cumple el centenario de su nacimiento.</p>
<p>La obra de Antonio Gallardo forma parte de la memoria sentimental de Jerez de la Frontera: autor de los grandes éxitos de La Paquera, sus canciones han sido interpretadas también por Rafael Farina, Manolo Caracol, Rocío Jurado o Lola Flores, entre otros grandes artistas. Ahora, La Macanita recrea y actualiza ese repertorio inolvidable y pone su voz y su sentimiento para recordar el gran legado artístico de Antonio Gallardo Molina.</p>
<p><strong>Ficha artística:</strong><br />
<strong>Dirección artística: Tomasa La Macanita</strong><br />
<strong>Dirección musical: José Zarzana y Pepe del Morao</strong></p>
<p>Elenco:<br />
La Macanita – Cante<br />
José Zarzana – Piano<br />
Pepe del Morao – Guitarra<br />
Bernardo Parrilla – Violín<br />
Perico Navarro – Percusiones<br />
Chicharito, Macano, Javi Peña y Diego Montoya – Palmas y compás</p>
<p>Artistas invitados: María José Santiago, Jesús Méndez<br />
Colaboración especial: Juan José Padilla</p>
<p>&nbsp;</p>
<p><img decoding="async" class="aligncenter size-full wp-image-82082" src="https://expoflamenco.com/agenda/wp-content/uploads/sites/22/2026/03/la-macanita-villamarta.webp" alt="" width="1639" height="2048" srcset="https://expoflamenco.com/agenda/wp-content/uploads/sites/22/2026/03/la-macanita-villamarta.webp 1639w, https://expoflamenco.com/agenda/wp-content/uploads/sites/22/2026/03/la-macanita-villamarta-304x380.webp 304w, https://expoflamenco.com/agenda/wp-content/uploads/sites/22/2026/03/la-macanita-villamarta-456x570.webp 456w, https://expoflamenco.com/agenda/wp-content/uploads/sites/22/2026/03/la-macanita-villamarta-768x960.webp 768w, https://expoflamenco.com/agenda/wp-content/uploads/sites/22/2026/03/la-macanita-villamarta-1229x1536.webp 1229w, https://expoflamenco.com/agenda/wp-content/uploads/sites/22/2026/03/la-macanita-villamarta-750x937.webp 750w, https://expoflamenco.com/agenda/wp-content/uploads/sites/22/2026/03/la-macanita-villamarta-1140x1424.webp 1140w" sizes="(max-width: 1639px) 100vw, 1639px" /></p>
<p>&nbsp;</p>
<hr />
<p><strong><em>¿Quieres que tu evento aparezca en nuestra agenda? Es totalmente gratuito: Envíanos la información lo más completa posible y subiremos conforme relevancia y nuestra disponibilidad. Tendrán prioridad los eventos con programación mensual o ciclos. Y si quieres anunciarte con nosotros, tenemos muchas opciones. Envíanos un mensaje a agenda@expoflamenco.com.</em></strong></p>

<p>18 de Abril &#8211; 20:00h Teatro Villamarta Antonio Gallardo fue un creador que dejó una huella indeleble en la poesía, en el flamenco y en la copla. De alguna manera, su prolífica obra la ha tenido siempre presente la cantaora Tomasa Guerrero “La Macanita” a lo largo de su trayectoria artística, pero ahora le rinde [&hellip;]</p>
