{"id":81925,"date":"2026-03-05T09:42:04","date_gmt":"2026-03-05T08:42:04","guid":{"rendered":"https:\/\/expoflamenco.com\/agenda\/?post_type=mec-events&#038;p=81925"},"modified":"2026-03-05T09:49:48","modified_gmt":"2026-03-05T08:49:48","slug":"inscripcion-concurso-de-baile-centro-cultural-flamenco-de-madrid-622","status":"publish","type":"mec-events","link":"https:\/\/expoflamenco.com\/agenda\/eventos\/inscripcion-concurso-de-baile-centro-cultural-flamenco-de-madrid-622\/","title":{"rendered":"Final Concurso de Baile Centro Cultural Flamenco de Madrid"},"content":{"rendered":"<hr \/>\n<h3 style=\"text-align: center\">18 y 19 de Abril<\/h3>\n<hr \/>\n<div class=\"elementor-element elementor-element-91207a3 elementor-widget elementor-widget-text-editor\" data-id=\"91207a3\" data-element_type=\"widget\" data-e-type=\"widget\" data-widget_type=\"text-editor.default\">\n<div class=\"elementor-widget-container\">\n<div dir=\"auto\" style=\"text-align: left\">\n<div class=\"elementor-element elementor-element-bc896b5 elementor-widget elementor-widget-heading\" data-id=\"bc896b5\" data-element_type=\"widget\" data-e-type=\"widget\" data-widget_type=\"heading.default\">\n<div class=\"elementor-widget-container\">\n<p class=\"elementor-heading-title elementor-size-default\">Dos d\u00edas de flamenco en vivo, donde el nivel estar\u00e1 m\u00e1s re\u00f1ido que nunca&#8230;<\/p>\n<\/div>\n<\/div>\n<div class=\"elementor-widget-container\">\n<div>Disfruta en directo del talento, la fuerza y la emoci\u00f3n de bailaores y bailaoras que lo dar\u00e1n todo para conquistar al jurado y al p\u00fablico.<\/div>\n<div>Asegura ya tu entrada y vive un espect\u00e1culo \u00fanico lleno de emoci\u00f3n y talento.<\/div>\n<div>Reserva tu entrada en el 689 48 92 58 y en la taquilla del teatro.<\/div>\n<div><\/div>\n<p>\u00a1No dejes pasar la oportunidad!<\/p>\n<\/div>\n<div class=\"elementor-element elementor-element-0589a4c elementor-widget__width-initial elementor-widget-laptop__width-initial elementor-widget-widescreen__width-initial elementor-widget elementor-widget-text-editor\" data-id=\"0589a4c\" data-element_type=\"widget\" data-e-type=\"widget\" data-widget_type=\"text-editor.default\">\n<div class=\"elementor-widget-container\">\n<p><strong>Semifinal (GRUPO A) 18 de abril a las 12:00<\/strong><\/p>\n<p><strong>Semifinal (GRUPO B) 18 de abril a las 13:30<\/strong><\/p>\n<p><strong>Gran Final 19 de abril a las 13:00<\/strong><\/p>\n<\/div>\n<\/div>\n<p><a class=\"btn btn-default\" href=\"https:\/\/wa.me\/34689489258\">Reserva tu plaza<\/a><\/p>\n<\/div>\n<\/div>\n<div class=\"elementor-widget-container\">\n<hr \/>\n<\/div>\n<p style=\"text-align: left\"><strong><em>\u00bfQuieres que tu evento aparezca en nuestra agenda? Es totalmente gratuito: Env\u00edanos la informaci\u00f3n lo m\u00e1s completa posible y subiremos conforme relevancia y nuestra disponibilidad. Tendr\u00e1n prioridad los eventos con programaci\u00f3n mensual o ciclos. Y si quieres anunciarte con nosotros, tenemos muchas opciones. Env\u00edanos un mensaje a agenda@expoflamenco.com.<\/em><\/strong><\/p>\n<\/div>\n","protected":false},"excerpt":{"rendered":"<p>18 y 19 de Abril Dos d\u00edas de flamenco en vivo, donde el nivel estar\u00e1 m\u00e1s re\u00f1ido que nunca&#8230; Disfruta en directo del talento, la fuerza y la emoci\u00f3n de bailaores y bailaoras que lo dar\u00e1n todo para conquistar al jurado y al p\u00fablico. Asegura ya tu entrada y vive un espect\u00e1culo \u00fanico lleno de [&hellip;]<\/p>\n","protected":false},"author":56,"featured_media":81908,"comment_status":"open","ping_status":"closed","template":"","tags":[901,1979,1316,1155,1983,1398],"mec_category":[477,480],"mec_sponsor":[],"class_list":["post-81925","mec-events","type-mec-events","status-publish","has-post-thumbnail","hentry","tag-centro-cultural-flamenco-madrid","tag-centro-culturaural-flamenco-madrid","tag-concurso-baile","tag-final","tag-semifinal","tag-tablao","mec_category-baile","mec_category-concurso","pmpro-has-access"],"acf":[],"aioseo_notices":[],"_links":{"self":[{"href":"https:\/\/expoflamenco.com\/agenda\/wp-json\/wp\/v2\/mec-events\/81925","targetHints":{"allow":["GET"]}}],"collection":[{"href":"https:\/\/expoflamenco.com\/agenda\/wp-json\/wp\/v2\/mec-events"}],"about":[{"href":"https:\/\/expoflamenco.com\/agenda\/wp-json\/wp\/v2\/types\/mec-events"}],"author":[{"embeddable":true,"href":"https:\/\/expoflamenco.com\/agenda\/wp-json\/wp\/v2\/users\/56"}],"replies":[{"embeddable":true,"href":"https:\/\/expoflamenco.com\/agenda\/wp-json\/wp\/v2\/comments?post=81925"}],"wp:featuredmedia":[{"embeddable":true,"href":"https:\/\/expoflamenco.com\/agenda\/wp-json\/wp\/v2\/media\/81908"}],"wp:attachment":[{"href":"https:\/\/expoflamenco.com\/agenda\/wp-json\/wp\/v2\/media?parent=81925"}],"wp:term":[{"taxonomy":"post_tag","embeddable":true,"href":"https:\/\/expoflamenco.com\/agenda\/wp-json\/wp\/v2\/tags?post=81925"},{"taxonomy":"mec_category","embeddable":true,"href":"https:\/\/expoflamenco.com\/agenda\/wp-json\/wp\/v2\/mec_category?post=81925"},{"taxonomy":"mec_sponsor","embeddable":true,"href":"https:\/\/expoflamenco.com\/agenda\/wp-json\/wp\/v2\/mec_sponsor?post=81925"}],"curies":[{"name":"wp","href":"https:\/\/api.w.org\/{rel}","templated":true}]}}

<hr />
<h3 style="text-align: center">18 y 19 de Abril</h3>
<hr />
<div class="elementor-element elementor-element-91207a3 elementor-widget elementor-widget-text-editor" data-id="91207a3" data-element_type="widget" data-e-type="widget" data-widget_type="text-editor.default">
<div class="elementor-widget-container">
<div dir="auto" style="text-align: left">
<div class="elementor-element elementor-element-bc896b5 elementor-widget elementor-widget-heading" data-id="bc896b5" data-element_type="widget" data-e-type="widget" data-widget_type="heading.default">
<div class="elementor-widget-container">
<p class="elementor-heading-title elementor-size-default">Dos días de flamenco en vivo, donde el nivel estará más reñido que nunca&#8230;</p>
</div>
</div>
<div class="elementor-widget-container">
<div>Disfruta en directo del talento, la fuerza y la emoción de bailaores y bailaoras que lo darán todo para conquistar al jurado y al público.</div>
<div>Asegura ya tu entrada y vive un espectáculo único lleno de emoción y talento.</div>
<div>Reserva tu entrada en el 689 48 92 58 y en la taquilla del teatro.</div>
<div></div>
<p>¡No dejes pasar la oportunidad!</p>
</div>
<div class="elementor-element elementor-element-0589a4c elementor-widget__width-initial elementor-widget-laptop__width-initial elementor-widget-widescreen__width-initial elementor-widget elementor-widget-text-editor" data-id="0589a4c" data-element_type="widget" data-e-type="widget" data-widget_type="text-editor.default">
<div class="elementor-widget-container">
<p><strong>Semifinal (GRUPO A) 18 de abril a las 12:00</strong></p>
<p><strong>Semifinal (GRUPO B) 18 de abril a las 13:30</strong></p>
<p><strong>Gran Final 19 de abril a las 13:00</strong></p>
</div>
</div>
<p><a class="btn btn-default" href="https://wa.me/34689489258">Reserva tu plaza</a></p>
</div>
</div>
<div class="elementor-widget-container">
<hr />
</div>
<p style="text-align: left"><strong><em>¿Quieres que tu evento aparezca en nuestra agenda? Es totalmente gratuito: Envíanos la información lo más completa posible y subiremos conforme relevancia y nuestra disponibilidad. Tendrán prioridad los eventos con programación mensual o ciclos. Y si quieres anunciarte con nosotros, tenemos muchas opciones. Envíanos un mensaje a agenda@expoflamenco.com.</em></strong></p>
</div>

<p>18 y 19 de Abril Dos días de flamenco en vivo, donde el nivel estará más reñido que nunca&#8230; Disfruta en directo del talento, la fuerza y la emoción de bailaores y bailaoras que lo darán todo para conquistar al jurado y al público. Asegura ya tu entrada y vive un espectáculo único lleno de [&hellip;]</p>
