{"id":81871,"date":"2026-02-25T11:42:25","date_gmt":"2026-02-25T10:42:25","guid":{"rendered":"https:\/\/expoflamenco.com\/agenda\/?post_type=mec-events&#038;p=81871"},"modified":"2026-02-25T12:11:56","modified_gmt":"2026-02-25T11:11:56","slug":"centro-flamenco-la-merced-212","status":"publish","type":"mec-events","link":"https:\/\/expoflamenco.com\/agenda\/eventos\/centro-flamenco-la-merced-212\/","title":{"rendered":"Centro Flamenco La Merced &#8211; Abril y Mayo 2026"},"content":{"rendered":"<hr \/>\n<h3 style=\"text-align: center\">Programaci\u00f3n de Abril y Mayo<\/h3>\n<hr \/>\n<div><\/div>\n<div><\/div>\n<div id=\"post-21255\" class=\"type-tribe_events post-21255 tribe-clearfix tribe-events-category-formacion-la-merced-primavera-2025 tribe-events-venue-16640 grve-blog-item grve-non-isotope-item grve-small-post\">\n<div class=\"grve-blog-item-inner\">\n<div class=\"grve-post-content-wrapper\" style=\"text-align: left\">\n<div class=\"grve-tribe-events-event-cost\">\n<figure id=\"attachment_81872\" aria-describedby=\"caption-attachment-81872\" style=\"width: 1000px\" class=\"wp-caption aligncenter\"><img decoding=\"async\" class=\"size-full wp-image-81872\" src=\"https:\/\/expoflamenco.com\/agenda\/wp-content\/uploads\/sites\/22\/2026\/02\/centro-la-merce-cadiz-2026-primavera.webp\" alt=\"\" width=\"1000\" height=\"1334\" srcset=\"https:\/\/expoflamenco.com\/agenda\/wp-content\/uploads\/sites\/22\/2026\/02\/centro-la-merce-cadiz-2026-primavera.webp 1000w, https:\/\/expoflamenco.com\/agenda\/wp-content\/uploads\/sites\/22\/2026\/02\/centro-la-merce-cadiz-2026-primavera-285x380.webp 285w, https:\/\/expoflamenco.com\/agenda\/wp-content\/uploads\/sites\/22\/2026\/02\/centro-la-merce-cadiz-2026-primavera-427x570.webp 427w, https:\/\/expoflamenco.com\/agenda\/wp-content\/uploads\/sites\/22\/2026\/02\/centro-la-merce-cadiz-2026-primavera-768x1025.webp 768w, https:\/\/expoflamenco.com\/agenda\/wp-content\/uploads\/sites\/22\/2026\/02\/centro-la-merce-cadiz-2026-primavera-300x400.webp 300w, https:\/\/expoflamenco.com\/agenda\/wp-content\/uploads\/sites\/22\/2026\/02\/centro-la-merce-cadiz-2026-primavera-750x1001.webp 750w\" sizes=\"(max-width: 1000px) 100vw, 1000px\" \/><figcaption id=\"caption-attachment-81872\" class=\"wp-caption-text\">Programaci\u00f3n Abril y Mayo Centro Flamenco La Merced<\/figcaption><\/figure>\n<\/div>\n<div><\/div>\n<div class=\"grve-tribe-events-event-cost\">\n<div>\n<div>\n<div><span style=\"font-size: large\"><strong>PROGRAMACI\u00d3N SUJETA A POSIBLES CAMBIOS.<\/strong><br \/>\n<\/span><\/div>\n<div><span style=\"font-size: small\">Centro Flamenco La Merced .\u00a0<\/span><\/div>\n<\/div>\n<div>Plaza de La Merced s\/n. 11005 C\u00e1diz.<\/div>\n<div><\/div>\n<div>\n<div><strong>Horario:<\/strong><\/div>\n<div>\n<div>Martes a s\u00e1bado: 11:00h a 14:00h<\/div>\n<div>Lunes a viernes: 18:00h a 21:00h.<\/div>\n<div>Lunes por la ma\u00f1ana, domingos y festivos cerrado<\/div>\n<\/div>\n<\/div>\n<div>Tlf: 956 28 51 89\/ 676 82 54 61<\/div>\n<div><span style=\"font-size: small\"><a href=\"mailto:cadizesflamenco@gmail.com\" target=\"_blank\" rel=\"noopener\">cadizesflamenco@gmail.com<\/a><br \/>\n<\/span><\/div>\n<div><span style=\"font-size: small\"><a href=\"http:\/\/www.cadizesflamenco.com\/\" target=\"_blank\" rel=\"noopener\" data-saferedirecturl=\"https:\/\/www.google.com\/url?q=http:\/\/www.cadizesflamenco.com\/&amp;source=gmail&amp;ust=1772021162968000&amp;usg=AOvVaw2uI-LLr1bosm6jZ86MbFYH\">www.cadizesflamenco.com<\/a><br \/>\n<\/span><\/div>\n<div><span style=\"font-size: small\"><a href=\"http:\/\/www.facebook.com\/FlamencoCadiz\" target=\"_blank\" rel=\"noopener\" data-saferedirecturl=\"https:\/\/www.google.com\/url?q=http:\/\/www.facebook.com\/FlamencoCadiz&amp;source=gmail&amp;ust=1772021162968000&amp;usg=AOvVaw1Uti-iy5boX5SWhjIVf7Mi\">www.facebook.com\/FlamencoCadiz<\/a><wbr \/>\u00a0\u00a0<\/span><\/div>\n<div><a href=\"https:\/\/twitter.com\/FlamencoCadiz\" target=\"_blank\" rel=\"noopener\" data-saferedirecturl=\"https:\/\/www.google.com\/url?q=https:\/\/twitter.com\/FlamencoCadiz&amp;source=gmail&amp;ust=1772021162968000&amp;usg=AOvVaw1t-yEtY4QhjtZtxBsevjh4\">https:\/\/twitter.com\/<wbr \/>FlamencoCadiz<\/a><\/div>\n<div>\n<div>\n<div>\n<div dir=\"ltr\">\n<div dir=\"ltr\">@FlamencoCadiz<\/div>\n<div dir=\"ltr\"><a href=\"https:\/\/www.instagram.com\/cadizesflamenco\/\" target=\"_blank\" rel=\"noopener\" data-saferedirecturl=\"https:\/\/www.google.com\/url?q=https:\/\/www.instagram.com\/cadizesflamenco\/&amp;source=gmail&amp;ust=1772021162968000&amp;usg=AOvVaw3qabuUGduLmpO6Tp4IA_d4\">https:\/\/www.instagram.com\/<wbr \/>cadizesflamenco\/<\/a><\/div>\n<div dir=\"ltr\">Visita nuestro canal de youtube: C\u00e1diz Es Flamenco (abajo ten\u00e9is el enlace):<\/div>\n<div dir=\"ltr\"><a href=\"https:\/\/www.youtube.com\/channel\/UCzr40vpCthwyf6rsnme0KIQ\" target=\"_blank\" rel=\"noopener\" data-saferedirecturl=\"https:\/\/www.google.com\/url?q=https:\/\/www.youtube.com\/channel\/UCzr40vpCthwyf6rsnme0KIQ&amp;source=gmail&amp;ust=1772021162968000&amp;usg=AOvVaw2fu8lLt6A3VFhDjKhIgBAG\">https:\/\/www.youtube.com\/<wbr \/>channel\/<wbr \/>UCzr40vpCthwyf6rsnme0KIQ<\/a><\/div>\n<\/div>\n<\/div>\n<\/div>\n<\/div>\n<\/div>\n<div>El Centro Municipal de Arte Flamenco La Merced, dispone de aulas de ensayos, que podr\u00e1n ser solicitadas para su uso en el Centro.<\/div>\n<div><\/div>\n<\/div>\n<\/div>\n<\/div>\n<\/div>\n<hr \/>\n<p><em><strong>\u00bfQuieres que tu evento aparezca en nuestra agenda? Es totalmente gratuito: Envianos la informaci\u00f3n lo mas completa posible y subiremos conforme relevancia y nuestra disponibilidad. Tablaos y Pe\u00f1as tendr\u00e1n prioridad los eventos con programaci\u00f3n mensual o ciclos. Y si quieres anunciarte con nosotros, tenemos muchas opciones. Envianos un mensaje a agenda@expoflamenco.com.<\/strong><\/em><\/p>\n<div id=\"post-21224\" class=\"type-tribe_events post-21224 tribe-clearfix tribe-events-category-programacion-primavera-2025 tribe-events-venue-16640 tribe-events-last grve-blog-item grve-non-isotope-item grve-small-post\">\n<hr \/>\n<\/div>\n","protected":false},"excerpt":{"rendered":"<p>Programaci\u00f3n del Centro Flamenco la Merced, en C\u00e1diz. Cursos y espect\u00e1culos. 2026<\/p>\n","protected":false},"author":56,"featured_media":81874,"comment_status":"open","ping_status":"closed","template":"","tags":[1805,1708,1171,1397],"mec_category":[477,478,1449,479],"mec_sponsor":[],"class_list":["post-81871","mec-events","type-mec-events","status-publish","has-post-thumbnail","hentry","tag-1805","tag-cadiz-flamenco","tag-centro-flamenco-la-merced","tag-primavera","mec_category-baile","mec_category-cante","mec_category-curso","mec_category-guitarra","pmpro-has-access"],"acf":[],"aioseo_notices":[],"_links":{"self":[{"href":"https:\/\/expoflamenco.com\/agenda\/wp-json\/wp\/v2\/mec-events\/81871","targetHints":{"allow":["GET"]}}],"collection":[{"href":"https:\/\/expoflamenco.com\/agenda\/wp-json\/wp\/v2\/mec-events"}],"about":[{"href":"https:\/\/expoflamenco.com\/agenda\/wp-json\/wp\/v2\/types\/mec-events"}],"author":[{"embeddable":true,"href":"https:\/\/expoflamenco.com\/agenda\/wp-json\/wp\/v2\/users\/56"}],"replies":[{"embeddable":true,"href":"https:\/\/expoflamenco.com\/agenda\/wp-json\/wp\/v2\/comments?post=81871"}],"wp:featuredmedia":[{"embeddable":true,"href":"https:\/\/expoflamenco.com\/agenda\/wp-json\/wp\/v2\/media\/81874"}],"wp:attachment":[{"href":"https:\/\/expoflamenco.com\/agenda\/wp-json\/wp\/v2\/media?parent=81871"}],"wp:term":[{"taxonomy":"post_tag","embeddable":true,"href":"https:\/\/expoflamenco.com\/agenda\/wp-json\/wp\/v2\/tags?post=81871"},{"taxonomy":"mec_category","embeddable":true,"href":"https:\/\/expoflamenco.com\/agenda\/wp-json\/wp\/v2\/mec_category?post=81871"},{"taxonomy":"mec_sponsor","embeddable":true,"href":"https:\/\/expoflamenco.com\/agenda\/wp-json\/wp\/v2\/mec_sponsor?post=81871"}],"curies":[{"name":"wp","href":"https:\/\/api.w.org\/{rel}","templated":true}]}}

<hr />
<h3 style="text-align: center">Programación de Abril y Mayo</h3>
<hr />
<div></div>
<div></div>
<div id="post-21255" class="type-tribe_events post-21255 tribe-clearfix tribe-events-category-formacion-la-merced-primavera-2025 tribe-events-venue-16640 grve-blog-item grve-non-isotope-item grve-small-post">
<div class="grve-blog-item-inner">
<div class="grve-post-content-wrapper" style="text-align: left">
<div class="grve-tribe-events-event-cost">
<figure id="attachment_81872" aria-describedby="caption-attachment-81872" style="width: 1000px" class="wp-caption aligncenter"><img decoding="async" class="size-full wp-image-81872" src="https://expoflamenco.com/agenda/wp-content/uploads/sites/22/2026/02/centro-la-merce-cadiz-2026-primavera.webp" alt="" width="1000" height="1334" srcset="https://expoflamenco.com/agenda/wp-content/uploads/sites/22/2026/02/centro-la-merce-cadiz-2026-primavera.webp 1000w, https://expoflamenco.com/agenda/wp-content/uploads/sites/22/2026/02/centro-la-merce-cadiz-2026-primavera-285x380.webp 285w, https://expoflamenco.com/agenda/wp-content/uploads/sites/22/2026/02/centro-la-merce-cadiz-2026-primavera-427x570.webp 427w, https://expoflamenco.com/agenda/wp-content/uploads/sites/22/2026/02/centro-la-merce-cadiz-2026-primavera-768x1025.webp 768w, https://expoflamenco.com/agenda/wp-content/uploads/sites/22/2026/02/centro-la-merce-cadiz-2026-primavera-300x400.webp 300w, https://expoflamenco.com/agenda/wp-content/uploads/sites/22/2026/02/centro-la-merce-cadiz-2026-primavera-750x1001.webp 750w" sizes="(max-width: 1000px) 100vw, 1000px" /><figcaption id="caption-attachment-81872" class="wp-caption-text">Programación Abril y Mayo Centro Flamenco La Merced</figcaption></figure>
</div>
<div></div>
<div class="grve-tribe-events-event-cost">
<div>
<div>
<div><span style="font-size: large"><strong>PROGRAMACIÓN SUJETA A POSIBLES CAMBIOS.</strong><br />
</span></div>
<div><span style="font-size: small">Centro Flamenco La Merced . </span></div>
</div>
<div>Plaza de La Merced s/n. 11005 Cádiz.</div>
<div></div>
<div>
<div><strong>Horario:</strong></div>
<div>
<div>Martes a sábado: 11:00h a 14:00h</div>
<div>Lunes a viernes: 18:00h a 21:00h.</div>
<div>Lunes por la mañana, domingos y festivos cerrado</div>
</div>
</div>
<div>Tlf: 956 28 51 89/ 676 82 54 61</div>
<div><span style="font-size: small"><a href="mailto:cadizesflamenco@gmail.com" target="_blank" rel="noopener">cadizesflamenco@gmail.com</a><br />
</span></div>
<div><span style="font-size: small"><a href="http://www.cadizesflamenco.com/" target="_blank" rel="noopener" data-saferedirecturl="https://www.google.com/url?q=http://www.cadizesflamenco.com/&amp;source=gmail&amp;ust=1772021162968000&amp;usg=AOvVaw2uI-LLr1bosm6jZ86MbFYH">www.cadizesflamenco.com</a><br />
</span></div>
<div><span style="font-size: small"><a href="http://www.facebook.com/FlamencoCadiz" target="_blank" rel="noopener" data-saferedirecturl="https://www.google.com/url?q=http://www.facebook.com/FlamencoCadiz&amp;source=gmail&amp;ust=1772021162968000&amp;usg=AOvVaw1Uti-iy5boX5SWhjIVf7Mi">www.facebook.com/FlamencoCadiz</a><wbr />  </span></div>
<div><a href="https://twitter.com/FlamencoCadiz" target="_blank" rel="noopener" data-saferedirecturl="https://www.google.com/url?q=https://twitter.com/FlamencoCadiz&amp;source=gmail&amp;ust=1772021162968000&amp;usg=AOvVaw1t-yEtY4QhjtZtxBsevjh4">https://twitter.com/<wbr />FlamencoCadiz</a></div>
<div>
<div>
<div>
<div dir="ltr">
<div dir="ltr">@FlamencoCadiz</div>
<div dir="ltr"><a href="https://www.instagram.com/cadizesflamenco/" target="_blank" rel="noopener" data-saferedirecturl="https://www.google.com/url?q=https://www.instagram.com/cadizesflamenco/&amp;source=gmail&amp;ust=1772021162968000&amp;usg=AOvVaw3qabuUGduLmpO6Tp4IA_d4">https://www.instagram.com/<wbr />cadizesflamenco/</a></div>
<div dir="ltr">Visita nuestro canal de youtube: Cádiz Es Flamenco (abajo tenéis el enlace):</div>
<div dir="ltr"><a href="https://www.youtube.com/channel/UCzr40vpCthwyf6rsnme0KIQ" target="_blank" rel="noopener" data-saferedirecturl="https://www.google.com/url?q=https://www.youtube.com/channel/UCzr40vpCthwyf6rsnme0KIQ&amp;source=gmail&amp;ust=1772021162968000&amp;usg=AOvVaw2fu8lLt6A3VFhDjKhIgBAG">https://www.youtube.com/<wbr />channel/<wbr />UCzr40vpCthwyf6rsnme0KIQ</a></div>
</div>
</div>
</div>
</div>
</div>
<div>El Centro Municipal de Arte Flamenco La Merced, dispone de aulas de ensayos, que podrán ser solicitadas para su uso en el Centro.</div>
<div></div>
</div>
</div>
</div>
</div>
<hr />
<p><em><strong>¿Quieres que tu evento aparezca en nuestra agenda? Es totalmente gratuito: Envianos la información lo mas completa posible y subiremos conforme relevancia y nuestra disponibilidad. Tablaos y Peñas tendrán prioridad los eventos con programación mensual o ciclos. Y si quieres anunciarte con nosotros, tenemos muchas opciones. Envianos un mensaje a agenda@expoflamenco.com.</strong></em></p>
<div id="post-21224" class="type-tribe_events post-21224 tribe-clearfix tribe-events-category-programacion-primavera-2025 tribe-events-venue-16640 tribe-events-last grve-blog-item grve-non-isotope-item grve-small-post">
<hr />
</div>

<p>Programación del Centro Flamenco la Merced, en Cádiz. Cursos y espectáculos. 2026</p>
