{"id":81301,"date":"2025-12-16T10:23:11","date_gmt":"2025-12-16T09:23:11","guid":{"rendered":"https:\/\/expoflamenco.com\/agenda\/?post_type=mec-events&#038;p=81301"},"modified":"2025-12-16T10:23:11","modified_gmt":"2025-12-16T09:23:11","slug":"puente-flamenco-entre-japon-granada-y-jerez-2026","status":"publish","type":"mec-events","link":"https:\/\/expoflamenco.com\/agenda\/eventos\/puente-flamenco-entre-japon-granada-y-jerez-2026\/","title":{"rendered":"Puente Flamenco entre Jap\u00f3n Granada y Jerez 2026"},"content":{"rendered":"<hr \/>\n<h3 style=\"text-align: center\">21 y 22 de Mayo &#8211; Granada y Jerez<\/h3>\n<hr \/>\n<h4>PROGRAMACI\u00d3N<\/h4>\n<div><strong>Fecha: 21 de mayo<\/strong><\/div>\n<div>Lugar: Pe\u00f1a la Plater\u00eda, Granada<\/div>\n<div>Hora: 21:30H<\/div>\n<div>Al cante: Jaime el Parr\u00f3n, Rudi Fern\u00e1ndz<br \/>\nA la guitarra: Emilio Maya<br \/>\nAl baile: Mai Saegusa, Yumiko Sato, Sayaka Masaki, Jurina, Mariko Nakahara, Kotoha Setoguchi<\/div>\n<div><\/div>\n<div>\n<hr \/>\n<p><strong>Fecha: 22 de mayo<\/strong><\/div>\n<div>Lugar: Guarida del \u00c1ngel, Jerez de la Frontera<\/div>\n<div>Hora: 21:30H<\/div>\n<div>Al cante: Manuel Ta\u00f1\u00e9, Miguel de Badajoz<\/div>\n<div>A la guitarra: Emilio Maya<\/div>\n<div>\n<div>Al baile: Mai Saegusa, Yumiko Sato, Sayaka Masaki, Jurina, Mariko Nakahara, Kotoha Setoguchi<\/div>\n<\/div>\n<div><\/div>\n<div>\n<figure id=\"attachment_81303\" aria-describedby=\"caption-attachment-81303\" style=\"width: 1448px\" class=\"wp-caption aligncenter\"><img decoding=\"async\" class=\"wp-image-81303 size-full\" src=\"https:\/\/expoflamenco.com\/agenda\/wp-content\/uploads\/sites\/22\/2025\/12\/puente-flamenco-japon-granada-jerez.webp\" alt=\"\" width=\"1448\" height=\"2047\" \/><figcaption id=\"caption-attachment-81303\" class=\"wp-caption-text\">Puente Flamenco entre Jap\u00f3n Granada y Jerez 2026<\/figcaption><\/figure>\n<\/div>\n","protected":false},"excerpt":{"rendered":"<p>21 y 22 de Mayo &#8211; Granada y Jerez PROGRAMACI\u00d3N Fecha: 21 de mayo Lugar: Pe\u00f1a la Plater\u00eda, Granada Hora: 21:30H Al cante: Jaime el Parr\u00f3n, Rudi Fern\u00e1ndz A la guitarra: Emilio Maya Al baile: Mai Saegusa, Yumiko Sato, Sayaka Masaki, Jurina, Mariko Nakahara, Kotoha Setoguchi Fecha: 22 de mayo Lugar: Guarida del \u00c1ngel, Jerez [&hellip;]<\/p>\n","protected":false},"author":56,"featured_media":81302,"comment_status":"open","ping_status":"closed","template":"","tags":[1868,188,1605,1287,1867],"mec_category":[477,475],"mec_sponsor":[],"class_list":["post-81301","mec-events","type-mec-events","status-publish","has-post-thumbnail","hentry","tag-bailaoras","tag-granada","tag-japon","tag-jerez","tag-puente-flamenco","mec_category-baile","mec_category-espectaculo","pmpro-has-access"],"acf":[],"aioseo_notices":[],"_links":{"self":[{"href":"https:\/\/expoflamenco.com\/agenda\/wp-json\/wp\/v2\/mec-events\/81301","targetHints":{"allow":["GET"]}}],"collection":[{"href":"https:\/\/expoflamenco.com\/agenda\/wp-json\/wp\/v2\/mec-events"}],"about":[{"href":"https:\/\/expoflamenco.com\/agenda\/wp-json\/wp\/v2\/types\/mec-events"}],"author":[{"embeddable":true,"href":"https:\/\/expoflamenco.com\/agenda\/wp-json\/wp\/v2\/users\/56"}],"replies":[{"embeddable":true,"href":"https:\/\/expoflamenco.com\/agenda\/wp-json\/wp\/v2\/comments?post=81301"}],"wp:featuredmedia":[{"embeddable":true,"href":"https:\/\/expoflamenco.com\/agenda\/wp-json\/wp\/v2\/media\/81302"}],"wp:attachment":[{"href":"https:\/\/expoflamenco.com\/agenda\/wp-json\/wp\/v2\/media?parent=81301"}],"wp:term":[{"taxonomy":"post_tag","embeddable":true,"href":"https:\/\/expoflamenco.com\/agenda\/wp-json\/wp\/v2\/tags?post=81301"},{"taxonomy":"mec_category","embeddable":true,"href":"https:\/\/expoflamenco.com\/agenda\/wp-json\/wp\/v2\/mec_category?post=81301"},{"taxonomy":"mec_sponsor","embeddable":true,"href":"https:\/\/expoflamenco.com\/agenda\/wp-json\/wp\/v2\/mec_sponsor?post=81301"}],"curies":[{"name":"wp","href":"https:\/\/api.w.org\/{rel}","templated":true}]}}

Puente Flamenco entre Japón Granada y Jerez 2026

<hr />
<h3 style="text-align: center">21 y 22 de Mayo &#8211; Granada y Jerez</h3>
<hr />
<h4>PROGRAMACIÓN</h4>
<div><strong>Fecha: 21 de mayo</strong></div>
<div>Lugar: Peña la Platería, Granada</div>
<div>Hora: 21:30H</div>
<div>Al cante: Jaime el Parrón, Rudi Fernándz<br />
A la guitarra: Emilio Maya<br />
Al baile: Mai Saegusa, Yumiko Sato, Sayaka Masaki, Jurina, Mariko Nakahara, Kotoha Setoguchi</div>
<div></div>
<div>
<hr />
<p><strong>Fecha: 22 de mayo</strong></div>
<div>Lugar: Guarida del Ángel, Jerez de la Frontera</div>
<div>Hora: 21:30H</div>
<div>Al cante: Manuel Tañé, Miguel de Badajoz</div>
<div>A la guitarra: Emilio Maya</div>
<div>
<div>Al baile: Mai Saegusa, Yumiko Sato, Sayaka Masaki, Jurina, Mariko Nakahara, Kotoha Setoguchi</div>
</div>
<div></div>
<div>
<figure id="attachment_81303" aria-describedby="caption-attachment-81303" style="width: 1448px" class="wp-caption aligncenter"><img decoding="async" class="wp-image-81303 size-full" src="https://expoflamenco.com/agenda/wp-content/uploads/sites/22/2025/12/puente-flamenco-japon-granada-jerez.webp" alt="" width="1448" height="2047" /><figcaption id="caption-attachment-81303" class="wp-caption-text">Puente Flamenco entre Japón Granada y Jerez 2026</figcaption></figure>
</div>

<p>21 y 22 de Mayo &#8211; Granada y Jerez PROGRAMACIÓN Fecha: 21 de mayo Lugar: Peña la Platería, Granada Hora: 21:30H Al cante: Jaime el Parrón, Rudi Fernándz A la guitarra: Emilio Maya Al baile: Mai Saegusa, Yumiko Sato, Sayaka Masaki, Jurina, Mariko Nakahara, Kotoha Setoguchi Fecha: 22 de mayo Lugar: Guarida del Ángel, Jerez [&hellip;]</p>
