{"id":80706,"date":"2025-10-16T10:49:36","date_gmt":"2025-10-16T08:49:36","guid":{"rendered":"https:\/\/expoflamenco.com\/agenda\/?post_type=mec-events&#038;p=80706"},"modified":"2025-10-16T13:27:39","modified_gmt":"2025-10-16T11:27:39","slug":"iii-ciclo-guitarra-flamenca-de-mujer","status":"publish","type":"mec-events","link":"https:\/\/expoflamenco.com\/agenda\/eventos\/iii-ciclo-guitarra-flamenca-de-mujer\/","title":{"rendered":"IV ciclo \u00abGuitarra flamenca de mujer\u00bb"},"content":{"rendered":"<hr \/>\n<h3 style=\"text-align: center\">8 de octubre\u00a0y el\u00a015 de noviembre<br \/>\nPe\u00f1a Flamenca<b> Torres Macarena<\/b><\/h3>\n<hr \/>\n<h4 style=\"text-align: left\"><span style=\"font-weight: 400\">Programaci\u00f3n:<\/span><\/h4>\n<ul>\n<li style=\"text-align: left\"><span style=\"font-weight: 400\">S\u00e1bado <\/span><b>18 de octubre <\/b><span style=\"font-weight: 400\">a las <\/span><b>21:30 <\/b><span style=\"font-weight: 400\">horas: Recital de <\/span><b>ANDREA SALCEDO<\/b><span style=\"font-weight: 400\">.\u00a0<\/span><\/li>\n<li style=\"text-align: left\"><span style=\"font-weight: 400\">S\u00e1bado <\/span><b>1 de noviembre <\/b><span style=\"font-weight: 400\">a las <\/span><b>21:30 <\/b><span style=\"font-weight: 400\">horas: Recital de <\/span><b>YOLANDA MOZOS <\/b><span style=\"font-weight: 400\">y su grupo, formado por <\/span><b>JOS\u00c9 MAR\u00cdA RODR\u00cdGUEZ <\/b><span style=\"font-weight: 400\">(segunda guitarra), <\/span><b>MARICELI RAM\u00cdREZ <\/b><span style=\"font-weight: 400\">(cante), <\/span><b>DANIEL MORALES \u2018MAWE\u2019 <\/b><span style=\"font-weight: 400\">(percusi\u00f3n) e <\/span><b>IN\u00c9S CANTOS <\/b><span style=\"font-weight: 400\">(flauta travesera)\u00a0<\/span><\/li>\n<li style=\"text-align: left\"><span style=\"font-weight: 400\">S\u00e1bado <\/span><b>8 de noviembre <\/b><span style=\"font-weight: 400\">a las <\/span><b>21:30 <\/b><span style=\"font-weight: 400\">horas: Recital de <\/span><b>ROXANA MOURI\u00d1O<\/b><span style=\"font-weight: 400\">.\u00a0<\/span><\/li>\n<li style=\"text-align: left\"><span style=\"font-weight: 400\">Martes <\/span><b>11 de noviembre <\/b><span style=\"font-weight: 400\">a las <\/span><b>10:00 <\/b><span style=\"font-weight: 400\">y a las <\/span><b>12:00 <\/b><span style=\"font-weight: 400\">horas: 2 talleres did\u00e1cticos impartidos por <\/span><b>LOLA YANG <\/b><span style=\"font-weight: 400\">(guitarra), <\/span><b>ICIA CASADO <\/b><span style=\"font-weight: 400\">(cante) y <\/span><b>COSTANZA VERZIERI <\/b><span style=\"font-weight: 400\">(baile).\u00a0<\/span><\/li>\n<li style=\"text-align: left\"><span style=\"font-weight: 400\">Mi\u00e9rcoles <\/span><b>12 de noviembre <\/b><span style=\"font-weight: 400\">a las <\/span><b>10:00 <\/b><span style=\"font-weight: 400\">y a las <\/span><b>12:00 <\/b><span style=\"font-weight: 400\">horas: 2 talleres did\u00e1cticos impartidos por <\/span><b>PATRICIA LOZANO <\/b><span style=\"font-weight: 400\">(docente), <\/span><b>MARISA MAR\u00cdN <\/b><span style=\"font-weight: 400\">(guitarra), <\/span><b>PAULA RAM\u00cdREZ <\/b><span style=\"font-weight: 400\">(cante) y <\/span><b>ANA DOM\u00cdNGUEZ <\/b><span style=\"font-weight: 400\">(baile).\u00a0<\/span><\/li>\n<li style=\"text-align: left\"><span style=\"font-weight: 400\">S\u00e1bado <\/span><b>15 de noviembre <\/b><span style=\"font-weight: 400\">a las <\/span><b>21:30 <\/b><span style=\"font-weight: 400\">horas: Recital de <\/span><b>FRANCESCA TURCHETTI<\/b><span style=\"font-weight: 400\">, con la percusi\u00f3n de <\/span><b>CARLOS MERINO<\/b><span style=\"font-weight: 400\">. <\/span><\/li>\n<\/ul>\n","protected":false},"excerpt":{"rendered":"<p>8 de octubre\u00a0y el\u00a015 de noviembre Pe\u00f1a Flamenca Torres Macarena Programaci\u00f3n: S\u00e1bado 18 de octubre a las 21:30 horas: Recital de ANDREA SALCEDO.\u00a0 S\u00e1bado 1 de noviembre a las 21:30 horas: Recital de YOLANDA MOZOS y su grupo, formado por JOS\u00c9 MAR\u00cdA RODR\u00cdGUEZ (segunda guitarra), MARICELI RAM\u00cdREZ (cante), DANIEL MORALES \u2018MAWE\u2019 (percusi\u00f3n) e IN\u00c9S CANTOS [&hellip;]<\/p>\n","protected":false},"author":56,"featured_media":80708,"comment_status":"open","ping_status":"closed","template":"","tags":[412,1753,546,196,1178],"mec_category":[479],"mec_sponsor":[],"class_list":["post-80706","mec-events","type-mec-events","status-publish","has-post-thumbnail","hentry","tag-guitarra","tag-mujer","tag-pena-flamenca","tag-sevilla","tag-torres-macarena","mec_category-guitarra","pmpro-has-access"],"acf":[],"aioseo_notices":[],"_links":{"self":[{"href":"https:\/\/expoflamenco.com\/agenda\/wp-json\/wp\/v2\/mec-events\/80706","targetHints":{"allow":["GET"]}}],"collection":[{"href":"https:\/\/expoflamenco.com\/agenda\/wp-json\/wp\/v2\/mec-events"}],"about":[{"href":"https:\/\/expoflamenco.com\/agenda\/wp-json\/wp\/v2\/types\/mec-events"}],"author":[{"embeddable":true,"href":"https:\/\/expoflamenco.com\/agenda\/wp-json\/wp\/v2\/users\/56"}],"replies":[{"embeddable":true,"href":"https:\/\/expoflamenco.com\/agenda\/wp-json\/wp\/v2\/comments?post=80706"}],"wp:featuredmedia":[{"embeddable":true,"href":"https:\/\/expoflamenco.com\/agenda\/wp-json\/wp\/v2\/media\/80708"}],"wp:attachment":[{"href":"https:\/\/expoflamenco.com\/agenda\/wp-json\/wp\/v2\/media?parent=80706"}],"wp:term":[{"taxonomy":"post_tag","embeddable":true,"href":"https:\/\/expoflamenco.com\/agenda\/wp-json\/wp\/v2\/tags?post=80706"},{"taxonomy":"mec_category","embeddable":true,"href":"https:\/\/expoflamenco.com\/agenda\/wp-json\/wp\/v2\/mec_category?post=80706"},{"taxonomy":"mec_sponsor","embeddable":true,"href":"https:\/\/expoflamenco.com\/agenda\/wp-json\/wp\/v2\/mec_sponsor?post=80706"}],"curies":[{"name":"wp","href":"https:\/\/api.w.org\/{rel}","templated":true}]}}

<hr />
<h3 style="text-align: center">8 de octubre y el 15 de noviembre<br />
Peña Flamenca<b> Torres Macarena</b></h3>
<hr />
<h4 style="text-align: left"><span style="font-weight: 400">Programación:</span></h4>
<ul>
<li style="text-align: left"><span style="font-weight: 400">Sábado </span><b>18 de octubre </b><span style="font-weight: 400">a las </span><b>21:30 </b><span style="font-weight: 400">horas: Recital de </span><b>ANDREA SALCEDO</b><span style="font-weight: 400">. </span></li>
<li style="text-align: left"><span style="font-weight: 400">Sábado </span><b>1 de noviembre </b><span style="font-weight: 400">a las </span><b>21:30 </b><span style="font-weight: 400">horas: Recital de </span><b>YOLANDA MOZOS </b><span style="font-weight: 400">y su grupo, formado por </span><b>JOSÉ MARÍA RODRÍGUEZ </b><span style="font-weight: 400">(segunda guitarra), </span><b>MARICELI RAMÍREZ </b><span style="font-weight: 400">(cante), </span><b>DANIEL MORALES ‘MAWE’ </b><span style="font-weight: 400">(percusión) e </span><b>INÉS CANTOS </b><span style="font-weight: 400">(flauta travesera) </span></li>
<li style="text-align: left"><span style="font-weight: 400">Sábado </span><b>8 de noviembre </b><span style="font-weight: 400">a las </span><b>21:30 </b><span style="font-weight: 400">horas: Recital de </span><b>ROXANA MOURIÑO</b><span style="font-weight: 400">. </span></li>
<li style="text-align: left"><span style="font-weight: 400">Martes </span><b>11 de noviembre </b><span style="font-weight: 400">a las </span><b>10:00 </b><span style="font-weight: 400">y a las </span><b>12:00 </b><span style="font-weight: 400">horas: 2 talleres didácticos impartidos por </span><b>LOLA YANG </b><span style="font-weight: 400">(guitarra), </span><b>ICIA CASADO </b><span style="font-weight: 400">(cante) y </span><b>COSTANZA VERZIERI </b><span style="font-weight: 400">(baile). </span></li>
<li style="text-align: left"><span style="font-weight: 400">Miércoles </span><b>12 de noviembre </b><span style="font-weight: 400">a las </span><b>10:00 </b><span style="font-weight: 400">y a las </span><b>12:00 </b><span style="font-weight: 400">horas: 2 talleres didácticos impartidos por </span><b>PATRICIA LOZANO </b><span style="font-weight: 400">(docente), </span><b>MARISA MARÍN </b><span style="font-weight: 400">(guitarra), </span><b>PAULA RAMÍREZ </b><span style="font-weight: 400">(cante) y </span><b>ANA DOMÍNGUEZ </b><span style="font-weight: 400">(baile). </span></li>
<li style="text-align: left"><span style="font-weight: 400">Sábado </span><b>15 de noviembre </b><span style="font-weight: 400">a las </span><b>21:30 </b><span style="font-weight: 400">horas: Recital de </span><b>FRANCESCA TURCHETTI</b><span style="font-weight: 400">, con la percusión de </span><b>CARLOS MERINO</b><span style="font-weight: 400">. </span></li>
</ul>

<p>8 de octubre y el 15 de noviembre Peña Flamenca Torres Macarena Programación: Sábado 18 de octubre a las 21:30 horas: Recital de ANDREA SALCEDO.  Sábado 1 de noviembre a las 21:30 horas: Recital de YOLANDA MOZOS y su grupo, formado por JOSÉ MARÍA RODRÍGUEZ (segunda guitarra), MARICELI RAMÍREZ (cante), DANIEL MORALES ‘MAWE’ (percusión) e INÉS CANTOS [&hellip;]</p>
