{"id":78980,"date":"2025-03-21T18:06:54","date_gmt":"2025-03-21T17:06:54","guid":{"rendered":"https:\/\/expoflamenco.com\/agenda\/?post_type=mec-events&#038;p=78980"},"modified":"2025-03-21T18:08:02","modified_gmt":"2025-03-21T17:08:02","slug":"marina-heredia-la-negra","status":"publish","type":"mec-events","link":"https:\/\/expoflamenco.com\/agenda\/eventos\/marina-heredia-la-negra\/","title":{"rendered":"Marina Heredia La Negra"},"content":{"rendered":"<hr \/>\n<h3 style=\"text-align: center;\">5 de abril &#8211; 21:00h &#8211; Osuna<br \/>\nTeatro Municipal \u00c1lvarez Quintero<\/h3>\n<hr \/>\n<div class=\"xdj266r x11i5rnm xat24cr x1mh8g0r x1vvkbs x126k92a\">\n<div dir=\"auto\">El pr\u00f3ximo 5 de abril, a las 21:00h, el Teatro Municipal \u00c1lvarez Quintero acoger\u00e1 el espect\u00e1culo F\u00e9minas de Marina Heredia \u00abLa Negra\u00bb.<\/div>\n<\/div>\n<div class=\"x11i5rnm xat24cr x1mh8g0r x1vvkbs xtlvy1s x126k92a\">\n<div dir=\"auto\">La joven bailaora cordobesa estar\u00e1 acompa\u00f1ada por las voces de Alba Martos y Laura Heredia, las guitarras de Silvia Brenner y Sof\u00eda Luque, el saxof\u00f3n de \u00c1ngela S\u00e1nchez y el viol\u00edn de Amanda S\u00e1nchez.<\/div>\n<\/div>\n<div class=\"x11i5rnm xat24cr x1mh8g0r x1vvkbs xtlvy1s x126k92a\">\n<div dir=\"auto\">F\u00e9minas es una formaci\u00f3n nacida en C\u00f3rdoba que ofrece un perfil diferente y original dentro de la enorme riqueza del flamenco. Estas siete mujeres llenaran las tablas de nuestro teatro de arte y talento.<\/div>\n<\/div>\n<div dir=\"auto\"><\/div>\n<div dir=\"auto\"><img decoding=\"async\" class=\"aligncenter wp-image-78982 size-full\" src=\"https:\/\/expoflamenco.com\/agenda\/wp-content\/uploads\/sites\/22\/2025\/03\/marina-heredia-la-negra-cartel.webp\" alt=\"\" width=\"800\" height=\"1000\" srcset=\"https:\/\/expoflamenco.com\/agenda\/wp-content\/uploads\/sites\/22\/2025\/03\/marina-heredia-la-negra-cartel.webp 800w, https:\/\/expoflamenco.com\/agenda\/wp-content\/uploads\/sites\/22\/2025\/03\/marina-heredia-la-negra-cartel-240x300.webp 240w, https:\/\/expoflamenco.com\/agenda\/wp-content\/uploads\/sites\/22\/2025\/03\/marina-heredia-la-negra-cartel-768x960.webp 768w, https:\/\/expoflamenco.com\/agenda\/wp-content\/uploads\/sites\/22\/2025\/03\/marina-heredia-la-negra-cartel-750x938.webp 750w\" sizes=\"(max-width: 800px) 100vw, 800px\" \/><\/div>\n<div dir=\"auto\"><\/div>\n","protected":false},"excerpt":{"rendered":"<p>El pr\u00f3ximo 5 de abril, a las 21:00h, el Teatro Municipal \u00c1lvarez Quintero acoger\u00e1 el espect\u00e1culo F\u00e9minas de Marina Heredia \u00abLa Negra\u00bb.<\/p>\n","protected":false},"author":56,"featured_media":78982,"comment_status":"open","ping_status":"closed","template":"","tags":[1353,1258,1354],"mec_category":[477,476,475],"mec_sponsor":[],"class_list":["post-78980","mec-events","type-mec-events","status-publish","has-post-thumbnail","hentry","tag-la-negra","tag-marina-heredia","tag-osuna","mec_category-baile","mec_category-concierto","mec_category-espectaculo","pmpro-has-access"],"acf":[],"aioseo_notices":[],"_links":{"self":[{"href":"https:\/\/expoflamenco.com\/agenda\/wp-json\/wp\/v2\/mec-events\/78980","targetHints":{"allow":["GET"]}}],"collection":[{"href":"https:\/\/expoflamenco.com\/agenda\/wp-json\/wp\/v2\/mec-events"}],"about":[{"href":"https:\/\/expoflamenco.com\/agenda\/wp-json\/wp\/v2\/types\/mec-events"}],"author":[{"embeddable":true,"href":"https:\/\/expoflamenco.com\/agenda\/wp-json\/wp\/v2\/users\/56"}],"replies":[{"embeddable":true,"href":"https:\/\/expoflamenco.com\/agenda\/wp-json\/wp\/v2\/comments?post=78980"}],"wp:featuredmedia":[{"embeddable":true,"href":"https:\/\/expoflamenco.com\/agenda\/wp-json\/wp\/v2\/media\/78982"}],"wp:attachment":[{"href":"https:\/\/expoflamenco.com\/agenda\/wp-json\/wp\/v2\/media?parent=78980"}],"wp:term":[{"taxonomy":"post_tag","embeddable":true,"href":"https:\/\/expoflamenco.com\/agenda\/wp-json\/wp\/v2\/tags?post=78980"},{"taxonomy":"mec_category","embeddable":true,"href":"https:\/\/expoflamenco.com\/agenda\/wp-json\/wp\/v2\/mec_category?post=78980"},{"taxonomy":"mec_sponsor","embeddable":true,"href":"https:\/\/expoflamenco.com\/agenda\/wp-json\/wp\/v2\/mec_sponsor?post=78980"}],"curies":[{"name":"wp","href":"https:\/\/api.w.org\/{rel}","templated":true}]}}

<hr />
<h3 style="text-align: center;">5 de abril &#8211; 21:00h &#8211; Osuna<br />
Teatro Municipal Álvarez Quintero</h3>
<hr />
<div class="xdj266r x11i5rnm xat24cr x1mh8g0r x1vvkbs x126k92a">
<div dir="auto">El próximo 5 de abril, a las 21:00h, el Teatro Municipal Álvarez Quintero acogerá el espectáculo Féminas de Marina Heredia «La Negra».</div>
</div>
<div class="x11i5rnm xat24cr x1mh8g0r x1vvkbs xtlvy1s x126k92a">
<div dir="auto">La joven bailaora cordobesa estará acompañada por las voces de Alba Martos y Laura Heredia, las guitarras de Silvia Brenner y Sofía Luque, el saxofón de Ángela Sánchez y el violín de Amanda Sánchez.</div>
</div>
<div class="x11i5rnm xat24cr x1mh8g0r x1vvkbs xtlvy1s x126k92a">
<div dir="auto">Féminas es una formación nacida en Córdoba que ofrece un perfil diferente y original dentro de la enorme riqueza del flamenco. Estas siete mujeres llenaran las tablas de nuestro teatro de arte y talento.</div>
</div>
<div dir="auto"></div>
<div dir="auto"><img decoding="async" class="aligncenter wp-image-78982 size-full" src="https://expoflamenco.com/agenda/wp-content/uploads/sites/22/2025/03/marina-heredia-la-negra-cartel.webp" alt="" width="800" height="1000" srcset="https://expoflamenco.com/agenda/wp-content/uploads/sites/22/2025/03/marina-heredia-la-negra-cartel.webp 800w, https://expoflamenco.com/agenda/wp-content/uploads/sites/22/2025/03/marina-heredia-la-negra-cartel-240x300.webp 240w, https://expoflamenco.com/agenda/wp-content/uploads/sites/22/2025/03/marina-heredia-la-negra-cartel-768x960.webp 768w, https://expoflamenco.com/agenda/wp-content/uploads/sites/22/2025/03/marina-heredia-la-negra-cartel-750x938.webp 750w" sizes="(max-width: 800px) 100vw, 800px" /></div>
<div dir="auto"></div>

<p>El próximo 5 de abril, a las 21:00h, el Teatro Municipal Álvarez Quintero acogerá el espectáculo Féminas de Marina Heredia «La Negra».</p>
