{"id":78945,"date":"2025-03-20T17:11:23","date_gmt":"2025-03-20T16:11:23","guid":{"rendered":"https:\/\/expoflamenco.com\/agenda\/?post_type=mec-events&#038;p=78945"},"modified":"2025-03-20T17:32:31","modified_gmt":"2025-03-20T16:32:31","slug":"iv-festival-flamenco-vejer-2025","status":"publish","type":"mec-events","link":"https:\/\/expoflamenco.com\/agenda\/eventos\/iv-festival-flamenco-vejer-2025\/","title":{"rendered":"IV Festival Flamenco Vejer &#8211; 2025"},"content":{"rendered":"<hr \/>\n<h3 style=\"text-align: center;\">10 al 13 de Julio<\/h3>\n<hr \/>\n<p style=\"text-align: left;\"><strong>Jueves 10\u00a0\u00a0<\/strong>|\u00a0\u00a0Juan Tomas de la Mol\u00eda\u00a0<b>\u00b7\u00a0<\/b>\u00a0Anabel Valencia<br \/>\n<strong>Viernes 11\u00a0<\/strong>\u00a0|\u00a0\u00a0Mar\u00eda Mar\u00edn y Juan M. Jim\u00e9nez\u00a0<strong>\u00b7<\/strong>\u00a0Cristina Hall y Sara Holgado<br \/>\n<strong>S\u00e1bado 12<\/strong>\u00a0 |\u00a0\u00a0\u00a0Pepe Torres\u00a0<strong>\u00b7<\/strong>\u00a0Lela Soto<br \/>\n<strong>Domingo 13<\/strong>\u00a0 \u00a0| Flashmob\u00a0<strong>\u00b7<\/strong>\u00a0Arsa y Ol\u00e9 (Familiar)<\/p>\n<p style=\"text-align: left;\">TODAS LAS NOCHES\u00a0\u00a0|\u00a0 A\u00a0partir de la 1 de la madrugada\u00a0<b>verbena popular<\/b>\u00a0de puertas abiertas en la Muralla de La Segur.<\/p>\n<p>&nbsp;<\/p>\n<figure id=\"attachment_78946\" aria-describedby=\"caption-attachment-78946\" style=\"width: 800px\" class=\"wp-caption aligncenter\"><img decoding=\"async\" class=\"wp-image-78946 size-full\" src=\"https:\/\/expoflamenco.com\/agenda\/wp-content\/uploads\/sites\/22\/2025\/03\/festival-vejer-flamenco-2025.webp\" alt=\"Cartel Festival Flamenco de Vejer\" width=\"800\" height=\"1000\" srcset=\"https:\/\/expoflamenco.com\/agenda\/wp-content\/uploads\/sites\/22\/2025\/03\/festival-vejer-flamenco-2025.webp 800w, https:\/\/expoflamenco.com\/agenda\/wp-content\/uploads\/sites\/22\/2025\/03\/festival-vejer-flamenco-2025-240x300.webp 240w, https:\/\/expoflamenco.com\/agenda\/wp-content\/uploads\/sites\/22\/2025\/03\/festival-vejer-flamenco-2025-768x960.webp 768w, https:\/\/expoflamenco.com\/agenda\/wp-content\/uploads\/sites\/22\/2025\/03\/festival-vejer-flamenco-2025-750x938.webp 750w\" sizes=\"(max-width: 800px) 100vw, 800px\" \/><figcaption id=\"caption-attachment-78946\" class=\"wp-caption-text\">Cartel Festival Flamenco de Vejer<\/figcaption><\/figure>\n<p><strong>APRENDE EL FLASHMOB:<\/strong><\/p>\n<p><iframe loading=\"lazy\" src=\"\/\/www.youtube.com\/embed\/PJJfdg0qD_U\" width=\"560\" height=\"314\" allowfullscreen=\"allowfullscreen\"><\/iframe><\/p>\n","protected":false},"excerpt":{"rendered":"<p>La cuarta edici\u00f3n de Vejer Flamenco est\u00e1 a punto de abrir sus puertas, consolid\u00e1ndose como un referente de la cultura flamenca y este a\u00f1o, con un enfoque especial en las nuevas generaciones de artistas de este arte. Bajo el lema \u00abEl hoy del ma\u00f1ana desde la ra\u00edz\u00bb, esta edici\u00f3n celebra la conexi\u00f3n entre la tradici\u00f3n y la vanguardia, mostrando c\u00f3mo el flamenco sigue siendo una expresi\u00f3n viva e inspiradora para las nuevas generaciones.<\/p>\n","protected":false},"author":56,"featured_media":78947,"comment_status":"open","ping_status":"closed","template":"","tags":[1345,1346],"mec_category":[477,478,472,479],"mec_sponsor":[],"class_list":["post-78945","mec-events","type-mec-events","status-publish","has-post-thumbnail","hentry","tag-festival-flamenco-vejer","tag-flashmob","mec_category-baile","mec_category-cante","mec_category-festival","mec_category-guitarra","pmpro-has-access"],"acf":[],"aioseo_notices":[],"_links":{"self":[{"href":"https:\/\/expoflamenco.com\/agenda\/wp-json\/wp\/v2\/mec-events\/78945","targetHints":{"allow":["GET"]}}],"collection":[{"href":"https:\/\/expoflamenco.com\/agenda\/wp-json\/wp\/v2\/mec-events"}],"about":[{"href":"https:\/\/expoflamenco.com\/agenda\/wp-json\/wp\/v2\/types\/mec-events"}],"author":[{"embeddable":true,"href":"https:\/\/expoflamenco.com\/agenda\/wp-json\/wp\/v2\/users\/56"}],"replies":[{"embeddable":true,"href":"https:\/\/expoflamenco.com\/agenda\/wp-json\/wp\/v2\/comments?post=78945"}],"wp:featuredmedia":[{"embeddable":true,"href":"https:\/\/expoflamenco.com\/agenda\/wp-json\/wp\/v2\/media\/78947"}],"wp:attachment":[{"href":"https:\/\/expoflamenco.com\/agenda\/wp-json\/wp\/v2\/media?parent=78945"}],"wp:term":[{"taxonomy":"post_tag","embeddable":true,"href":"https:\/\/expoflamenco.com\/agenda\/wp-json\/wp\/v2\/tags?post=78945"},{"taxonomy":"mec_category","embeddable":true,"href":"https:\/\/expoflamenco.com\/agenda\/wp-json\/wp\/v2\/mec_category?post=78945"},{"taxonomy":"mec_sponsor","embeddable":true,"href":"https:\/\/expoflamenco.com\/agenda\/wp-json\/wp\/v2\/mec_sponsor?post=78945"}],"curies":[{"name":"wp","href":"https:\/\/api.w.org\/{rel}","templated":true}]}}

<hr />
<h3 style="text-align: center;">10 al 13 de Julio</h3>
<hr />
<p style="text-align: left;"><strong>Jueves 10  </strong>|  Juan Tomas de la Molía <b>· </b> Anabel Valencia<br />
<strong>Viernes 11 </strong> |  María Marín y Juan M. Jiménez <strong>·</strong> Cristina Hall y Sara Holgado<br />
<strong>Sábado 12</strong>  |   Pepe Torres <strong>·</strong> Lela Soto<br />
<strong>Domingo 13</strong>   | Flashmob <strong>·</strong> Arsa y Olé (Familiar)</p>
<p style="text-align: left;">TODAS LAS NOCHES  |  A partir de la 1 de la madrugada <b>verbena popular</b> de puertas abiertas en la Muralla de La Segur.</p>
<p>&nbsp;</p>
<figure id="attachment_78946" aria-describedby="caption-attachment-78946" style="width: 800px" class="wp-caption aligncenter"><img decoding="async" class="wp-image-78946 size-full" src="https://expoflamenco.com/agenda/wp-content/uploads/sites/22/2025/03/festival-vejer-flamenco-2025.webp" alt="Cartel Festival Flamenco de Vejer" width="800" height="1000" srcset="https://expoflamenco.com/agenda/wp-content/uploads/sites/22/2025/03/festival-vejer-flamenco-2025.webp 800w, https://expoflamenco.com/agenda/wp-content/uploads/sites/22/2025/03/festival-vejer-flamenco-2025-240x300.webp 240w, https://expoflamenco.com/agenda/wp-content/uploads/sites/22/2025/03/festival-vejer-flamenco-2025-768x960.webp 768w, https://expoflamenco.com/agenda/wp-content/uploads/sites/22/2025/03/festival-vejer-flamenco-2025-750x938.webp 750w" sizes="(max-width: 800px) 100vw, 800px" /><figcaption id="caption-attachment-78946" class="wp-caption-text">Cartel Festival Flamenco de Vejer</figcaption></figure>
<p><strong>APRENDE EL FLASHMOB:</strong></p>
<p><iframe loading="lazy" src="//www.youtube.com/embed/PJJfdg0qD_U" width="560" height="314" allowfullscreen="allowfullscreen"></iframe></p>

<p>La cuarta edición de Vejer Flamenco está a punto de abrir sus puertas, consolidándose como un referente de la cultura flamenca y este año, con un enfoque especial en las nuevas generaciones de artistas de este arte. Bajo el lema «El hoy del mañana desde la raíz», esta edición celebra la conexión entre la tradición y la vanguardia, mostrando cómo el flamenco sigue siendo una expresión viva e inspiradora para las nuevas generaciones.</p>
