{"id":78552,"date":"2025-02-25T12:30:18","date_gmt":"2025-02-25T11:30:18","guid":{"rendered":"https:\/\/expoflamenco.com\/agenda\/?post_type=mec-events&#038;p=78552"},"modified":"2025-03-03T18:06:19","modified_gmt":"2025-03-03T17:06:19","slug":"xxiv-edicion-de-flamenco-festival-nueva-york-2025","status":"publish","type":"mec-events","link":"https:\/\/expoflamenco.com\/agenda\/eventos\/xxiv-edicion-de-flamenco-festival-nueva-york-2025\/","title":{"rendered":"XXIV Edici\u00f3n de Flamenco Festival Nueva York &#8211; 2025"},"content":{"rendered":"<hr \/>\n<h3 style=\"text-align: center;\">05 al 15 de MARZO<br \/>\nNew York &#8211; USA<\/h3>\n<hr \/>\n<p>Hace casi un siglo que el granadino m\u00e1s universal, Federico Garc\u00eda Lorca, viaj\u00f3 a la Gran Manzana para impartir unas conferencias. Era 1929 y aquella experiencia fue el germen de su Poeta en Nueva York. Ahora, Flamenco Festival Nueva York evoca en su 24 edici\u00f3n este hito literario que protagoniz\u00f3 Lorca, el m\u00e1s flamenco de los llamados \u201cpoetas cultos\u201d, con una programaci\u00f3n que abraza la riqueza y el talento de los creadores flamencos de su tierra natal, Granada. Con ese prop\u00f3sito, Flamenco Festival llevar\u00e1 a Nueva York una delegaci\u00f3n formada por m\u00e1s de 70 participantes, entre artistas del cante, el baile y el toque, y t\u00e9cnicos, que dar\u00e1n cuenta, entre el 5 y el 15 de marzo, de la amplitud del fen\u00f3meno flamenco granadino, con propuestas que abarcan de lo m\u00e1s cl\u00e1sico a lo m\u00e1s experimental.<\/p>\n<h4 style=\"text-align: left;\">PROGRAMACI\u00d3N<\/h4>\n<hr \/>\n<p style=\"text-align: left;\">Mi\u00e9rcoles 5 de marzo &#8211; 19:30h<br \/>\n<strong>Lorquianos<\/strong><br \/>\n<strong>KIKI MORENTE Feat CARLOS DE JACOBA<\/strong><br \/>\nDonde: Elebash Recital Hall<\/p>\n<hr \/>\n<p style=\"text-align: left;\">Jueves 6 de marzo &#8211; 20:00h<br \/>\n<strong>Alter Ego<\/strong><br \/>\n<strong>ALFONSO LOSA &amp; PATRICIA GUERRERO<\/strong><br \/>\nDonde: New York City Center<\/p>\n<hr \/>\n<p style=\"text-align: left;\">Viernes 7 de marzo &#8211; 19:30h<br \/>\n<strong>Muerta de Amor<\/strong><br \/>\n<strong>COMPA\u00d1\u00cdA MANUEL LI\u00d1\u00c1N<\/strong><br \/>\nDonde: New York City Center<\/p>\n<hr \/>\n<p style=\"text-align: left;\">Viernes 7 de marzo &#8211; 20:00h<br \/>\n<strong>La b\u00fasqueda del duende<\/strong><br \/>\n<strong>El Turry\u00a0<\/strong><br \/>\nDonde: Roulette<\/p>\n<hr \/>\n<p style=\"text-align: left;\">S\u00e1bado 08 de Marzo &#8211; 19:30h<br \/>\nDomingo 09 de Marzo &#8211; 14:00h<br \/>\n<strong>Yerbag\u00fcena (Oscuro Brillante)<\/strong><br \/>\n<strong>COMPA\u00d1\u00cdA EVA YERBABUENA<br \/>\n<\/strong>Donde: New York City Center<\/p>\n<hr \/>\n<p style=\"text-align: left;\">8 Abrazos para Lorca &#8211; 21:30h<br \/>\n<strong>JUAN HABICHUELA NIETO<\/strong><br \/>\nDonde: Joe\u00b4s Pub at The Public Theatre<\/p>\n<hr \/>\n<p style=\"text-align: left;\">Martes 11 &#8211; 19:00h<br \/>\n<strong>\u00d3rbita<\/strong><br \/>\n<strong>ZEN DEL SUR<\/strong><br \/>\nDonde: KJCC\/NYU<\/p>\n<hr \/>\n<p style=\"text-align: left;\">Miercoles 12 de Marzo -19:00h<br \/>\n<strong>Repertorio Espa\u00f1ol<\/strong><br \/>\n<strong>La casa de Bernarda Alba<\/strong><br \/>\nDonde: Teatro Repertorio Espa\u00f1ol<\/p>\n<hr \/>\n<p style=\"text-align: left;\">Miercoles 12 Marzo &#8211; 19:00h y 21:00h<br \/>\n<strong>Flamenco Meets Jazz<\/strong><br \/>\n<strong>CARLOS DE JACOBA &amp; ZACCAI CURTIS<\/strong><br \/>\nDonde: Jazz at Lincoln Center<\/p>\n<hr \/>\n<p style=\"text-align: left;\">Jueves 13 de marzo &#8211; 21:30h<br \/>\n<strong>Variaci\u00f3n a tempo<\/strong><br \/>\n<strong>Sara Jim\u00e9nez<\/strong><br \/>\nDonde: Joe\u00b4s Pub at The Public Theatre<\/p>\n<hr \/>\n<p style=\"text-align: left;\">Viernes 14 de Marzo &#8211;<br \/>\n<strong>De lo jondo a Lorca<\/strong><br \/>\n<strong>Marina Heredia<\/strong><br \/>\nDonde: Merkin Concert Hall, Kaufman Music Center<\/p>\n<hr \/>\n<p style=\"text-align: left;\">S\u00e1bado 15 de Marzo &#8211; 22:00h<br \/>\n<strong>Roneo Funk Club<\/strong><br \/>\n<strong>La Plazuela<\/strong><br \/>\nDonde: Le Poisson Rouge<\/p>\n<hr \/>\n<p>&nbsp;<\/p>\n","protected":false},"excerpt":{"rendered":"<p>Flamenco Festival New York 2025 ser\u00e1 un evento \u00fanico. Con 16 encuentros de las mejores compa\u00f1\u00edas de flamenco.<\/p>\n","protected":false},"author":56,"featured_media":78556,"comment_status":"open","ping_status":"closed","template":"","tags":[1255,1257,1253,1259,1258,1254,880,1256],"mec_category":[477,478,476,472,482],"mec_sponsor":[],"class_list":["post-78552","mec-events","type-mec-events","status-publish","has-post-thumbnail","hentry","tag-alfonso-losa","tag-eva-la-yerbabuena","tag-flamenco-festival-new-york","tag-la-plazuela","tag-marina-heredia","tag-paticia-guerrero","tag-sara-jimenez","tag-yerbaguena","mec_category-baile","mec_category-cante","mec_category-concierto","mec_category-festival","mec_category-internacional","pmpro-has-access"],"acf":[],"aioseo_notices":[],"_links":{"self":[{"href":"https:\/\/expoflamenco.com\/agenda\/wp-json\/wp\/v2\/mec-events\/78552","targetHints":{"allow":["GET"]}}],"collection":[{"href":"https:\/\/expoflamenco.com\/agenda\/wp-json\/wp\/v2\/mec-events"}],"about":[{"href":"https:\/\/expoflamenco.com\/agenda\/wp-json\/wp\/v2\/types\/mec-events"}],"author":[{"embeddable":true,"href":"https:\/\/expoflamenco.com\/agenda\/wp-json\/wp\/v2\/users\/56"}],"replies":[{"embeddable":true,"href":"https:\/\/expoflamenco.com\/agenda\/wp-json\/wp\/v2\/comments?post=78552"}],"wp:featuredmedia":[{"embeddable":true,"href":"https:\/\/expoflamenco.com\/agenda\/wp-json\/wp\/v2\/media\/78556"}],"wp:attachment":[{"href":"https:\/\/expoflamenco.com\/agenda\/wp-json\/wp\/v2\/media?parent=78552"}],"wp:term":[{"taxonomy":"post_tag","embeddable":true,"href":"https:\/\/expoflamenco.com\/agenda\/wp-json\/wp\/v2\/tags?post=78552"},{"taxonomy":"mec_category","embeddable":true,"href":"https:\/\/expoflamenco.com\/agenda\/wp-json\/wp\/v2\/mec_category?post=78552"},{"taxonomy":"mec_sponsor","embeddable":true,"href":"https:\/\/expoflamenco.com\/agenda\/wp-json\/wp\/v2\/mec_sponsor?post=78552"}],"curies":[{"name":"wp","href":"https:\/\/api.w.org\/{rel}","templated":true}]}}

XXIV Edición de Flamenco Festival Nueva York &#8211; 2025

<hr />
<h3 style="text-align: center;">05 al 15 de MARZO<br />
New York &#8211; USA</h3>
<hr />
<p>Hace casi un siglo que el granadino más universal, Federico García Lorca, viajó a la Gran Manzana para impartir unas conferencias. Era 1929 y aquella experiencia fue el germen de su Poeta en Nueva York. Ahora, Flamenco Festival Nueva York evoca en su 24 edición este hito literario que protagonizó Lorca, el más flamenco de los llamados “poetas cultos”, con una programación que abraza la riqueza y el talento de los creadores flamencos de su tierra natal, Granada. Con ese propósito, Flamenco Festival llevará a Nueva York una delegación formada por más de 70 participantes, entre artistas del cante, el baile y el toque, y técnicos, que darán cuenta, entre el 5 y el 15 de marzo, de la amplitud del fenómeno flamenco granadino, con propuestas que abarcan de lo más clásico a lo más experimental.</p>
<h4 style="text-align: left;">PROGRAMACIÓN</h4>
<hr />
<p style="text-align: left;">Miércoles 5 de marzo &#8211; 19:30h<br />
<strong>Lorquianos</strong><br />
<strong>KIKI MORENTE Feat CARLOS DE JACOBA</strong><br />
Donde: Elebash Recital Hall</p>
<hr />
<p style="text-align: left;">Jueves 6 de marzo &#8211; 20:00h<br />
<strong>Alter Ego</strong><br />
<strong>ALFONSO LOSA &amp; PATRICIA GUERRERO</strong><br />
Donde: New York City Center</p>
<hr />
<p style="text-align: left;">Viernes 7 de marzo &#8211; 19:30h<br />
<strong>Muerta de Amor</strong><br />
<strong>COMPAÑÍA MANUEL LIÑÁN</strong><br />
Donde: New York City Center</p>
<hr />
<p style="text-align: left;">Viernes 7 de marzo &#8211; 20:00h<br />
<strong>La búsqueda del duende</strong><br />
<strong>El Turry </strong><br />
Donde: Roulette</p>
<hr />
<p style="text-align: left;">Sábado 08 de Marzo &#8211; 19:30h<br />
Domingo 09 de Marzo &#8211; 14:00h<br />
<strong>Yerbagüena (Oscuro Brillante)</strong><br />
<strong>COMPAÑÍA EVA YERBABUENA<br />
</strong>Donde: New York City Center</p>
<hr />
<p style="text-align: left;">8 Abrazos para Lorca &#8211; 21:30h<br />
<strong>JUAN HABICHUELA NIETO</strong><br />
Donde: Joe´s Pub at The Public Theatre</p>
<hr />
<p style="text-align: left;">Martes 11 &#8211; 19:00h<br />
<strong>Órbita</strong><br />
<strong>ZEN DEL SUR</strong><br />
Donde: KJCC/NYU</p>
<hr />
<p style="text-align: left;">Miercoles 12 de Marzo -19:00h<br />
<strong>Repertorio Español</strong><br />
<strong>La casa de Bernarda Alba</strong><br />
Donde: Teatro Repertorio Español</p>
<hr />
<p style="text-align: left;">Miercoles 12 Marzo &#8211; 19:00h y 21:00h<br />
<strong>Flamenco Meets Jazz</strong><br />
<strong>CARLOS DE JACOBA &amp; ZACCAI CURTIS</strong><br />
Donde: Jazz at Lincoln Center</p>
<hr />
<p style="text-align: left;">Jueves 13 de marzo &#8211; 21:30h<br />
<strong>Variación a tempo</strong><br />
<strong>Sara Jiménez</strong><br />
Donde: Joe´s Pub at The Public Theatre</p>
<hr />
<p style="text-align: left;">Viernes 14 de Marzo &#8211;<br />
<strong>De lo jondo a Lorca</strong><br />
<strong>Marina Heredia</strong><br />
Donde: Merkin Concert Hall, Kaufman Music Center</p>
<hr />
<p style="text-align: left;">Sábado 15 de Marzo &#8211; 22:00h<br />
<strong>Roneo Funk Club</strong><br />
<strong>La Plazuela</strong><br />
Donde: Le Poisson Rouge</p>
<hr />
<p>&nbsp;</p>

<p>Flamenco Festival New York 2025 será un evento único. Con 16 encuentros de las mejores compañías de flamenco.</p>
