{"id":59060,"date":"2024-10-22T11:46:23","date_gmt":"2024-10-22T09:46:23","guid":{"rendered":"https:\/\/expoflamenco.com\/agenda\/?post_type=mec-events&#038;p=59060"},"modified":"2024-10-22T11:46:23","modified_gmt":"2024-10-22T09:46:23","slug":"oco-the-show-fusion-flamenco-y-rock","status":"publish","type":"mec-events","link":"https:\/\/expoflamenco.com\/agenda\/eventos\/oco-the-show-fusion-flamenco-y-rock\/","title":{"rendered":"OCO The Show &#8211; Fusi\u00f3n Flamenco y Rock"},"content":{"rendered":"<hr \/>\n<h3 style=\"text-align: center\">25 de octubre a 22 de diciembre<\/h3>\n<hr \/>\n<h4 class=\"titleIconstyled__TitleDefault-sc-yu4wxs-0 titleIconstyled__Title-sc-yu4wxs-1 dIzJG gSSfuS TitleIcon\">Cines Callao<\/h4>\n<p><strong>Viernes\u00a0<\/strong>20:00<br \/>\n<strong>S\u00e1bado\u00a0<\/strong>18:00 y 21:00<br \/>\n<strong>Domingo\u00a0<\/strong>17:00 y 19:30<\/p>\n<p>&nbsp;<\/p>\n<p><img decoding=\"async\" class=\"aligncenter wp-image-59070 size-full\" src=\"http:\/\/expoflamenco.com\/agenda\/wp-content\/uploads\/sites\/22\/2024\/10\/462127205_489967844033391_6890130352559140896_n.jpg\" alt=\"\" width=\"1024\" height=\"1024\" srcset=\"https:\/\/expoflamenco.com\/agenda\/wp-content\/uploads\/sites\/22\/2024\/10\/462127205_489967844033391_6890130352559140896_n.jpg 1024w, https:\/\/expoflamenco.com\/agenda\/wp-content\/uploads\/sites\/22\/2024\/10\/462127205_489967844033391_6890130352559140896_n-300x300.jpg 300w, https:\/\/expoflamenco.com\/agenda\/wp-content\/uploads\/sites\/22\/2024\/10\/462127205_489967844033391_6890130352559140896_n-150x150.jpg 150w, https:\/\/expoflamenco.com\/agenda\/wp-content\/uploads\/sites\/22\/2024\/10\/462127205_489967844033391_6890130352559140896_n-768x768.jpg 768w, https:\/\/expoflamenco.com\/agenda\/wp-content\/uploads\/sites\/22\/2024\/10\/462127205_489967844033391_6890130352559140896_n-500x500.jpg 500w, https:\/\/expoflamenco.com\/agenda\/wp-content\/uploads\/sites\/22\/2024\/10\/462127205_489967844033391_6890130352559140896_n-75x75.jpg 75w, https:\/\/expoflamenco.com\/agenda\/wp-content\/uploads\/sites\/22\/2024\/10\/462127205_489967844033391_6890130352559140896_n-350x350.jpg 350w, https:\/\/expoflamenco.com\/agenda\/wp-content\/uploads\/sites\/22\/2024\/10\/462127205_489967844033391_6890130352559140896_n-750x750.jpg 750w\" sizes=\"(max-width: 1024px) 100vw, 1024px\" \/><\/p>\n","protected":false},"excerpt":{"rendered":"<p>OCO The Show no es solo un espect\u00e1culo de flamenco contempor\u00e1neo llevado al rock. Es todo un homenaje al amor por el arte flamenco y rock del propio Pino Sagliocco.<\/p>\n<p>23 m\u00fasicos sobre el escenario, entre los que destacan el cantaor Antonio Carbonell, bailaores como Bel\u00e9n L\u00f3pez y la participaci\u00f3n estelar de los m\u00edticos Tim Ries y Chanelle Haynes, de los Rolling Stones.<br \/>\nUn elenco espectacular que demostrar\u00e1 que el flamenco y el rock and roll son artes hermanas.<\/p>\n","protected":false},"author":56,"featured_media":59065,"comment_status":"open","ping_status":"closed","template":"","tags":[877,952,863,629,951,753,949,950,947],"mec_category":[477,478,476,857],"mec_sponsor":[],"class_list":["post-59060","mec-events","type-mec-events","status-publish","has-post-thumbnail","hentry","tag-belen-lopez","tag-callao","tag-el-yiyo","tag-flamenco-fusion","tag-flamenco-rock","tag-nina-pastori","tag-oco","tag-rock","tag-rolling-stones","mec_category-baile","mec_category-cante","mec_category-concierto","mec_category-fusion","pmpro-has-access"],"acf":[],"aioseo_notices":[],"_links":{"self":[{"href":"https:\/\/expoflamenco.com\/agenda\/wp-json\/wp\/v2\/mec-events\/59060","targetHints":{"allow":["GET"]}}],"collection":[{"href":"https:\/\/expoflamenco.com\/agenda\/wp-json\/wp\/v2\/mec-events"}],"about":[{"href":"https:\/\/expoflamenco.com\/agenda\/wp-json\/wp\/v2\/types\/mec-events"}],"author":[{"embeddable":true,"href":"https:\/\/expoflamenco.com\/agenda\/wp-json\/wp\/v2\/users\/56"}],"replies":[{"embeddable":true,"href":"https:\/\/expoflamenco.com\/agenda\/wp-json\/wp\/v2\/comments?post=59060"}],"wp:featuredmedia":[{"embeddable":true,"href":"https:\/\/expoflamenco.com\/agenda\/wp-json\/wp\/v2\/media\/59065"}],"wp:attachment":[{"href":"https:\/\/expoflamenco.com\/agenda\/wp-json\/wp\/v2\/media?parent=59060"}],"wp:term":[{"taxonomy":"post_tag","embeddable":true,"href":"https:\/\/expoflamenco.com\/agenda\/wp-json\/wp\/v2\/tags?post=59060"},{"taxonomy":"mec_category","embeddable":true,"href":"https:\/\/expoflamenco.com\/agenda\/wp-json\/wp\/v2\/mec_category?post=59060"},{"taxonomy":"mec_sponsor","embeddable":true,"href":"https:\/\/expoflamenco.com\/agenda\/wp-json\/wp\/v2\/mec_sponsor?post=59060"}],"curies":[{"name":"wp","href":"https:\/\/api.w.org\/{rel}","templated":true}]}}

OCO The Show &#8211; Fusión Flamenco y Rock

<hr />
<h3 style="text-align: center">25 de octubre a 22 de diciembre</h3>
<hr />
<h4 class="titleIconstyled__TitleDefault-sc-yu4wxs-0 titleIconstyled__Title-sc-yu4wxs-1 dIzJG gSSfuS TitleIcon">Cines Callao</h4>
<p><strong>Viernes </strong>20:00<br />
<strong>Sábado </strong>18:00 y 21:00<br />
<strong>Domingo </strong>17:00 y 19:30</p>
<p>&nbsp;</p>
<p><img decoding="async" class="aligncenter wp-image-59070 size-full" src="http://expoflamenco.com/agenda/wp-content/uploads/sites/22/2024/10/462127205_489967844033391_6890130352559140896_n.jpg" alt="" width="1024" height="1024" srcset="https://expoflamenco.com/agenda/wp-content/uploads/sites/22/2024/10/462127205_489967844033391_6890130352559140896_n.jpg 1024w, https://expoflamenco.com/agenda/wp-content/uploads/sites/22/2024/10/462127205_489967844033391_6890130352559140896_n-300x300.jpg 300w, https://expoflamenco.com/agenda/wp-content/uploads/sites/22/2024/10/462127205_489967844033391_6890130352559140896_n-150x150.jpg 150w, https://expoflamenco.com/agenda/wp-content/uploads/sites/22/2024/10/462127205_489967844033391_6890130352559140896_n-768x768.jpg 768w, https://expoflamenco.com/agenda/wp-content/uploads/sites/22/2024/10/462127205_489967844033391_6890130352559140896_n-500x500.jpg 500w, https://expoflamenco.com/agenda/wp-content/uploads/sites/22/2024/10/462127205_489967844033391_6890130352559140896_n-75x75.jpg 75w, https://expoflamenco.com/agenda/wp-content/uploads/sites/22/2024/10/462127205_489967844033391_6890130352559140896_n-350x350.jpg 350w, https://expoflamenco.com/agenda/wp-content/uploads/sites/22/2024/10/462127205_489967844033391_6890130352559140896_n-750x750.jpg 750w" sizes="(max-width: 1024px) 100vw, 1024px" /></p>

<p>OCO The Show no es solo un espectáculo de flamenco contemporáneo llevado al rock. Es todo un homenaje al amor por el arte flamenco y rock del propio Pino Sagliocco.</p>
<p>23 músicos sobre el escenario, entre los que destacan el cantaor Antonio Carbonell, bailaores como Belén López y la participación estelar de los míticos Tim Ries y Chanelle Haynes, de los Rolling Stones.<br />
Un elenco espectacular que demostrará que el flamenco y el rock and roll son artes hermanas.</p>
