{"id":55732,"date":"2026-02-09T10:01:18","date_gmt":"2026-02-09T09:01:18","guid":{"rendered":"https:\/\/expoflamenco.online\/agenda\/?post_type=mec-events&#038;p=55732"},"modified":"2026-02-26T10:01:51","modified_gmt":"2026-02-26T09:01:51","slug":"tablao-flamenco-las-tablas-madrid","status":"publish","type":"mec-events","link":"https:\/\/expoflamenco.com\/agenda\/eventos\/tablao-flamenco-las-tablas-madrid\/","title":{"rendered":"Tablao Flamenco Las Tablas"},"content":{"rendered":"<hr \/>\n<h3 style=\"text-align: center\">Todos los d\u00edas &#8211; Varios Horarios<\/h3>\n<hr \/>\n<h3 style=\"text-align: left\">PROGRAMACI\u00d3N MARZO<\/h3>\n<hr \/>\n<p style=\"text-align: left\"><strong>D\u00eda 1 de marzo<\/strong><br \/>\nBenjam\u00edn Leiva y Raquel Guill\u00e9n<br \/>\n\u201cAire y fuego\u201d<\/p>\n<p style=\"text-align: left\">Un viaje esencial por el flamenco, donde cante, guitarra y baile dialogan entre impulso y ra\u00edz, emoci\u00f3n y libertad.<br \/>\nGuitarra: Juan Jos\u00e9 Ramos<br \/>\nCante: Diego Amador<br \/>\nHorario:<br \/>\nDe lunes a domingo 19:00 horas y 21:30 horas<\/p>\n<p style=\"text-align: left\"><strong>Del 2 al 8 de marzo<\/strong><\/p>\n<p style=\"text-align: left\">Patricia Donn y Diego And\u00fajar con actuaci\u00f3n especial de Jos\u00e9 Jurado (d\u00edas 6,7 y 8)<br \/>\n\u201cUn solo Comp\u00e1s\u201d<\/p>\n<p style=\"text-align: left\">Dos sensibilidades, una ra\u00edz compartida.<br \/>\nEl tablao vibra con la fuerza del cante, el pulso de la guitarra y la expresi\u00f3n del baile. El flamenco se revela como lenguaje universal del alma.<br \/>\nGuitarra: Juan Jos\u00e9 Ramos<br \/>\nCante: Diego Amador<br \/>\nHorario:<br \/>\nDe lunes a domingo 19:00 horas y 21:30 horas<\/p>\n<p style=\"text-align: left\"><strong>Del 9 al 15 de marzo<\/strong><br \/>\nLuc\u00eda Ram\u00edrez y Raffaele Dinoia<br \/>\n\u201cInstinto\u201d<\/p>\n<p style=\"text-align: left\">Dos energ\u00edas que se reconocen sobre el tablao.<br \/>\nEl cante vibra, la guitarra sostiene y el baile responde con fuerza y matiz. Un encuentro donde el flamenco nace del impulso m\u00e1s aut\u00e9ntico.<br \/>\nGuitarra: Juan Jos\u00e9 Ramos o Luis Miguel Manzano<br \/>\nCante: Eva Dur\u00e1n<br \/>\nHorario:<br \/>\nDe viernes a domingo 19:00 horas y 21:30 horas<\/p>\n<p style=\"text-align: left\"><strong>Del 16 al 22 de marzo<\/strong><\/p>\n<p style=\"text-align: left\">Paco Hidalgo y Ana Almagro o Magdalena Mannion<br \/>\n\u201cTerritorio de comp\u00e1s\u201d<\/p>\n<p style=\"text-align: left\">Un espacio donde el arte sucede sin artificios.<br \/>\nCante, toque y baile dialogan desde la ra\u00edz, construyendo una experiencia vibrante, llena de matices y fuerza expresiva.<br \/>\nGuitarra: Juan Jos\u00e9 Ramos<br \/>\nCante: Ra\u00fal Jim\u00e9nez<br \/>\nHorario:<br \/>\nDe lunes a domingo 19:00 horas y 21:30 horas<\/p>\n<p style=\"text-align: left\"><strong>Del 23 al 29 de marzo<\/strong><br \/>\nAnais Ribas y Gabriel Aragu<br \/>\n\u201cLatido jondo\u201d<\/p>\n<p style=\"text-align: left\">Donde el flamenco arde sin filtros. Voz, guitarra y cuerpo se encuentran en un pulso crudo y visceral.<br \/>\nGuitarra: Juan Jos\u00e9 Ramos<br \/>\nCante: Ra\u00fal Jim\u00e9nez<br \/>\nHorario:<br \/>\nDe lunes a domingo 19:00 horas y 21:30 horas<\/p>\n<p style=\"text-align: left\"><strong>Del 30 de marzo al 5 de abril<\/strong><\/p>\n<p style=\"text-align: left\">Estefan\u00eda Narv\u00e1ez y Benjam\u00edn Leiva<br \/>\n\u201cPulso de Tierra\u201d<\/p>\n<p style=\"text-align: left\">Cante, toque y baile se entrelazan desde lo esencial, creando una experiencia intensa, directa y viva.<br \/>\nGuitarra: Juan Jos\u00e9 Ramos<br \/>\nCante: Ra\u00fal Jim\u00e9nez<br \/>\nHorario:<br \/>\nDe lunes a domingo 19:00 horas y 21:30 horas<\/p>\n<hr \/>\n<hr \/>\n<blockquote><p><em>\u00bfQuieres que t<strong>u evento aparezca en nuestra agenda? Es totalmente gratuito<\/strong>: envianos la informaci\u00f3n lo mas completa posible y subiremos conforme relevancia y nuestra disponibilidad, tendr\u00e1n prioridad los eventos con programaci\u00f3n mensual o ciclos.<\/em><br \/>\n<em>Y si quieres <strong>anunciarte con nosotros,<\/strong> tenemos muchas opciones, envianos un mensaje y buscamos lo mejor para ti. <strong>agenda@expoflamenco.com.<\/strong><\/em><\/p><\/blockquote>\n","protected":false},"excerpt":{"rendered":"<p>En Las Tablas ofrecemos un flamenco variado y de calidad, en el que siempre tienen cabida nuevas propuestas de j\u00f3venes valores, as\u00ed como de artistas consagrados.<\/p>\n","protected":false},"author":56,"featured_media":78304,"comment_status":"open","ping_status":"closed","template":"","tags":[1563,141,1398,680],"mec_category":[477,679],"mec_sponsor":[],"class_list":["post-55732","mec-events","type-mec-events","status-publish","has-post-thumbnail","hentry","tag-las-tablas","tag-madrid","tag-tablao","tag-tablao-flamenco-las-tablas","mec_category-baile","mec_category-tablao","pmpro-has-access"],"acf":[],"aioseo_notices":[],"_links":{"self":[{"href":"https:\/\/expoflamenco.com\/agenda\/wp-json\/wp\/v2\/mec-events\/55732","targetHints":{"allow":["GET"]}}],"collection":[{"href":"https:\/\/expoflamenco.com\/agenda\/wp-json\/wp\/v2\/mec-events"}],"about":[{"href":"https:\/\/expoflamenco.com\/agenda\/wp-json\/wp\/v2\/types\/mec-events"}],"author":[{"embeddable":true,"href":"https:\/\/expoflamenco.com\/agenda\/wp-json\/wp\/v2\/users\/56"}],"replies":[{"embeddable":true,"href":"https:\/\/expoflamenco.com\/agenda\/wp-json\/wp\/v2\/comments?post=55732"}],"wp:featuredmedia":[{"embeddable":true,"href":"https:\/\/expoflamenco.com\/agenda\/wp-json\/wp\/v2\/media\/78304"}],"wp:attachment":[{"href":"https:\/\/expoflamenco.com\/agenda\/wp-json\/wp\/v2\/media?parent=55732"}],"wp:term":[{"taxonomy":"post_tag","embeddable":true,"href":"https:\/\/expoflamenco.com\/agenda\/wp-json\/wp\/v2\/tags?post=55732"},{"taxonomy":"mec_category","embeddable":true,"href":"https:\/\/expoflamenco.com\/agenda\/wp-json\/wp\/v2\/mec_category?post=55732"},{"taxonomy":"mec_sponsor","embeddable":true,"href":"https:\/\/expoflamenco.com\/agenda\/wp-json\/wp\/v2\/mec_sponsor?post=55732"}],"curies":[{"name":"wp","href":"https:\/\/api.w.org\/{rel}","templated":true}]}}

<hr />
<h3 style="text-align: center">Todos los días &#8211; Varios Horarios</h3>
<hr />
<h3 style="text-align: left">PROGRAMACIÓN MARZO</h3>
<hr />
<p style="text-align: left"><strong>Día 1 de marzo</strong><br />
Benjamín Leiva y Raquel Guillén<br />
“Aire y fuego”</p>
<p style="text-align: left">Un viaje esencial por el flamenco, donde cante, guitarra y baile dialogan entre impulso y raíz, emoción y libertad.<br />
Guitarra: Juan José Ramos<br />
Cante: Diego Amador<br />
Horario:<br />
De lunes a domingo 19:00 horas y 21:30 horas</p>
<p style="text-align: left"><strong>Del 2 al 8 de marzo</strong></p>
<p style="text-align: left">Patricia Donn y Diego Andújar con actuación especial de José Jurado (días 6,7 y 8)<br />
“Un solo Compás”</p>
<p style="text-align: left">Dos sensibilidades, una raíz compartida.<br />
El tablao vibra con la fuerza del cante, el pulso de la guitarra y la expresión del baile. El flamenco se revela como lenguaje universal del alma.<br />
Guitarra: Juan José Ramos<br />
Cante: Diego Amador<br />
Horario:<br />
De lunes a domingo 19:00 horas y 21:30 horas</p>
<p style="text-align: left"><strong>Del 9 al 15 de marzo</strong><br />
Lucía Ramírez y Raffaele Dinoia<br />
“Instinto”</p>
<p style="text-align: left">Dos energías que se reconocen sobre el tablao.<br />
El cante vibra, la guitarra sostiene y el baile responde con fuerza y matiz. Un encuentro donde el flamenco nace del impulso más auténtico.<br />
Guitarra: Juan José Ramos o Luis Miguel Manzano<br />
Cante: Eva Durán<br />
Horario:<br />
De viernes a domingo 19:00 horas y 21:30 horas</p>
<p style="text-align: left"><strong>Del 16 al 22 de marzo</strong></p>
<p style="text-align: left">Paco Hidalgo y Ana Almagro o Magdalena Mannion<br />
“Territorio de compás”</p>
<p style="text-align: left">Un espacio donde el arte sucede sin artificios.<br />
Cante, toque y baile dialogan desde la raíz, construyendo una experiencia vibrante, llena de matices y fuerza expresiva.<br />
Guitarra: Juan José Ramos<br />
Cante: Raúl Jiménez<br />
Horario:<br />
De lunes a domingo 19:00 horas y 21:30 horas</p>
<p style="text-align: left"><strong>Del 23 al 29 de marzo</strong><br />
Anais Ribas y Gabriel Aragu<br />
“Latido jondo”</p>
<p style="text-align: left">Donde el flamenco arde sin filtros. Voz, guitarra y cuerpo se encuentran en un pulso crudo y visceral.<br />
Guitarra: Juan José Ramos<br />
Cante: Raúl Jiménez<br />
Horario:<br />
De lunes a domingo 19:00 horas y 21:30 horas</p>
<p style="text-align: left"><strong>Del 30 de marzo al 5 de abril</strong></p>
<p style="text-align: left">Estefanía Narváez y Benjamín Leiva<br />
“Pulso de Tierra”</p>
<p style="text-align: left">Cante, toque y baile se entrelazan desde lo esencial, creando una experiencia intensa, directa y viva.<br />
Guitarra: Juan José Ramos<br />
Cante: Raúl Jiménez<br />
Horario:<br />
De lunes a domingo 19:00 horas y 21:30 horas</p>
<hr />
<hr />
<blockquote><p><em>¿Quieres que t<strong>u evento aparezca en nuestra agenda? Es totalmente gratuito</strong>: envianos la información lo mas completa posible y subiremos conforme relevancia y nuestra disponibilidad, tendrán prioridad los eventos con programación mensual o ciclos.</em><br />
<em>Y si quieres <strong>anunciarte con nosotros,</strong> tenemos muchas opciones, envianos un mensaje y buscamos lo mejor para ti. <strong>agenda@expoflamenco.com.</strong></em></p></blockquote>

<p>En Las Tablas ofrecemos un flamenco variado y de calidad, en el que siempre tienen cabida nuevas propuestas de jóvenes valores, así como de artistas consagrados.</p>
