{"id":55732,"date":"2026-07-30T12:19:18","date_gmt":"2026-07-30T10:19:18","guid":{"rendered":"https:\/\/expoflamenco.online\/agenda\/?post_type=mec-events&#038;p=55732"},"modified":"2026-07-30T12:34:15","modified_gmt":"2026-07-30T10:34:15","slug":"tablao-flamenco-las-tablas-madrid","status":"publish","type":"mec-events","link":"https:\/\/expoflamenco.com\/agenda\/eventos\/tablao-flamenco-las-tablas-madrid\/","title":{"rendered":"Tablao Flamenco Las Tablas"},"content":{"rendered":"<hr \/>\n<h3 style=\"text-align: center\">Todos los d\u00edas &#8211; Varios Horarios<\/h3>\n<hr \/>\n<h4 style=\"text-align: left\"><strong>PROGRAMACI\u00d3N AGOSTO<\/strong><\/h4>\n<p style=\"text-align: left\"><strong>Del 1 al 2 de agosto<\/strong><br \/>\n<strong>Clara Guti\u00e9rrez y Felipe Clivio<\/strong><br \/>\n\u201cFrecuencia sur\u201d<br \/>\nSonidos, cuerpos y emociones conectados en una misma vibraci\u00f3n. Una mirada contempor\u00e1nea al flamenco desde la libertad, el di\u00e1logo y el duende.<br \/>\nGuitarra: Juan Jos\u00e9 Ramos<br \/>\nCante: Jacob Quir\u00f3s<br \/>\nHorario:<br \/>\nDe domingo a mi\u00e9rcoles 19:00 horas<br \/>\nDe jueves a s\u00e1bado 19:00 y 21:30 horas<\/p>\n<p style=\"text-align: left\"><strong>Del 3 al 9 de agosto<\/strong><br \/>\n<strong>Rafael Peral y Marisa Adame<\/strong><br \/>\n\u201cAliento flamenco\u201d<br \/>\nUn viaje libre por los paisajes sonoros del flamenco, donde la fuerza del fuego y la ligereza del viento se funden en un mismo comp\u00e1s. Cante, guitarra y baile se elevan en una danza de pasi\u00f3n y libertad.<br \/>\nGuitarra: Juan Jos\u00e9 Ramos<br \/>\nCante: Antonio El Pola<br \/>\nHorario:<br \/>\nDe domingo a mi\u00e9rcoles 19:00 horas.<br \/>\nDe jueves a s\u00e1bado 19:00 y 21:30 horas.<\/p>\n<p style=\"text-align: left\"><strong>\u00a0Del 10 al 16 de agosto<\/strong><br \/>\n<strong>Carlos Rivero y Marta Mel\u00e9ndez<\/strong><br \/>\n\u201cEcos flamencos\u201d<br \/>\nA trav\u00e9s de la danza, la m\u00fasica y el cante, te llevaremos en un viaje emocional. Una experiencia inolvidable que te har\u00e1 sentir el alma del flamenco en cada latido.<br \/>\nGuitarra: Claudio Villanueva<br \/>\nCante: Jacob Quir\u00f3s<br \/>\nHorario:<br \/>\nDe domingo a mi\u00e9rcoles 19:00 horas<br \/>\nDe jueves a s\u00e1bado 19:00 y 21:30 horas.<\/p>\n<p style=\"text-align: left\"><strong>Del 17 al 23 de agosto<\/strong><br \/>\n<strong>Jos\u00e9 Antonio Fern\u00e1ndez \u201cEl Tachu\u201d y Fuensanta Blanco<\/strong><br \/>\n\u201cPulso\u201d<br \/>\nEl flamenco como latido compartido. Un encuentro entre tradici\u00f3n y presente donde el comp\u00e1s marca el ritmo de una experiencia viva, intensa y cercana.<br \/>\nGuitarra: Juan Jos\u00e9 Ramos<br \/>\nCante: Jes\u00fas Hern\u00e1ndez \u201cEl Ricky\u201d<br \/>\nHorario:<br \/>\nDe domingo a mi\u00e9rcoles 19:00 horas.<br \/>\nDe jueves a s\u00e1bado 19:00 y 21:30 horas.<\/p>\n<p style=\"text-align: left\"><strong>\u00a0Del 24 al 30 de agosto<\/strong><br \/>\n<strong>\u00c1ngeles Gabald\u00f3n y artista invitado<\/strong><br \/>\n\u201cSonidos del flamenco\u201d<br \/>\n\u00abSonidos del Flamenco\u00bb es un espect\u00e1culo vibrante que celebra la esencia del flamenco a trav\u00e9s de m\u00fasica, baile y pasi\u00f3n. Con actuaciones que transportan al p\u00fablico a las ra\u00edces de esta tradici\u00f3n art\u00edstica. \u00a1Una experiencia inolvidable!<br \/>\nGuitarra: Juan Jos\u00e9 Ramos<br \/>\nCante: Antonio de Manuela<br \/>\nHorario:<br \/>\nDe domingo a mi\u00e9rcoles 19:00 horas.<br \/>\nDe jueves a s\u00e1bado 19:00 y 21:30 horas.<\/p>\n<p style=\"text-align: left\"><strong>Del 31 de agosto al 6 de septiembre<\/strong><br \/>\n<strong>Raquel Guill\u00e9n y Jes\u00fas Hinojosa \/ Christian Martin<\/strong><br \/>\n\u201cEncuentro flamenco\u201d<br \/>\nUn vuelo libre por los paisajes sonoros del flamenco.<br \/>\nUnidos con el cante, la guitarra y el verso en una ruta de ritmos y flamenco.<br \/>\nGuitarra: Juan Jos\u00e9 Ramos o Claudio Villanueva<br \/>\nCante: Ra\u00fal Jim\u00e9nez<br \/>\nHorario:<br \/>\nDe domingo a mi\u00e9rcoles 19:00 horas.<br \/>\nDe jueves a s\u00e1bado 19:00 y 21:30 horas.<\/p>\n<hr \/>\n<hr \/>\n<blockquote>\n<p style=\"text-align: left\"><em>\u00bfQuieres que t<strong>u evento aparezca en nuestra agenda? Es totalmente gratuito<\/strong>: envianos la informaci\u00f3n lo mas completa posible y subiremos conforme relevancia y nuestra disponibilidad, tendr\u00e1n prioridad los eventos con programaci\u00f3n mensual o ciclos.<\/em><br \/>\n<em>Y si quieres <strong>anunciarte con nosotros,<\/strong> tenemos muchas opciones, envianos un mensaje y buscamos lo mejor para ti. <strong>agenda@expoflamenco.com.<\/strong><\/em><\/p>\n<\/blockquote>\n","protected":false},"excerpt":{"rendered":"<p>En Las Tablas ofrecemos un flamenco variado y de calidad, en el que siempre tienen cabida nuevas propuestas de j\u00f3venes valores, as\u00ed como de artistas consagrados.<\/p>\n","protected":false},"author":56,"featured_media":83415,"comment_status":"open","ping_status":"closed","template":"","tags":[1563,141,1398,680],"mec_category":[477,679],"mec_sponsor":[],"class_list":["post-55732","mec-events","type-mec-events","status-publish","has-post-thumbnail","hentry","tag-las-tablas","tag-madrid","tag-tablao","tag-tablao-flamenco-las-tablas","mec_category-baile","mec_category-tablao","pmpro-has-access"],"acf":[],"_links":{"self":[{"href":"https:\/\/expoflamenco.com\/agenda\/wp-json\/wp\/v2\/mec-events\/55732","targetHints":{"allow":["GET"]}}],"collection":[{"href":"https:\/\/expoflamenco.com\/agenda\/wp-json\/wp\/v2\/mec-events"}],"about":[{"href":"https:\/\/expoflamenco.com\/agenda\/wp-json\/wp\/v2\/types\/mec-events"}],"author":[{"embeddable":true,"href":"https:\/\/expoflamenco.com\/agenda\/wp-json\/wp\/v2\/users\/56"}],"replies":[{"embeddable":true,"href":"https:\/\/expoflamenco.com\/agenda\/wp-json\/wp\/v2\/comments?post=55732"}],"wp:featuredmedia":[{"embeddable":true,"href":"https:\/\/expoflamenco.com\/agenda\/wp-json\/wp\/v2\/media\/83415"}],"wp:attachment":[{"href":"https:\/\/expoflamenco.com\/agenda\/wp-json\/wp\/v2\/media?parent=55732"}],"wp:term":[{"taxonomy":"post_tag","embeddable":true,"href":"https:\/\/expoflamenco.com\/agenda\/wp-json\/wp\/v2\/tags?post=55732"},{"taxonomy":"mec_category","embeddable":true,"href":"https:\/\/expoflamenco.com\/agenda\/wp-json\/wp\/v2\/mec_category?post=55732"},{"taxonomy":"mec_sponsor","embeddable":true,"href":"https:\/\/expoflamenco.com\/agenda\/wp-json\/wp\/v2\/mec_sponsor?post=55732"}],"curies":[{"name":"wp","href":"https:\/\/api.w.org\/{rel}","templated":true}]}}

<hr />
<h3 style="text-align: center">Todos los días &#8211; Varios Horarios</h3>
<hr />
<h4 style="text-align: left"><strong>PROGRAMACIÓN AGOSTO</strong></h4>
<p style="text-align: left"><strong>Del 1 al 2 de agosto</strong><br />
<strong>Clara Gutiérrez y Felipe Clivio</strong><br />
“Frecuencia sur”<br />
Sonidos, cuerpos y emociones conectados en una misma vibración. Una mirada contemporánea al flamenco desde la libertad, el diálogo y el duende.<br />
Guitarra: Juan José Ramos<br />
Cante: Jacob Quirós<br />
Horario:<br />
De domingo a miércoles 19:00 horas<br />
De jueves a sábado 19:00 y 21:30 horas</p>
<p style="text-align: left"><strong>Del 3 al 9 de agosto</strong><br />
<strong>Rafael Peral y Marisa Adame</strong><br />
“Aliento flamenco”<br />
Un viaje libre por los paisajes sonoros del flamenco, donde la fuerza del fuego y la ligereza del viento se funden en un mismo compás. Cante, guitarra y baile se elevan en una danza de pasión y libertad.<br />
Guitarra: Juan José Ramos<br />
Cante: Antonio El Pola<br />
Horario:<br />
De domingo a miércoles 19:00 horas.<br />
De jueves a sábado 19:00 y 21:30 horas.</p>
<p style="text-align: left"><strong> Del 10 al 16 de agosto</strong><br />
<strong>Carlos Rivero y Marta Meléndez</strong><br />
“Ecos flamencos”<br />
A través de la danza, la música y el cante, te llevaremos en un viaje emocional. Una experiencia inolvidable que te hará sentir el alma del flamenco en cada latido.<br />
Guitarra: Claudio Villanueva<br />
Cante: Jacob Quirós<br />
Horario:<br />
De domingo a miércoles 19:00 horas<br />
De jueves a sábado 19:00 y 21:30 horas.</p>
<p style="text-align: left"><strong>Del 17 al 23 de agosto</strong><br />
<strong>José Antonio Fernández “El Tachu” y Fuensanta Blanco</strong><br />
“Pulso”<br />
El flamenco como latido compartido. Un encuentro entre tradición y presente donde el compás marca el ritmo de una experiencia viva, intensa y cercana.<br />
Guitarra: Juan José Ramos<br />
Cante: Jesús Hernández “El Ricky”<br />
Horario:<br />
De domingo a miércoles 19:00 horas.<br />
De jueves a sábado 19:00 y 21:30 horas.</p>
<p style="text-align: left"><strong> Del 24 al 30 de agosto</strong><br />
<strong>Ángeles Gabaldón y artista invitado</strong><br />
“Sonidos del flamenco”<br />
«Sonidos del Flamenco» es un espectáculo vibrante que celebra la esencia del flamenco a través de música, baile y pasión. Con actuaciones que transportan al público a las raíces de esta tradición artística. ¡Una experiencia inolvidable!<br />
Guitarra: Juan José Ramos<br />
Cante: Antonio de Manuela<br />
Horario:<br />
De domingo a miércoles 19:00 horas.<br />
De jueves a sábado 19:00 y 21:30 horas.</p>
<p style="text-align: left"><strong>Del 31 de agosto al 6 de septiembre</strong><br />
<strong>Raquel Guillén y Jesús Hinojosa / Christian Martin</strong><br />
“Encuentro flamenco”<br />
Un vuelo libre por los paisajes sonoros del flamenco.<br />
Unidos con el cante, la guitarra y el verso en una ruta de ritmos y flamenco.<br />
Guitarra: Juan José Ramos o Claudio Villanueva<br />
Cante: Raúl Jiménez<br />
Horario:<br />
De domingo a miércoles 19:00 horas.<br />
De jueves a sábado 19:00 y 21:30 horas.</p>
<hr />
<hr />
<blockquote>
<p style="text-align: left"><em>¿Quieres que t<strong>u evento aparezca en nuestra agenda? Es totalmente gratuito</strong>: envianos la información lo mas completa posible y subiremos conforme relevancia y nuestra disponibilidad, tendrán prioridad los eventos con programación mensual o ciclos.</em><br />
<em>Y si quieres <strong>anunciarte con nosotros,</strong> tenemos muchas opciones, envianos un mensaje y buscamos lo mejor para ti. <strong>agenda@expoflamenco.com.</strong></em></p>
</blockquote>

<p>En Las Tablas ofrecemos un flamenco variado y de calidad, en el que siempre tienen cabida nuevas propuestas de jóvenes valores, así como de artistas consagrados.</p>
